000
CXUS56 KPQR 031436
CF6EUG
PRELIMINARY LOCAL CLIMATOLOGICAL DATA (WS FORM: F-6)
STATION: EUGENE OR
MONTH: APRIL
YEAR: 2021
LATITUDE: 44 7 N
LONGITUDE: 123 13 W
TEMPERATURE IN F: :PCPN: SNOW: WIND :SUNSHINE: SKY :PK WND
================================================================================
1 2 3 4 5 6A 6B 7 8 9 10 11 12 13 14 15 16 17 18
12Z AVG MX 2MIN
DY MAX MIN AVG DEP HDD CDD WTR SNW DPTH SPD SPD DIR MIN PSBL S-S WX SPD DR
================================================================================
1 73 37 55 7 10 0 0.00 0.0 0 8.5 21 260 M M 3 8 25 260
2 62 36 49 1 16 0 0.00 0.0 0 4.3 10 30 M M 5 14 20
3 65 37 51 2 14 0 0.00 0.0 0 3.6 13 360 M M 5 1 17 100
4 61 34 48 -1 17 0 0.00 0.0 0 7.3 16 10 M M 5 19 360
5 58 28 43 -6 22 0 0.00 0.0 0 5.9 16 10 M M 1 20 10
6 65 30 48 -1 17 0 0.00 0.0 0 4.8 13 20 M M 0 1 16 30
7 54 41 48 -1 17 0 T 0.0 0 9.0 17 250 M M 8 21 260
8 59 36 48 -1 17 0 0.02 0.0 0 5.8 14 190 M M 7 16 180
9 63 30 47 -2 18 0 0.00 0.0 0 4.5 17 250 M M 2 1 21 250
10 53 33 43 -6 22 0 0.02 0.0 0 9.3 17 300 M M 8 21 290
11 59 30 45 -4 20 0 0.00 0.0 0 12.8 22 360 M M 1 28 10
12 67 33 50 0 15 0 0.00 0.0 0 12.3 25 360 M M 1 31 360
13 66 37 52 2 13 0 0.00 0.0 0 17.2 30 10 M M 1 36 10
14 68 35 52 2 13 0 0.00 0.0 0 10.7 24 360 M M 0 28 360
15 74 33 54 4 11 0 0.00 0.0 0 6.2 16 10 M M 1 21 360
16 80 36 58 8 7 0 0.00 0.0 0 8.3 24 20 M M 0 28 20
17 83 37 60 10 5 0 0.00 0.0 0 5.3 15 30 M M 0 18 20
18 82 43 63 13 2 0 0.00 0.0 0 4.7 14 30 M M 1 16 30
19 75 41 58 8 7 0 0.00 0.0 0 4.8 12 40 M M 6 15 30
20 74 47 61 10 4 0 0.00 0.0 0 10.1 23 360 M M 3 29 360
21 77 37 57 6 8 0 0.00 0.0 0 6.7 18 360 M M 1 23 20
22 70 41 56 5 9 0 0.00 0.0 0 8.1 16 290 M M 3 8 22 280
23 64 35 50 -1 15 0 0.01 0.0 0 5.8 14 250 M M 7 1 17 260
24 57 43 50 -1 15 0 0.19 0.0 0 8.8 25 220 M M 9 1 30 220
25 58 42 50 -2 15 0 0.09 0.0 0 6.9 25 190 M M 9 1 30 190
26 61 40 51 -1 14 0 0.01 0.0 0 6.0 14 270 M M 7 18 260
27 69 35 52 0 13 0 0.00 0.0 0 3.2 9 60 M M 5 12 12 360
28 77 37 57 5 8 0 0.00 0.0 0 3.8 10 360 M M 5 1 14 40
29 80 45 63 11 2 0 0.00 0.0 0 5.9 17 270 M M 6 21 270
30 75 44 60 8 5 0 0.01 0.0 0 5.8 15 360 M M 7 1 18 360
================================================================================
SM 2029 1113 371 0 0.35 0.0 216.4 M 117
================================================================================
AV 67.6 37.1 7.2 FASTST M M 4 MAX(MPH)
MISC ----> 30 10 36 10
================================================================================
NOTES:
# LAST OF SEVERAL OCCURRENCES
COLUMN 17 PEAK WIND IN M.P.H.
PRELIMINARY LOCAL CLIMATOLOGICAL DATA (WS FORM: F-6) , PAGE 2
STATION: EUGENE OR
MONTH: APRIL
YEAR: 2021
LATITUDE: 44 7 N
LONGITUDE: 123 13 W
[TEMPERATURE DATA] [PRECIPITATION DATA] SYMBOLS USED IN COLUMN 16
AVERAGE MONTHLY: 52.4 TOTAL FOR MONTH: 0.35 1 = FOG OR MIST
DPTR FM NORMAL: 2.2 DPTR FM NORMAL: -2.98 2 = FOG REDUCING VISIBILITY
HIGHEST: 83 ON 17 GRTST 24HR 0.20 ON 23-24 TO 1/4 MILE OR LESS
LOWEST: 28 ON 5 3 = THUNDER
SNOW, ICE PELLETS, HAIL 4 = ICE PELLETS
TOTAL MONTH: 0.0 INCH 5 = HAIL
GRTST 24HR 0.0 6 = FREEZING RAIN OR DRIZZLE
GRTST DEPTH: 0 7 = DUSTSTORM OR SANDSTORM:
VSBY 1/2 MILE OR LESS
8 = SMOKE OR HAZE
[NO. OF DAYS WITH] [WEATHER - DAYS WITH] 9 = BLOWING SNOW
X = TORNADO
MAX 32 OR BELOW: 0 0.01 INCH OR MORE: 7
MAX 90 OR ABOVE: 0 0.10 INCH OR MORE: 1
MIN 32 OR BELOW: 4 0.50 INCH OR MORE: 0
MIN 0 OR BELOW: 0 1.00 INCH OR MORE: 0
[HDD (BASE 65) ]
TOTAL THIS MO. 371 CLEAR (SCALE 0-3) 14
DPTR FM NORMAL -75 PTCLDY (SCALE 4-7) 12
TOTAL FM JUL 1 3861 CLOUDY (SCALE 8-10) 4
DPTR FM NORMAL -481
[CDD (BASE 65) ]
TOTAL THIS MO. 0
DPTR FM NORMAL 0 [PRESSURE DATA]
TOTAL FM JAN 1 0 HIGHEST SLP 30.36 ON 8
DPTR FM NORMAL 0 LOWEST SLP 29.75 ON 25
[REMARKS]
#FINAL-04-21#