000
CXUS53 KPAH 010830
CF6EVV
PRELIMINARY LOCAL CLIMATOLOGICAL DATA (WS FORM: F-6)
STATION: EVANSVILLE IN
MONTH: DECEMBER
YEAR: 2023
LATITUDE: 38 2 N
LONGITUDE: 87 32 W
TEMPERATURE IN F: :PCPN: SNOW: WIND :SUNSHINE: SKY :PK WND
================================================================================
1 2 3 4 5 6A 6B 7 8 9 10 11 12 13 14 15 16 17 18
12Z AVG MX 2MIN
DY MAX MIN AVG DEP HDD CDD WTR SNW DPTH SPD SPD DIR MIN PSBL S-S WX SPD DR
================================================================================
1 54 43 49 8 16 0 0.40 0.0 0 7.4 23 200 M M 10 1 32 190
2 51 39 45 4 20 0 0.00 0.0 0 4.2 9 90 M M 9 1 15 310
3 55 32 44 4 21 0 0.00 0.0 0 8.3 24 250 M M 5 1 34 250
4 52 31 42 2 23 0 0.19 0.0 0 5.7 16 60 M M 6 1 23 40
5 53 34 44 4 21 0 0.04 T 0 8.5 16 320 M M 7 15 27 300
6 43 32 38 -2 27 0 T 0.0 0 6.8 13 340 M M 6 21 330
7 59 33 46 7 19 0 0.00 0.0 0 11.6 21 220 M M 0 28 220
8 59 46 53 14 12 0 T 0.0 0 10.4 20 210 M M 7 26 190
9 65 42 54 15 11 0 0.30 0.0 0 8.0 17 190 M M 8 1 25 290
10 43 27 35 -4 30 0 0.00 0.0 0 5.5 10 330 M M 7 19 290
11 43 20 32 -6 33 0 0.00 0.0 0 2.9 9 210 M M 1 13 210
12 55 30 43 5 22 0 0.00 0.0 0 4.2 10 240 M M 0 13 240
13 53 30 42 4 23 0 0.00 0.0 0 4.6 8 30 M M 0 12 20
14 58 26 42 4 23 0 0.00 0.0 0 2.5 8 130 M M 0 8 12 100
15 60 29 45 7 20 0 0.00 0.0 0 3.3 10 130 M M 0 15 150
16 M M M M M M 0.34 0.0 0 5.4 12 170 M M 7 8 18 130
17 M M M M M M 0.03 0.0 0 6.9 14 320 M M 10 22 320
18 M 27 M M M M T T 0 11.4 23 300 M M 9 36 310
19 39 19 29 -8 36 0 0.00 0.0 0 3.5 10 150 M M 0 15 330
20 53 28 41 4 24 0 0.00 0.0 0 4.1 15 210 M M 0 21 180
21 53 31 42 6 23 0 0.00 0.0 0 2.5 10 220 M M 0 13 210
22 56 35 46 10 19 0 0.00 0.0 0 3.5 12 170 M M 6 16 190
23 58 47 53 17 12 0 0.03 0.0 0 4.1 12 200 M M 10 16 210
24 65 50 58 22 7 0 0.00 0.0 0 4.3 13 130 M M 5 1 18 140
25 59 51 55 19 10 0 0.47 0.0 0 9.9 21 130 M M 8 1 35 100
26 51 34 43 7 22 0 0.00 0.0 0 6.8 16 230 M M 5 20 230
27 51 27 39 4 26 0 0.04 0.0 0 4.3 15 260 M M 6 1 19 270
28 39 30 35 0 30 0 0.07 0.0 0 7.9 15 260 M M 10 1 20 260
29 38 34 36 1 29 0 0.06 T 0 8.2 13 270 M M 10 1 20 270
30 46 36 41 6 24 0 0.00 0.0 0 9.1 16 220 M M 6 1 22 260
31 41 35 38 3 27 0 0.00 0.0 0 8.4 17 320 M M 8 27 290
================================================================================
SM 1452 978 610 0 1.97 T 194.2 M 166
================================================================================
AV 51.9 33.7 6.3 FASTST M M 5 MAX(MPH)
MISC ----> 24 250 36 310
================================================================================
NOTES:
# LAST OF SEVERAL OCCURRENCES
COLUMN 17 PEAK WIND IN M.P.H.
PRELIMINARY LOCAL CLIMATOLOGICAL DATA (WS FORM: F-6) , PAGE 2
STATION: EVANSVILLE IN
MONTH: DECEMBER
YEAR: 2023
LATITUDE: 38 2 N
LONGITUDE: 87 32 W
[TEMPERATURE DATA] [PRECIPITATION DATA] SYMBOLS USED IN COLUMN 16
AVERAGE MONTHLY: 42.8 TOTAL FOR MONTH: 1.97 1 = FOG OR MIST
DPTR FM NORMAL: 5.3 DPTR FM NORMAL: -1.81 2 = FOG REDUCING VISIBILITY
HIGHEST: 65 ON 24, 9 GRTST 24HR 0.47 ON 25-25 TO 1/4 MILE OR LESS
LOWEST: 19 ON 19 3 = THUNDER
SNOW, ICE PELLETS, HAIL 4 = ICE PELLETS
TOTAL MONTH: T 5 = HAIL
GRTST 24HR T ON 5- 5 6 = FREEZING RAIN OR DRIZZLE
GRTST DEPTH: 0 7 = DUSTSTORM OR SANDSTORM:
VSBY 1/2 MILE OR LESS
8 = SMOKE OR HAZE
[NO. OF DAYS WITH] [WEATHER - DAYS WITH] 9 = BLOWING SNOW
X = TORNADO
MAX 32 OR BELOW: 0 0.01 INCH OR MORE: 11
MAX 90 OR ABOVE: 0 0.10 INCH OR MORE: 5
MIN 32 OR BELOW: 15 0.50 INCH OR MORE: 0
MIN 0 OR BELOW: 0 1.00 INCH OR MORE: 0
[HDD (BASE 65) ]
TOTAL THIS MO. 610 CLEAR (SCALE 0-3) 9
DPTR FM NORMAL -241 PTCLDY (SCALE 4-7) 15
TOTAL FM JUL 1 1305 CLOUDY (SCALE 8-10) 7
DPTR FM NORMAL -379
[CDD (BASE 65) ]
TOTAL THIS MO. 0
DPTR FM NORMAL 0 [PRESSURE DATA]
TOTAL FM JAN 1 1543 HIGHEST SLP 30.77 ON 14
DPTR FM NORMAL 18 LOWEST SLP 29.76 ON 25
[REMARKS]
#FINAL-12-23#