000
CXUS51 KOKX 071454
CF6EWR
PRELIMINARY LOCAL CLIMATOLOGICAL DATA (WS FORM: F-6)
STATION: NEWARK NJ
MONTH: JULY
YEAR: 2020
LATITUDE: 40 42 N
LONGITUDE: 74 10 W
TEMPERATURE IN F: :PCPN: SNOW: WIND :SUNSHINE: SKY :PK WND
================================================================================
1 2 3 4 5 6A 6B 7 8 9 10 11 12 13 14 15 16 17 18
12Z AVG MX 2MIN
DY MAX MIN AVG DEP HDD CDD WTR SNW DPTH SPD SPD DIR MIN PSBL S-S WX SPD DR
================================================================================
1 80 67 74 -2 0 9 0.23 0.0 0 5.6 21 360 M M 7 138 24 360
2 95 67 81 5 0 16 0.00 0.0 0 7.2 22 320 M M 5 27 310
3 94 73 84 7 0 19 1.11 0.0 0 7.0 17 100 M M 8 13 26 300
4 87 70 79 2 0 14 T 0.0 0 6.6 12 180 M M 7 18 18 120
5 95 71 83 6 0 18 T 0.0 0 7.0 13 320 M M 7 18 330
6 94 70 82 5 0 17 0.58 0.0 0 6.2 38 200 M M 6 13 47 190
7 83 73 78 1 0 13 0.00 0.0 0 7.3 15 120 M M 8 20 110
8 86 72 79 2 0 14 1.15 0.0 0 5.7 17 280 M M 8 13 24 270
9 88 73 81 4 0 16 0.00 0.0 0 5.7 14 150 M M 6 18 20 150
10 79 73 76 -1 0 11 2.78 0.0 0 12.5 26 90 M M 9 13 38 100
11 87 71 79 2 0 14 0.89 0.0 0 9.6 33 250 M M 7 138 39 250
12 91 71 81 3 0 16 T 0.0 0 11.5 20 260 M M 4 28 250
13 89 71 80 2 0 15 0.05 0.0 0 8.8 18 280 M M 6 28 300
14 87 71 79 1 0 14 0.00 0.0 0 10.3 17 300 M M 3 24 300
15 82 69 76 -2 0 11 0.00 0.0 0 8.6 15 150 M M 6 20 140
16 78 70 74 -4 0 9 0.00 0.0 0 9.8 18 120 M M 8 25 150
17 87 70 79 1 0 14 0.07 0.0 0 5.9 12 240 M M 9 1 15 220
18 93 71 82 4 0 17 0.00 0.0 0 5.9 13 270 M M 5 19 310
19 96 74 85 7 0 20 0.00 0.0 0 10.3 18 210 M M 7 24 240
20 96 80 88 10 0 23 0.00 0.0 0 9.9 20 260 M M 7 29 260
21 91 77 84 6 0 19 T 0.0 0 6.6 14 160 M M 5 3 18 160
22 94 72 83 5 0 18 0.98 0.0 0 6.0 40 270 M M 7 13 53 270
23 91 73 82 4 0 17 T 0.0 0 9.8 21 240 M M 8 13 26 250
24 81 72 77 -1 0 12 2.14 0.0 0 6.0 23 240 M M 9 13 30 230
25 90 72 81 3 0 16 0.00 0.0 0 6.0 15 200 M M 5 19 200
26 94 75 85 7 0 20 0.00 0.0 0 11.1 24 270 M M 7 31 270
27 96 75 86 8 0 21 0.00 0.0 0 11.5 23 250 M M 6 28 250
28 95 80 88 11 0 23 0.14 0.0 0 10.8 25 280 M M 5 31 290
29 92 77 85 8 0 20 0.00 0.0 0 5.2 16 240 M M 5 18 250
30 94 74 84 7 0 19 T 0.0 0 7.7 17 230 M M 8 3 23 260
31 83 70 77 0 0 12 1.10 0.0 0 4.8 25 330 M M 8 13 34 230
================================================================================
SM 2768 2244 0 497 11.22 0.0 246.9 M 206
================================================================================
AV 89.3 72.4 8.0 FASTST M M 7 MAX(MPH)
MISC ----> # 40 270 # 53 270
================================================================================
NOTES:
# LAST OF SEVERAL OCCURRENCES
COLUMN 17 PEAK WIND IN M.P.H.
PRELIMINARY LOCAL CLIMATOLOGICAL DATA (WS FORM: F-6) , PAGE 2
STATION: NEWARK NJ
MONTH: JULY
YEAR: 2020
LATITUDE: 40 42 N
LONGITUDE: 74 10 W
[TEMPERATURE DATA] [PRECIPITATION DATA] SYMBOLS USED IN COLUMN 16
AVERAGE MONTHLY: 80.8 TOTAL FOR MONTH: 11.22 1 = FOG OR MIST
DPTR FM NORMAL: 3.4 DPTR FM NORMAL: 6.46 2 = FOG REDUCING VISIBILITY
HIGHEST: 96 ON 27,20 GRTST 24HR 2.78 ON 10-10 TO 1/4 MILE OR LESS
LOWEST: 67 ON 2, 1 3 = THUNDER
SNOW, ICE PELLETS, HAIL 4 = ICE PELLETS
TOTAL MONTH: 0.0 INCH 5 = HAIL
GRTST 24HR 0.0 6 = FREEZING RAIN OR DRIZZLE
GRTST DEPTH: 0 7 = DUSTSTORM OR SANDSTORM:
VSBY 1/2 MILE OR LESS
8 = SMOKE OR HAZE
[NO. OF DAYS WITH] [WEATHER - DAYS WITH] 9 = BLOWING SNOW
X = TORNADO
MAX 32 OR BELOW: 0 0.01 INCH OR MORE: 12
MAX 90 OR ABOVE: 17 0.10 INCH OR MORE: 10
MIN 32 OR BELOW: 0 0.50 INCH OR MORE: 8
MIN 0 OR BELOW: 0 1.00 INCH OR MORE: 5
[HDD (BASE 65) ]
TOTAL THIS MO. 0 CLEAR (SCALE 0-3) 1
DPTR FM NORMAL 0 PTCLDY (SCALE 4-7) 25
TOTAL FM JUL 1 0 CLOUDY (SCALE 8-10) 5
DPTR FM NORMAL 0
[CDD (BASE 65) ]
TOTAL THIS MO. 497
DPTR FM NORMAL 114 [PRESSURE DATA]
TOTAL FM JAN 1 839 HIGHEST SLP 30.31 ON 16
DPTR FM NORMAL 141 LOWEST SLP 29.73 ON 28
[REMARKS]
#FINAL-07-20#