181
CXAK56 PAFG 020200
CF6FAI
PRELIMINARY LOCAL CLIMATOLOGICAL DATA (WS FORM: F-6)
STATION: FAIRBANKS AK
MONTH: MAY
YEAR: 2020
LATITUDE: 64 49 N
LONGITUDE: 147 52 W
TEMPERATURE IN F: :PCPN: SNOW: WIND :SUNSHINE: SKY :PK WND
================================================================================
1 2 3 4 5 6A 6B 7 8 9 10 11 12 13 14 15 16 17 18
12Z AVG MX 2MIN
DY MAX MIN AVG DEP HDD CDD WTR SNW DPTH SPD SPD DIR MIN PSBL S-S WX SPD DR
================================================================================
1 52 27 40 -3 25 0 0.00 0.0 T 6.1 16 250 M M 4 21 280
2 52 30 41 -2 24 0 0.00 0.0 T 7.6 20 40 M M 1 24 30
3 52 33 43 -1 22 0 0.00 0.0 T 13.7 25 40 M M 3 29 40
4 62 36 49 5 16 0 T 0.0 T 6.9 16 110 M M 7 19 110
5 62 32 47 2 18 0 0.00 0.0 T 3.4 10 360 M M 4 14 220
6 64 32 48 3 17 0 0.00 0.0 T 4.6 13 20 M M 6 14 20
7 69 37 53 7 12 0 0.00 0.0 0 4.5 13 40 M M 6 15 70
8 68 47 58 12 7 0 0.00 0.0 0 7.4 15 80 M M 9 21 80
9 74 42 58 11 7 0 0.00 0.0 0 3.7 9 360 M M 8 17 100
10 82 43 63 16 2 0 0.00 0.0 0 6.4 16 90 M M 4 20 80
11 80 43 62 14 3 0 0.00 0.0 0 6.3 23 260 M M 4 29 260
12 60 49 55 7 10 0 0.01 0.0 0 5.8 20 250 M M 8 26 230
13 60 44 52 4 13 0 0.00 0.0 0 15.2 25 30 M M 5 30 30
14 60 37 49 0 16 0 0.00 0.0 0 11.6 21 40 M M 4 27 60
15 67 44 56 7 9 0 0.00 0.0 0 7.3 15 340 M M 5 18 350
16 58 35 47 -3 18 0 0.00 0.0 0 11.9 20 10 M M 5 26 20
17 56 33 45 -5 20 0 0.00 0.0 0 8.8 18 30 M M 1 21 40
18 63 35 49 -1 16 0 0.00 0.0 0 11.9 21 40 M M 3 27 30
19 66 43 55 4 10 0 0.00 0.0 0 11.0 17 30 M M 5 23 50
20 67 44 56 5 9 0 0.00 0.0 0 5.8 14 360 M M 6 16 360
21 70 41 56 4 9 0 0.00 0.0 0 4.3 13 260 M M 6 28 230
22 67 44 56 4 9 0 0.00 0.0 0 5.5 18 280 M M 8 23 270
23 73 40 57 5 8 0 0.00 0.0 0 3.9 12 60 M M 7 15 40
24 63 49 56 3 9 0 0.01 0.0 0 2.2 9 200 M M 9 15 210
25 57 49 53 0 12 0 0.08 0.0 0 6.3 15 260 M M 10 22 250
26 62 44 53 0 12 0 T 0.0 0 5.7 17 260 M M 8 21 260
27 65 38 52 -2 13 0 0.00 0.0 0 2.7 9 180 M M 7 14 240
28 73 43 58 4 7 0 T 0.0 0 5.9 20 60 M M 8 27 60
29 78 50 64 9 1 0 T 0.0 0 6.4 26 40 M M 7 33 30
30 79 55 67 12 0 2 T 0.0 0 8.9 23 40 M M 7 30 50
31 75 49 62 7 3 0 0.39 0.0 0 5.9 29 160 M M 8 3 38 170
================================================================================
SM 2036 1268 357 2 0.49 0.0 217.6 M 183
================================================================================
AV 65.7 40.9 7.0 FASTST M M 6 MAX(MPH)
MISC ----> # 29 160 # 38 170
================================================================================
NOTES:
# LAST OF SEVERAL OCCURRENCES
COLUMN 17 PEAK WIND IN M.P.H.
PRELIMINARY LOCAL CLIMATOLOGICAL DATA (WS FORM: F-6) , PAGE 2
STATION: FAIRBANKS AK
MONTH: MAY
YEAR: 2020
LATITUDE: 64 49 N
LONGITUDE: 147 52 W
[TEMPERATURE DATA] [PRECIPITATION DATA] SYMBOLS USED IN COLUMN 16
AVERAGE MONTHLY: 53.3 TOTAL FOR MONTH: 0.49 1 = FOG OR MIST
DPTR FM NORMAL: 3.9 DPTR FM NORMAL: -0.11 2 = FOG REDUCING VISIBILITY
HIGHEST: 82 ON 10 GRTST 24HR 0.39 ON 31-31 TO 1/4 MILE OR LESS
LOWEST: 27 ON 1 3 = THUNDER
SNOW, ICE PELLETS, HAIL 4 = ICE PELLETS
TOTAL MONTH: 0.0 INCH 5 = HAIL
GRTST 24HR 0.0 6 = FREEZING RAIN OR DRIZZLE
GRTST DEPTH: 0 7 = DUSTSTORM OR SANDSTORM:
VSBY 1/2 MILE OR LESS
8 = SMOKE OR HAZE
[NO. OF DAYS WITH] [WEATHER - DAYS WITH] 9 = BLOWING SNOW
X = TORNADO
MAX 32 OR BELOW: 0 0.01 INCH OR MORE: 4
MAX 90 OR ABOVE: 0 0.10 INCH OR MORE: 1
MIN 32 OR BELOW: 4 0.50 INCH OR MORE: 0
MIN 0 OR BELOW: 0 1.00 INCH OR MORE: 0
[HDD (BASE 65) ]
TOTAL THIS MO. 357 CLEAR (SCALE 0-3) 4
DPTR FM NORMAL -128 PTCLDY (SCALE 4-7) 24
TOTAL FM JUL 1 13393 CLOUDY (SCALE 8-10) 3
DPTR FM NORMAL -116
[CDD (BASE 65) ]
TOTAL THIS MO. 2
DPTR FM NORMAL 1 [PRESSURE DATA]
TOTAL FM JAN 1 2 HIGHEST SLP 30.30 ON 27
DPTR FM NORMAL 1 LOWEST SLP 29.36 ON 24
[REMARKS]
#FINAL-05-20#