000
CXUS54 KOUN 010810
CF6FDR
PRELIMINARY LOCAL CLIMATOLOGICAL DATA (WS FORM: F-6)
STATION: FREDERICK MUNICIPAL
MONTH: OCTOBER
YEAR: 2022
LATITUDE: 34 21 N
LONGITUDE: 98 59 W
TEMPERATURE IN F: :PCPN: SNOW: WIND :SUNSHINE: SKY :PK WND
================================================================================
1 2 3 4 5 6A 6B 7 8 9 10 11 12 13 14 15 16 17 18
12Z AVG MX 2MIN
DY MAX MIN AVG DEP HDD CDD WTR SNW DPTH SPD SPD DIR MIN PSBL S-S WX SPD DR
================================================================================
1 87 53 70 0 0 5 0.00 0.0 0 7.5 15 100 M M 0 17 100
2 86 50 68 -2 0 3 0.00 0.0 M 5.9 13 140 M M 0 16 140
3 86 50 68 -2 0 3 0.00 0.0 M 6.5 15 140 M M 0 8 20 140
4 88 51 70 1 0 5 0.00 0.0 M 8.2 16 130 M M 0 8 29 190
5 90 58 74 5 0 9 0.00 0.0 M 5.2 14 40 M M 0 29 140
6 89 67 78 9 0 13 0.00 M M 5.5 12 30 M M 5 8 14 60
7 76 58 67 -1 0 2 T M M 12.1 22 10 M M 9 26 10
8 58 50 54 -14 11 0 0.06 M M 8.5 17 40 M M 8 22 30
9 55 53 54 -13 11 0 T M M 3.5 10 210 M M 7 13 220
10 77 61 69 2 0 4 0.25 M M 6.7 18 230 M M M 1 23 220
11 83 60 72 5 0 7 0.00 M M 12.8 25 200 M M 1 1 32 180
12 86 58 72 6 0 7 0.00 M M 13.2 26 10 M M 0 32 20
13 78 49 64 -2 1 0 0.00 M M 7.6 23 10 M M 0 28 10
14 88 48 68 3 0 3 0.00 M M 10.6 24 230 M M 0 29 220
15 93 57 75 10 0 10 0.00 M M 9.5 21 170 M M 0 27 210
16 73 58 66 1 0 1 0.03 M M 12.9 23 30 M M 7 30 30
17 67 46 57 -7 8 0 M M M 10.9 24 50 M M 4 29 50
18 65 40 53 -11 12 0 0.00 M M 8.4 16 360 M M 0 20 20
19 76 37 57 -6 8 0 0.00 M M 8.0 16 200 M M 0 20 210
20 85 47 66 3 0 1 0.00 M M 9.4 20 350 M M 0 23 10
21 93 47 70 7 0 5 0.00 M M 12.3 32 200 M M 0 39 210
22 96 65 81 19 0 16 0.00 M M 20.0 36 240 M M 0 45 260
23 91 66 79 17 0 14 0.00 M M 21.9 32 170 M M 0 42 190
24 77 49 63 2 2 0 1.59 M M 15.9 39 350 M M 7 13 48 340
25 69 45 57 -4 8 0 0.03 M M 11.1 37 330 M M 2 48 340
26 72 45 59 -2 6 0 M M M 10.4 21 140 M M 0 8 27 130
27 75 46 61 1 4 0 0.43 M M 16.3 32 280 M M 2 13 55 270
28 55 52 54 -6 11 0 0.61 M M 12.7 29 90 M M 9 13 36 50
29 64 52 58 -1 7 0 0.00 M M 9.6 18 10 M M 8 21 350
30 72 49 61 2 4 0 0.00 M M 6.4 13 310 M M 0 8 19 320
31 76 47 62 3 3 0 0.00 M M 5.0 12 200 M M 0 14 190
================================================================================
SM 2426 1614 96 108 3.00 0.0 314.5 M 69
================================================================================
AV 78.3 52.1 10.1 FASTST M M 2 MAX(MPH)
MISC ----> 39 350 55 270
================================================================================
NOTES:
# LAST OF SEVERAL OCCURRENCES
COLUMN 17 PEAK WIND IN M.P.H.
PRELIMINARY LOCAL CLIMATOLOGICAL DATA (WS FORM: F-6) , PAGE 2
STATION: FREDERICK MUNICIPAL
MONTH: OCTOBER
YEAR: 2022
LATITUDE: 34 21 N
LONGITUDE: 98 59 W
[TEMPERATURE DATA] [PRECIPITATION DATA] SYMBOLS USED IN COLUMN 16
AVERAGE MONTHLY: 65.2 TOTAL FOR MONTH: 3.00 1 = FOG OR MIST
DPTR FM NORMAL: 0.6 DPTR FM NORMAL: M 2 = FOG REDUCING VISIBILITY
HIGHEST: 96 ON 22 GRTST 24HR 1.62 ON 24-25 TO 1/4 MILE OR LESS
LOWEST: 37 ON 19 3 = THUNDER
SNOW, ICE PELLETS, HAIL 4 = ICE PELLETS
TOTAL MONTH: 0.0 INCH 5 = HAIL
GRTST 24HR 0.0 6 = FREEZING RAIN OR DRIZZLE
GRTST DEPTH: 0 7 = DUSTSTORM OR SANDSTORM:
VSBY 1/2 MILE OR LESS
8 = SMOKE OR HAZE
[NO. OF DAYS WITH] [WEATHER - DAYS WITH] 9 = BLOWING SNOW
X = TORNADO
MAX 32 OR BELOW: 0 0.01 INCH OR MORE: 7
MAX 90 OR ABOVE: 5 0.10 INCH OR MORE: 4
MIN 32 OR BELOW: 0 0.50 INCH OR MORE: 2
MIN 0 OR BELOW: 0 1.00 INCH OR MORE: 1
[HDD (BASE 65) ]
TOTAL THIS MO. 96 CLEAR (SCALE 0-3) 21
DPTR FM NORMAL -19 PTCLDY (SCALE 4-7) 5
TOTAL FM JUL 1 96 CLOUDY (SCALE 8-10) 5
DPTR FM NORMAL -27
[CDD (BASE 65) ]
TOTAL THIS MO. 108
DPTR FM NORMAL 6 [PRESSURE DATA]
TOTAL FM JAN 1 3001 HIGHEST SLP M ON M
DPTR FM NORMAL 514 LOWEST SLP 29.48 ON 22
[REMARKS]
#FINAL-10-22#