000
CXUS54 KOUN 010910
CF6FDR
PRELIMINARY LOCAL CLIMATOLOGICAL DATA (WS FORM: F-6)
STATION: FREDERICK MUNICIPAL
MONTH: NOVEMBER
YEAR: 2021
LATITUDE: 34 21 N
LONGITUDE: 98 59 W
TEMPERATURE IN F: :PCPN: SNOW: WIND :SUNSHINE: SKY :PK WND
================================================================================
1 2 3 4 5 6A 6B 7 8 9 10 11 12 13 14 15 16 17 18
12Z AVG MX 2MIN
DY MAX MIN AVG DEP HDD CDD WTR SNW DPTH SPD SPD DIR MIN PSBL S-S WX SPD DR
================================================================================
1 71 46 59 1 6 0 0.00 0.0 M 9.3 21 40 M M 1 26 40
2 51 46 49 -9 16 0 0.09 0.0 M 11.2 21 30 M M 10 1 24 30
3 49 45 47 -10 18 0 0.00 0.0 M 8.0 14 30 M M 10 1 17 30
4 57 41 49 -8 16 0 0.00 0.0 M 4.7 12 150 M M 10 1 16 150
5 63 37 50 -7 15 0 0.00 0.0 M 9.4 17 170 M M M 2 23 170
6 72 38 55 -1 10 0 0.00 0.0 M 8.5 16 160 M M M 1 23 150
7 82 42 62 6 3 0 0.00 0.0 M 11.5 25 200 M M M 1 32 200
8 78 48 63 8 2 0 0.00 0.0 M 11.5 22 170 M M M 26 190
9 75 55 65 10 0 0 T 0.0 M 4.5 12 170 M M 0 8 13 170
10 77 54 66 11 0 1 0.00 0.0 M 12.8 24 190 M M 3 30 170
11 68 46 57 3 8 0 0.00 0.0 M 7.4 15 180 M M 0 18 190
12 65 41 53 -1 12 0 0.00 0.0 M 12.2 28 360 M M 0 33 360
13 72 33 53 0 12 0 0.00 0.0 M 8.6 22 200 M M 0 8 28 200
14 67 40 54 1 11 0 0.00 0.0 M 7.8 25 50 M M 0 8 34 50
15 81 39 60 8 5 0 0.00 0.0 M 6.3 14 200 M M 0 16 190
16 88 48 68 16 0 3 0.00 0.0 M 14.2 28 200 M M 0 36 180
17 67 44 56 4 9 0 0.00 0.0 M 17.3 36 10 M M 0 43 10
18 59 36 48 -3 17 0 0.00 0.0 M 9.2 16 60 M M 0 19 60
19 65 32 49 -2 16 0 0.00 0.0 M 12.7 24 170 M M 0 30 170
20 78 39 59 9 6 0 0.00 0.0 M 9.4 20 210 M M 0 25 200
21 65 42 54 4 11 0 0.00 0.0 0 15.4 25 360 M M 0 32 10
22 69 32 51 1 14 0 0.00 0.0 M 8.2 18 230 M M 0 23 220
23 76 37 57 8 8 0 0.00 0.0 M 12.7 24 200 M M 0 31 200
24 71 50 61 12 4 0 0.00 0.0 M 14.1 30 360 M M 1 38 360
25 54 30 42 -7 23 0 0.00 0.0 M 15.7 33 360 M M 0 44 360
26 67 26 47 -1 18 0 0.00 0.0 M 9.0 20 200 M M 0 26 200
27 64 43 54 6 11 0 0.00 0.0 M 7.1 16 220 M M 0 19 220
28 66 40 53 5 12 0 0.00 0.0 M 7.3 16 360 M M 0 21 360
29 77 38 58 11 7 0 0.00 M M 7.5 12 150 M M 0 8 14 180
30 79 41 60 13 5 0 0.00 M M 8.1 13 150 M M 0 16 220
================================================================================
SM 2073 1229 295 4 0.09 0.0 301.6 M 35
================================================================================
AV 69.1 41.0 10.1 FASTST M M 1 MAX(MPH)
MISC ----> 36 10 44 360
================================================================================
NOTES:
# LAST OF SEVERAL OCCURRENCES
COLUMN 17 PEAK WIND IN M.P.H.
PRELIMINARY LOCAL CLIMATOLOGICAL DATA (WS FORM: F-6) , PAGE 2
STATION: FREDERICK MUNICIPAL
MONTH: NOVEMBER
YEAR: 2021
LATITUDE: 34 21 N
LONGITUDE: 98 59 W
[TEMPERATURE DATA] [PRECIPITATION DATA] SYMBOLS USED IN COLUMN 16
AVERAGE MONTHLY: 55.0 TOTAL FOR MONTH: 0.09 1 = FOG OR MIST
DPTR FM NORMAL: 2.6 DPTR FM NORMAL: M 2 = FOG REDUCING VISIBILITY
HIGHEST: 88 ON 16 GRTST 24HR 0.09 ON 2- 2 TO 1/4 MILE OR LESS
LOWEST: 26 ON 26 3 = THUNDER
SNOW, ICE PELLETS, HAIL 4 = ICE PELLETS
TOTAL MONTH: 0.0 INCH 5 = HAIL
GRTST 24HR 0.0 6 = FREEZING RAIN OR DRIZZLE
GRTST DEPTH: 0 7 = DUSTSTORM OR SANDSTORM:
VSBY 1/2 MILE OR LESS
8 = SMOKE OR HAZE
[NO. OF DAYS WITH] [WEATHER - DAYS WITH] 9 = BLOWING SNOW
X = TORNADO
MAX 32 OR BELOW: 0 0.01 INCH OR MORE: 1
MAX 90 OR ABOVE: 0 0.10 INCH OR MORE: 0
MIN 32 OR BELOW: 4 0.50 INCH OR MORE: 0
MIN 0 OR BELOW: 0 1.00 INCH OR MORE: 0
[HDD (BASE 65) ]
TOTAL THIS MO. 295 CLEAR (SCALE 0-3) 23
DPTR FM NORMAL -92 PTCLDY (SCALE 4-7) 0
TOTAL FM JUL 1 334 CLOUDY (SCALE 8-10) 7
DPTR FM NORMAL -177
[CDD (BASE 65) ]
TOTAL THIS MO. 4
DPTR FM NORMAL -5 [PRESSURE DATA]
TOTAL FM JAN 1 2434 HIGHEST SLP 30.55 ON 18
DPTR FM NORMAL -62 LOWEST SLP 29.61 ON 16
[REMARKS]
#FINAL-11-21#