000
CXUS54 KOUN 011658
CF6FDR
PRELIMINARY LOCAL CLIMATOLOGICAL DATA (WS FORM: F-6)
STATION: FREDERICK MUNICIPAL
MONTH: SEPTEMBER
YEAR: 2021
LATITUDE: 34 21 N
LONGITUDE: 98 59 W
TEMPERATURE IN F: :PCPN: SNOW: WIND :SUNSHINE: SKY :PK WND
================================================================================
1 2 3 4 5 6A 6B 7 8 9 10 11 12 13 14 15 16 17 18
12Z AVG MX 2MIN
DY MAX MIN AVG DEP HDD CDD WTR SNW DPTH SPD SPD DIR MIN PSBL S-S WX SPD DR
================================================================================
1 101 73 87 6 0 22 0.00 M M 7.7 21 150 M M 0 24 150
2 99 75 87 6 0 22 0.00 M M 11.2 20 150 M M 1 8 27 140
3 100 75 88 8 0 23 0.00 M M 11.9 22 150 M M 0 26 150
4 100 73 87 7 0 22 0.00 M M 9.7 33 300 M M 1 38 40 300
5 92 71 82 2 0 17 0.00 M M 8.5 16 40 M M 2 20 30
6 96 67 82 3 0 17 0.00 M M 7.3 16 150 M M 0 21 140
7 96 71 84 5 0 19 0.13 M M 8.8 18 210 M M 2 3 24 220
8 93 69 81 2 0 16 0.00 M M 10.7 23 60 M M 1 30 60
9 95 60 78 0 0 13 0.00 M M 8.9 16 160 M M 0 22 170
10 97 67 82 4 0 17 0.00 M M 10.9 23 200 M M 1 29 220
11 98 64 81 3 0 16 0.00 M M 11.4 20 160 M M 0 25 180
12 96 59 78 1 0 13 0.00 M M 9.4 17 160 M M 0 22 150
13 95 62 79 2 0 14 0.00 0.0 M 10.0 21 150 M M 0 26 150
14 92 66 79 2 0 14 0.00 0.0 M 9.4 18 150 M M 0 23 180
15 91 65 78 2 0 13 0.00 0.0 M 6.9 17 110 M M 2 1 20 120
16 93 65 79 3 0 14 0.00 M M 6.6 17 130 M M 0 21 130
17 96 66 81 5 0 16 0.00 M M 9.1 17 90 M M 0 24 110
18 96 68 82 7 0 17 0.00 M M 6.8 13 70 M M 1 16 80
19 97 66 82 7 0 17 0.00 M M 9.2 16 160 M M 0 20 150
20 102 72 87 12 0 22 T M M 11.8 26 30 M M 0 38 30
21 84 59 72 -2 0 7 0.00 M M 17.3 29 10 M M 1 38 360
22 83 52 68 -6 0 3 0.00 M M 6.3 10 100 M M 0 8 14 330
23 88 52 70 -4 0 5 0.00 M M 8.7 17 150 M M 0 22 170
24 90 53 72 -1 0 7 0.00 M M 7.7 15 190 M M 0 19 190
25 93 57 75 2 0 10 0.00 M M 7.9 15 170 M M 0 20 160
26 94 60 77 5 0 12 0.00 M M 10.6 24 180 M M 0 29 180
27 95 59 77 5 0 12 0.00 M M 10.6 18 150 M M 0 26 180
28 96 62 79 7 0 14 0.37 0.0 0 10.9 23 120 M M 2 13 29 110
29 91 65 78 7 0 13 T M M 11.5 26 150 M M 2 13 36 130
30 82 67 75 4 0 10 T M M 8.6 20 80 M M 5 26 80
================================================================================
SM 2821 1940 0 437 0.50 0.0 286.3 M 21
================================================================================
AV 94.0 64.7 9.5 FASTST M M 1 MAX(MPH)
MISC ----> 33 300 40 300
================================================================================
NOTES:
# LAST OF SEVERAL OCCURRENCES
COLUMN 17 PEAK WIND IN M.P.H.
PRELIMINARY LOCAL CLIMATOLOGICAL DATA (WS FORM: F-6) , PAGE 2
STATION: FREDERICK MUNICIPAL
MONTH: SEPTEMBER
YEAR: 2021
LATITUDE: 34 21 N
LONGITUDE: 98 59 W
[TEMPERATURE DATA] [PRECIPITATION DATA] SYMBOLS USED IN COLUMN 16
AVERAGE MONTHLY: 79.4 TOTAL FOR MONTH: 0.50 1 = FOG OR MIST
DPTR FM NORMAL: 3.3 DPTR FM NORMAL: M 2 = FOG REDUCING VISIBILITY
HIGHEST: 102 ON 20 GRTST 24HR 0.37 ON 28-29 TO 1/4 MILE OR LESS
LOWEST: 52 ON 23,22 3 = THUNDER
SNOW, ICE PELLETS, HAIL 4 = ICE PELLETS
TOTAL MONTH: 0.0 INCH 5 = HAIL
GRTST 24HR 0.0 6 = FREEZING RAIN OR DRIZZLE
GRTST DEPTH: 0 7 = DUSTSTORM OR SANDSTORM:
VSBY 1/2 MILE OR LESS
8 = SMOKE OR HAZE
[NO. OF DAYS WITH] [WEATHER - DAYS WITH] 9 = BLOWING SNOW
X = TORNADO
MAX 32 OR BELOW: 0 0.01 INCH OR MORE: 2
MAX 90 OR ABOVE: 26 0.10 INCH OR MORE: 2
MIN 32 OR BELOW: 0 0.50 INCH OR MORE: 0
MIN 0 OR BELOW: 0 1.00 INCH OR MORE: 0
[HDD (BASE 65) ]
TOTAL THIS MO. 0 CLEAR (SCALE 0-3) 29
DPTR FM NORMAL -8 PTCLDY (SCALE 4-7) 1
TOTAL FM JUL 1 0 CLOUDY (SCALE 8-10) 0
DPTR FM NORMAL -4
[CDD (BASE 65) ]
TOTAL THIS MO. 437
DPTR FM NORMAL 96 [PRESSURE DATA]
TOTAL FM JAN 1 2278 HIGHEST SLP 30.35 ON 22
DPTR FM NORMAL -107 LOWEST SLP 29.63 ON 28
[REMARKS]
#FINAL-09-21#