813
CXUS54 KOUN 010700
CF6FDR
PRELIMINARY LOCAL CLIMATOLOGICAL DATA (WS FORM: F-6)
STATION: FREDERICK MUNICIPAL
MONTH: AUGUST
YEAR: 2020
LATITUDE: 34 21 N
LONGITUDE: 98 59 W
TEMPERATURE IN F: :PCPN: SNOW: WIND :SUNSHINE: SKY :PK WND
================================================================================
1 2 3 4 5 6A 6B 7 8 9 10 11 12 13 14 15 16 17 18
12Z AVG MX 2MIN
DY MAX MIN AVG DEP HDD CDD WTR SNW DPTH SPD SPD DIR MIN PSBL S-S WX SPD DR
================================================================================
1 91 66 79 -7 0 14 0.00 0.0 0 7.4 15 30 M M 0 20 20
2 93 68 81 -5 0 16 0.00 0.0 0 5.1 15 90 M M 1 20 80
3 90 71 81 -5 0 16 0.00 0.0 0 8.7 15 80 M M 2 20 80
4 89 68 79 -7 0 14 0.00 0.0 0 13.2 21 90 M M 1 28 80
5 87 67 77 -8 0 12 0.01 0.0 0 12.5 23 40 M M 0 29 40
6 99 72 86 1 0 21 0.00 0.0 0 11.9 18 150 M M 2 1 24 170
7 99 75 87 2 0 22 0.01 0.0 0 13.7 22 160 M M 0 28 190
8 101 80 91 6 0 26 0.00 0.0 0 14.4 22 200 M M 0 29 210
9 101 75 88 3 0 23 0.00 0.0 0 12.7 22 160 M M 0 30 180
10 101 74 88 3 0 23 0.00 0.0 0 12.8 28 360 M M 0 36 350
11 103 73 88 3 0 23 0.00 0.0 0 10.6 24 210 M M 1 33 80
12 104 72 88 3 0 23 0.00 0.0 0 10.1 20 150 M M 0 26 160
13 107 76 92 7 0 27 0.00 0.0 0 12.2 25 190 M M 0 34 190
14 104 74 89 4 0 24 0.00 0.0 0 9.1 16 280 M M 0 21 280
15 102 77 90 6 0 25 0.00 0.0 0 11.7 18 90 M M 0 24 110
16 100 70 85 1 0 20 0.01 0.0 0 11.4 43 310 M M 1 3 56 310
17 97 66 82 -2 0 17 0.00 0.0 0 8.3 22 300 M M 1 3 26 310
18 97 72 85 1 0 20 0.00 0.0 0 7.9 13 60 M M 0 18 40
19 93 63 78 -6 0 13 0.00 0.0 0 6.3 14 110 M M 0 17 100
20 94 69 82 -2 0 17 0.00 0.0 0 6.1 14 100 M M 0 17 150
21 96 66 81 -2 0 16 0.00 0.0 0 9.1 20 100 M M 0 24 100
22 98 67 83 0 0 18 0.00 0.0 0 7.4 15 110 M M 2 3 19 140
23 97 65 81 -2 0 16 0.00 0.0 0 8.3 17 130 M M 0 26 120
24 97 67 82 -1 0 17 0.00 0.0 0 7.4 15 140 M M 1 20 130
25 95 65 80 -2 0 15 0.00 0.0 0 8.1 16 140 M M 0 21 140
26 98 68 83 1 0 18 0.00 0.0 0 9.3 22 120 M M 1 28 100
27 99 69 84 2 0 19 0.00 0.0 0 8.3 25 100 M M 1 30 100
28 109 69 89 7 0 24 0.00 0.0 M 8.0 17 210 M M 0 24 260
29 102 78 90 9 0 25 0.00 0.0 0 10.7 23 10 M M 0 31 320
30 95 70 83 2 0 18 M 0.0 0 6.5 35 320 M M 2 13 45 320
31 93 75 84 3 0 19 0.08 0.0 0 10.5 29 200 M M 4 3 36 200
================================================================================
SM 3031 2187 0 601 0.11 0.0 299.7 M 20
================================================================================
AV 97.8 70.6 9.7 FASTST M M 1 MAX(MPH)
MISC ----> # 43 310 # 56 310
================================================================================
NOTES:
# LAST OF SEVERAL OCCURRENCES
COLUMN 17 PEAK WIND IN M.P.H.
PRELIMINARY LOCAL CLIMATOLOGICAL DATA (WS FORM: F-6) , PAGE 2
STATION: FREDERICK MUNICIPAL
MONTH: AUGUST
YEAR: 2020
LATITUDE: 34 21 N
LONGITUDE: 98 59 W
[TEMPERATURE DATA] [PRECIPITATION DATA] SYMBOLS USED IN COLUMN 16
AVERAGE MONTHLY: 84.2 TOTAL FOR MONTH: 0.11 1 = FOG OR MIST
DPTR FM NORMAL: 0.3 DPTR FM NORMAL: -2.15 2 = FOG REDUCING VISIBILITY
HIGHEST: 109 ON 28 GRTST 24HR 0.08 ON 31-31 TO 1/4 MILE OR LESS
LOWEST: 63 ON 19 3 = THUNDER
SNOW, ICE PELLETS, HAIL 4 = ICE PELLETS
TOTAL MONTH: 0.0 INCH 5 = HAIL
GRTST 24HR 0.0 6 = FREEZING RAIN OR DRIZZLE
GRTST DEPTH: 0 7 = DUSTSTORM OR SANDSTORM:
VSBY 1/2 MILE OR LESS
8 = SMOKE OR HAZE
[NO. OF DAYS WITH] [WEATHER - DAYS WITH] 9 = BLOWING SNOW
X = TORNADO
MAX 32 OR BELOW: 0 0.01 INCH OR MORE: 4
MAX 90 OR ABOVE: 29 0.10 INCH OR MORE: 0
MIN 32 OR BELOW: 0 0.50 INCH OR MORE: 0
MIN 0 OR BELOW: 0 1.00 INCH OR MORE: 0
[HDD (BASE 65) ]
TOTAL THIS MO. 0 CLEAR (SCALE 0-3) 30
DPTR FM NORMAL 0 PTCLDY (SCALE 4-7) 1
TOTAL FM JUL 1 0 CLOUDY (SCALE 8-10) 0
DPTR FM NORMAL 0
[CDD (BASE 65) ]
TOTAL THIS MO. 601
DPTR FM NORMAL 15 [PRESSURE DATA]
TOTAL FM JAN 1 2134 HIGHEST SLP M ON M
DPTR FM NORMAL 164 LOWEST SLP 28.40 ON 31
[REMARKS]
#FINAL-08-20#