000
CXUS54 KOUN 010810
CF6FDR
PRELIMINARY LOCAL CLIMATOLOGICAL DATA (WS FORM: F-6)
STATION: FREDERICK MUNICIPAL
MONTH: OCTOBER
YEAR: 2023
LATITUDE: 34 21 N
LONGITUDE: 98 59 W
TEMPERATURE IN F: :PCPN: SNOW: WIND :SUNSHINE: SKY :PK WND
================================================================================
1 2 3 4 5 6A 6B 7 8 9 10 11 12 13 14 15 16 17 18
12Z AVG MX 2MIN
DY MAX MIN AVG DEP HDD CDD WTR SNW DPTH SPD SPD DIR MIN PSBL S-S WX SPD DR
================================================================================
1 92 65 79 9 0 14 0.00 M M 10.5 20 140 M M 0 26 140
2 92 62 77 7 0 12 0.00 M M 10.0 20 170 M M 2 26 110
3 93 69 81 11 0 16 0.09 M M 13.1 29 220 M M 4 13 35 220
4 89 63 76 7 0 11 0.88 M M 9.8 56 330 M M 3 13 85 300
5 84 62 73 4 0 8 0.00 M M 9.3 21 30 M M 3 26 20
6 84 54 69 0 0 4 T M M 11.5 28 30 M M 2 8 41 70
7 71 54 63 -5 2 0 0.00 0.0 M 4.4 9 150 M M 6 12 180
8 85 49 67 -1 0 2 0.00 0.0 M 7.8 16 220 M M 0 23 240
9 87 57 72 5 0 7 M M M 4.3 8 130 M M 0 M M
10 M M M M M M M M M M M M M M M M M
11 M M M M M M M M M M M M M M M M M
12 94 65 80 14 0 15 M M M 13.9 26 190 M M 4 36 210
13 77 55 66 0 0 1 0.00 M M 17.9 33 330 M M 0 8 46 340
14 71 47 59 -6 6 0 0.00 M M 12.7 25 340 M M 0 30 350
15 68 45 57 -8 8 0 0.00 M M 13.4 26 350 M M 0 8 38 360
16 71 42 57 -8 8 0 0.00 M M 8.7 15 360 M M 0 27 20
17 82 40 61 -3 4 0 0.00 M M 8.5 20 160 M M 0 8 28 170
18 85 47 66 2 0 1 0.00 M M 8.7 17 350 M M 0 24 190
19 89 51 70 7 0 5 0.00 M M 7.8 15 260 M M 0 19 260
20 92 55 74 11 0 9 0.00 M M 7.5 15 310 M M 0 8 17 300
21 93 57 75 12 0 10 0.00 M M 5.6 12 150 M M 0 15 210
22 89 57 73 11 0 8 0.00 M M 10.7 24 160 M M 0 30 160
23 84 62 73 11 0 8 0.02 M M 14.9 30 180 M M 3 18 36 180
24 80 62 71 10 0 6 1.90 M M 17.7 28 170 M M 8 13 37 150
25 73 65 69 8 0 4 0.49 M M 13.3 24 150 M M 9 13 30 160
26 84 65 75 14 0 10 0.00 M M 13.1 25 190 M M 4 31 190
27 70 51 61 1 4 0 0.00 M M 15.1 30 340 M M 6 1 38 340
28 52 39 46 -14 19 0 0.08 M M 11.6 28 360 M M 10 1 35 360
29 39 36 38 -21 27 0 0.91 M M 21.2 29 360 M M 10 13 37 10
30 48 33 41 -18 24 0 0.00 M M 11.5 28 360 M M 1 34 360
31 54 30 42 -17 23 0 0.00 M M 9.3 22 360 M M 0 18 27 360
================================================================================
SM 2272 1539 125 151 4.37 0.0 323.8 M 75
================================================================================
AV 78.3 53.1 11.2 FASTST M M 3 MAX(MPH)
MISC ----> 56 330 85 300
================================================================================
NOTES:
# LAST OF SEVERAL OCCURRENCES
COLUMN 17 PEAK WIND IN M.P.H.
PRELIMINARY LOCAL CLIMATOLOGICAL DATA (WS FORM: F-6) , PAGE 2
STATION: FREDERICK MUNICIPAL
MONTH: OCTOBER
YEAR: 2023
LATITUDE: 34 21 N
LONGITUDE: 98 59 W
[TEMPERATURE DATA] [PRECIPITATION DATA] SYMBOLS USED IN COLUMN 16
AVERAGE MONTHLY: 65.7 TOTAL FOR MONTH: 4.37 1 = FOG OR MIST
DPTR FM NORMAL: 1.1 DPTR FM NORMAL: M 2 = FOG REDUCING VISIBILITY
HIGHEST: 94 ON 12 GRTST 24HR 1.92 ON 23-24 TO 1/4 MILE OR LESS
LOWEST: 30 ON 31 3 = THUNDER
SNOW, ICE PELLETS, HAIL 4 = ICE PELLETS
TOTAL MONTH: 0.0 INCH 5 = HAIL
GRTST 24HR 0.0 6 = FREEZING RAIN OR DRIZZLE
GRTST DEPTH: M ON M 7 = DUSTSTORM OR SANDSTORM:
VSBY 1/2 MILE OR LESS
8 = SMOKE OR HAZE
[NO. OF DAYS WITH] [WEATHER - DAYS WITH] 9 = BLOWING SNOW
X = TORNADO
MAX 32 OR BELOW: 0 0.01 INCH OR MORE: 7
MAX 90 OR ABOVE: 6 0.10 INCH OR MORE: 4
MIN 32 OR BELOW: 1 0.50 INCH OR MORE: 3
MIN 0 OR BELOW: 0 1.00 INCH OR MORE: 1
[HDD (BASE 65) ]
TOTAL THIS MO. 125 CLEAR (SCALE 0-3) 19
DPTR FM NORMAL 10 PTCLDY (SCALE 4-7) 7
TOTAL FM JUL 1 125 CLOUDY (SCALE 8-10) 5
DPTR FM NORMAL 2
[CDD (BASE 65) ]
TOTAL THIS MO. 151
DPTR FM NORMAL 49 [PRESSURE DATA]
TOTAL FM JAN 1 2859 HIGHEST SLP M ON M
DPTR FM NORMAL 372 LOWEST SLP 29.35 ON 12
[REMARKS]
#FINAL-10-23#