265
CXUS52 KFFC 011110
CF6FFC
PRELIMINARY LOCAL CLIMATOLOGICAL DATA (WS FORM: F-6)
STATION: PEACHTREE CITY
MONTH: OCTOBER
YEAR: 2020
LATITUDE: 33 20 N
LONGITUDE: 84 34 W
TEMPERATURE IN F: :PCPN: SNOW: WIND :SUNSHINE: SKY :PK WND
================================================================================
1 2 3 4 5 6A 6B 7 8 9 10 11 12 13 14 15 16 17 18
12Z AVG MX 2MIN
DY MAX MIN AVG DEP HDD CDD WTR SNW DPTH SPD SPD DIR MIN PSBL S-S WX SPD DR
================================================================================
1 79 49 64 -3 1 0 0.00 M M 5.0 14 300 M M 0 1 21 290
2 70 46 58 -8 7 0 0.00 M M 4.5 14 320 M M 0 20 320
3 73 43 58 -8 7 0 0.00 M M 1.8 14 130 M M 0 17 130
4 73 46 60 -5 5 0 0.00 0.0 M 1.3 8 40 M M 0 1 12 10
5 78 48 63 -2 2 0 0.00 0.0 M 1.5 10 110 M M 0 1 13 120
6 77 50 64 -1 1 0 0.00 0.0 M 1.8 10 140 M M 3 1 15 80
7 84 56 70 6 0 5 0.00 0.0 M 1.9 10 320 M M 0 18 13 320
8 85 52 69 5 0 4 0.00 M M 0.3 6 330 M M 0 1 8 330
9 75 63 69 5 0 4 0.16 M M 3.1 9 90 M M 6 18 14 50
10 78 66 72 9 0 7 3.04 M M 6.3 16 140 M M 9 1 20 130
11 76 69 73 10 0 8 0.28 M M 3.5 12 250 M M 8 12 18 250
12 81 66 74 12 0 9 T M M 3.4 10 290 M M 7 1 17 300
13 81 58 70 8 0 5 0.00 M M 5.4 16 330 M M 2 18 19 330
14 81 51 66 4 0 1 0.00 M M 3.3 13 140 M M 1 1 18 120
15 81 59 70 9 0 5 0.00 M M 1.8 9 150 M M 5 128 14 200
16 70 50 60 -1 5 0 0.00 M M 8.6 17 330 M M 2 1 23 300
17 68 41 55 -6 10 0 0.00 M M 4.6 15 100 M M 0 22 80
18 73 44 59 -2 6 0 0.00 M M 2.7 15 130 M M 1 1 18 130
19 77 51 64 4 1 0 0.00 M M 2.2 10 130 M M 0 1 13 120
20 81 51 66 6 0 1 0.00 M M 2.2 10 80 M M 1 1 14 90
21 82 57 70 10 0 5 0.00 M M 2.6 10 80 M M 5 12 20 60
22 80 59 70 11 0 5 0.00 M M 3.2 14 130 M M 5 1 18 120
23 83 60 72 13 0 7 0.00 M M 2.6 9 120 M M 3 1 12 130
24 79 61 70 11 0 5 0.64 0.0 M 1.9 12 140 M M 7 1 15 130
25 76 62 69 10 0 4 0.00 0.0 M 1.9 9 330 M M 9 12 13 320
26 74 61 68 10 0 3 0.00 M M 4.3 9 120 M M 10 12 13 140
27 75 64 70 12 0 5 0.10 0.0 M 4.4 8 110 M M 10 1 11 100
28 78 70 74 16 0 9 0.02 M M 6.5 14 130 M M 8 1 18 120
29 82 51 67 9 0 2 0.46 M M 10.7 25 270 M M 6 1 43 120
30 64 48 56 -1 9 0 0.00 M M 11.0 21 320 M M 5 28 310
31 67 44 56 -1 9 0 T M M 5.9 12 100 M M 3 18 18 50
================================================================================
SM 2381 1696 63 94 4.70 0.0 120.2 M 116
================================================================================
AV 76.8 54.7 3.9 FASTST M M 4 MAX(MPH)
MISC ----> 25 270 43 120
================================================================================
NOTES:
# LAST OF SEVERAL OCCURRENCES
COLUMN 17 PEAK WIND IN M.P.H.
PRELIMINARY LOCAL CLIMATOLOGICAL DATA (WS FORM: F-6) , PAGE 2
STATION: PEACHTREE CITY
MONTH: OCTOBER
YEAR: 2020
LATITUDE: 33 20 N
LONGITUDE: 84 34 W
[TEMPERATURE DATA] [PRECIPITATION DATA] SYMBOLS USED IN COLUMN 16
AVERAGE MONTHLY: 65.8 TOTAL FOR MONTH: 4.70 1 = FOG OR MIST
DPTR FM NORMAL: 4.3 DPTR FM NORMAL: 1.29 2 = FOG REDUCING VISIBILITY
HIGHEST: 85 ON 8 GRTST 24HR 3.06 ON 9-10 TO 1/4 MILE OR LESS
LOWEST: 41 ON 17 3 = THUNDER
SNOW, ICE PELLETS, HAIL 4 = ICE PELLETS
TOTAL MONTH: 0.0 INCH 5 = HAIL
GRTST 24HR 0.0 6 = FREEZING RAIN OR DRIZZLE
GRTST DEPTH: M ON M 7 = DUSTSTORM OR SANDSTORM:
VSBY 1/2 MILE OR LESS
8 = SMOKE OR HAZE
[NO. OF DAYS WITH] [WEATHER - DAYS WITH] 9 = BLOWING SNOW
X = TORNADO
MAX 32 OR BELOW: 0 0.01 INCH OR MORE: 7
MAX 90 OR ABOVE: 0 0.10 INCH OR MORE: 6
MIN 32 OR BELOW: 0 0.50 INCH OR MORE: 2
MIN 0 OR BELOW: 0 1.00 INCH OR MORE: 1
[HDD (BASE 65) ]
TOTAL THIS MO. 63 CLEAR (SCALE 0-3) 16
DPTR FM NORMAL -90 PTCLDY (SCALE 4-7) 10
TOTAL FM JUL 1 81 CLOUDY (SCALE 8-10) 5
DPTR FM NORMAL -86
[CDD (BASE 65) ]
TOTAL THIS MO. 94
DPTR FM NORMAL 54 [PRESSURE DATA]
TOTAL FM JAN 1 1926 HIGHEST SLP 30.38 ON 31
DPTR FM NORMAL 278 LOWEST SLP 29.55 ON 29
[REMARKS]
#FINAL-10-20#