000
CXUS52 KFFC 011010
CF6FFC
PRELIMINARY LOCAL CLIMATOLOGICAL DATA (WS FORM: F-6)
STATION: PEACHTREE CITY
MONTH: SEPTEMBER
YEAR: 2023
LATITUDE: 33 20 N
LONGITUDE: 84 34 W
TEMPERATURE IN F: :PCPN: SNOW: WIND :SUNSHINE: SKY :PK WND
================================================================================
1 2 3 4 5 6A 6B 7 8 9 10 11 12 13 14 15 16 17 18
12Z AVG MX 2MIN
DY MAX MIN AVG DEP HDD CDD WTR SNW DPTH SPD SPD DIR MIN PSBL S-S WX SPD DR
================================================================================
1 82 70 76 -2 0 11 0.00 M M 6.8 21 130 M M 8 33 130
2 84 65 75 -2 0 10 0.00 M M 4.1 14 120 M M 3 21 120
3 87 61 74 -3 0 9 0.00 M M 1.7 8 70 M M 0 12 140
4 90 62 76 -1 0 11 0.00 M M 1.9 8 60 M M 0 15 40
5 91 65 78 1 0 13 0.00 M M 1.5 8 340 M M 0 13 340
6 91 65 78 1 0 13 0.00 M M 2.1 13 320 M M 0 1 17 320
7 91 69 80 4 0 15 0.00 M M 3.9 15 290 M M 1 1 22 310
8 86 62 74 -2 0 9 0.00 M M 2.3 14 330 M M 1 1 17 330
9 89 62 76 0 0 11 0.00 M M 2.4 10 130 M M 2 1 17 130
10 89 65 77 1 0 12 0.00 M M 1.6 10 120 M M 3 13 140
11 94 66 80 4 0 15 0.00 M M 1.6 17 130 M M 1 13 22 120
12 92 66 79 4 0 14 T M M 3.2 18 310 M M 2 13 25 310
13 85 69 77 2 0 12 0.30 M M 2.6 12 350 M M 5 13 17 280
14 80 68 74 -1 0 9 0.63 M M 1.8 13 40 M M 7 13 21 40
15 73 65 69 -5 0 4 T M M 3.6 13 120 M M 8 1 17 80
16 70 65 68 -6 0 3 0.53 M M 3.5 12 140 M M 10 1 15 130
17 82 61 72 -2 0 7 0.13 M M 4.8 17 310 M M 5 12 23 320
18 80 56 68 -6 0 3 0.00 M M 3.4 14 310 M M 0 1 22 320
19 82 54 68 -5 0 3 0.00 M M 0.5 7 30 M M 1 1 10 120
20 82 56 69 -4 0 4 0.00 M M 2.3 16 140 M M 3 1 24 160
21 82 61 72 -1 0 7 0.00 M 0 3.1 13 90 M M 2 1 20 80
22 82 59 71 -1 0 6 0.00 M M 2.8 13 40 M M 3 1 17 60
23 85 55 70 -2 0 5 0.00 M M 4.8 21 320 M M 0 1 28 310
24 85 53 69 -3 0 4 0.00 M M 2.9 13 320 M M 0 1 17 260
25 87 54 71 -1 0 6 0.00 M M 1.4 9 280 M M 1 15 290
26 85 65 75 4 0 10 0.00 M M 2.6 9 70 M M 2 13 90
27 74 63 69 -2 0 4 0.00 M M 5.3 13 100 M M 9 21 90
28 76 58 67 -3 0 2 0.00 M M 4.1 12 10 M M 4 17 60
29 85 55 70 0 0 5 0.00 M 0 2.1 10 10 M M 1 15 330
30 86 58 72 2 0 7 0.00 M M 1.1 12 130 M M 1 1 17 120
================================================================================
SM 2527 1853 0 244 1.59 M 85.8 M 83
================================================================================
AV 84.2 61.8 2.9 FASTST M M 3 MAX(MPH)
MISC ----> # 21 130 33 130
================================================================================
NOTES:
# LAST OF SEVERAL OCCURRENCES
COLUMN 17 PEAK WIND IN M.P.H.
PRELIMINARY LOCAL CLIMATOLOGICAL DATA (WS FORM: F-6) , PAGE 2
STATION: PEACHTREE CITY
MONTH: SEPTEMBER
YEAR: 2023
LATITUDE: 33 20 N
LONGITUDE: 84 34 W
[TEMPERATURE DATA] [PRECIPITATION DATA] SYMBOLS USED IN COLUMN 16
AVERAGE MONTHLY: 73.0 TOTAL FOR MONTH: 1.59 1 = FOG OR MIST
DPTR FM NORMAL: -1.1 DPTR FM NORMAL: -1.93 2 = FOG REDUCING VISIBILITY
HIGHEST: 94 ON 11 GRTST 24HR 0.66 ON 16-17 TO 1/4 MILE OR LESS
LOWEST: 53 ON 24 3 = THUNDER
SNOW, ICE PELLETS, HAIL 4 = ICE PELLETS
TOTAL MONTH: M 5 = HAIL
GRTST 24HR M ON M 6 = FREEZING RAIN OR DRIZZLE
GRTST DEPTH: 0 7 = DUSTSTORM OR SANDSTORM:
VSBY 1/2 MILE OR LESS
8 = SMOKE OR HAZE
[NO. OF DAYS WITH] [WEATHER - DAYS WITH] 9 = BLOWING SNOW
X = TORNADO
MAX 32 OR BELOW: 0 0.01 INCH OR MORE: 4
MAX 90 OR ABOVE: 6 0.10 INCH OR MORE: 4
MIN 32 OR BELOW: 0 0.50 INCH OR MORE: 2
MIN 0 OR BELOW: 0 1.00 INCH OR MORE: 0
[HDD (BASE 65) ]
TOTAL THIS MO. 0 CLEAR (SCALE 0-3) 22
DPTR FM NORMAL -7 PTCLDY (SCALE 4-7) 5
TOTAL FM JUL 1 0 CLOUDY (SCALE 8-10) 3
DPTR FM NORMAL -5
[CDD (BASE 65) ]
TOTAL THIS MO. 244
DPTR FM NORMAL -36 [PRESSURE DATA]
TOTAL FM JAN 1 1673 HIGHEST SLP 30.24 ON 2
DPTR FM NORMAL -191 LOWEST SLP 29.81 ON 7
[REMARKS]
#FINAL-09-23#