000
CXUS53 KLMK 010810
CF6FFT
PRELIMINARY LOCAL CLIMATOLOGICAL DATA (WS FORM: F-6)
STATION: FRANKFORT KY
MONTH: DECEMBER
YEAR: 2021
LATITUDE: 38 10 N
LONGITUDE: 84 54 W
TEMPERATURE IN F: :PCPN: SNOW: WIND :SUNSHINE: SKY :PK WND
================================================================================
1 2 3 4 5 6A 6B 7 8 9 10 11 12 13 14 15 16 17 18
12Z AVG MX 2MIN
DY MAX MIN AVG DEP HDD CDD WTR SNW DPTH SPD SPD DIR MIN PSBL S-S WX SPD DR
================================================================================
1 60 28 44 3 21 0 T M M 5.9 21 210 M M 7 26 220
2 70 47 59 18 6 0 0.00 M M 10.9 22 230 M M 2 1 30 230
3 70 36 53 12 12 0 0.00 M M 2.4 13 230 M M 0 17 230
4 57 39 48 7 17 0 0.00 M M 5.9 14 40 M M 0 20 30
5 68 37 53 13 12 0 0.11 M M 9.8 24 200 M M 6 138 35 210
6 63 30 47 7 18 0 1.47 M M 9.6 26 320 M M 6 13 39 330
7 34 24 29 -11 36 0 0.00 M M 3.2 10 330 M M 3 13 330
8 45 26 36 -4 29 0 0.00 M M 4.3 16 230 M M 3 23 230
9 63 24 44 4 21 0 0.00 M M 8.1 28 210 M M 3 40 180
10 66 55 61 22 4 0 0.03 M M 7.8 18 180 M M 10 1 38 180
11 68 30 49 10 16 0 1.13 M M 13.1 30 270 M M 8 13 51 290
12 48 25 37 -2 28 0 0.00 M M 3.5 13 230 M M 0 17 220
13 55 25 40 1 25 0 0.00 M M 4.1 16 230 M M 0 23 230
14 61 28 45 7 20 0 0.00 M M 2.7 10 150 M M 2 14 130
15 67 42 55 17 10 0 T M M 9.1 21 200 M M 5 33 200
16 64 46 55 17 10 0 0.12 M M 13.4 29 200 M M 6 18 41 190
17 48 42 45 7 20 0 0.09 M M 5.8 13 350 M M 10 18 17 350
18 64 39 52 14 13 0 0.04 M M 8.4 18 270 M M 9 12 29 290
19 39 28 34 -3 31 0 0.00 M M 5.9 14 60 M M 9 20 10
20 46 21 34 -3 31 0 0.00 M M 1.7 7 170 M M 0 10 200
21 47 24 36 -1 29 0 0.00 M M 4.7 13 220 M M 1 12 16 230
22 40 23 32 -5 33 0 0.00 M M 4.7 14 300 M M 0 21 290
23 56 21 39 3 26 0 0.00 M M 9.2 24 220 M M 2 31 220
24 64 51 58 22 7 0 T M M 14.2 25 210 M M 9 38 210
25 72 53 63 27 2 0 T M M 14.2 31 210 M M 7 44 210
26 58 49 54 18 11 0 T M M 4.6 12 120 M M 6 15 110
27 73 51 62 26 3 0 0.21 M M 11.5 26 230 M M 8 18 38 230
28 69 43 56 20 9 0 0.39 M M 9.1 22 200 M M 10 1 38 210
29 56 49 53 17 12 0 0.25 M M 4.6 10 90 M M 10 12 14 230
30 55 46 51 16 14 0 0.00 M M 2.3 9 200 M M 10 12 16 220
31 67 45 56 21 9 0 0.67 M M 7.6 20 210 M M 8 123 31 240
================================================================================
SM 1813 1127 535 0 4.51 M 222.3 M 160
================================================================================
AV 58.5 36.4 7.2 FASTST M M 5 MAX(MPH)
MISC ----> 31 210 51 290
================================================================================
NOTES:
# LAST OF SEVERAL OCCURRENCES
COLUMN 17 PEAK WIND IN M.P.H.
PRELIMINARY LOCAL CLIMATOLOGICAL DATA (WS FORM: F-6) , PAGE 2
STATION: FRANKFORT KY
MONTH: DECEMBER
YEAR: 2021
LATITUDE: 38 10 N
LONGITUDE: 84 54 W
[TEMPERATURE DATA] [PRECIPITATION DATA] SYMBOLS USED IN COLUMN 16
AVERAGE MONTHLY: 47.4 TOTAL FOR MONTH: 4.51 1 = FOG OR MIST
DPTR FM NORMAL: 9.3 DPTR FM NORMAL: 0.74 2 = FOG REDUCING VISIBILITY
HIGHEST: 73 ON 27 GRTST 24HR 1.58 ON 5- 6 TO 1/4 MILE OR LESS
LOWEST: 21 ON 23,20 3 = THUNDER
SNOW, ICE PELLETS, HAIL 4 = ICE PELLETS
TOTAL MONTH: M 5 = HAIL
GRTST 24HR M ON M 6 = FREEZING RAIN OR DRIZZLE
GRTST DEPTH: M ON M 7 = DUSTSTORM OR SANDSTORM:
VSBY 1/2 MILE OR LESS
8 = SMOKE OR HAZE
[NO. OF DAYS WITH] [WEATHER - DAYS WITH] 9 = BLOWING SNOW
X = TORNADO
MAX 32 OR BELOW: 0 0.01 INCH OR MORE: 11
MAX 90 OR ABOVE: 0 0.10 INCH OR MORE: 8
MIN 32 OR BELOW: 14 0.50 INCH OR MORE: 3
MIN 0 OR BELOW: 0 1.00 INCH OR MORE: 2
[HDD (BASE 65) ]
TOTAL THIS MO. 535 CLEAR (SCALE 0-3) 13
DPTR FM NORMAL -301 PTCLDY (SCALE 4-7) 10
TOTAL FM JUL 1 1340 CLOUDY (SCALE 8-10) 8
DPTR FM NORMAL -366
[CDD (BASE 65) ]
TOTAL THIS MO. 0
DPTR FM NORMAL 0 [PRESSURE DATA]
TOTAL FM JAN 1 1431 HIGHEST SLP 30.47 ON 14
DPTR FM NORMAL 101 LOWEST SLP 29.52 ON 11
[REMARKS]
#FINAL-12-21#