000
CXUS53 KLMK 190710
CF6FFT
PRELIMINARY LOCAL CLIMATOLOGICAL DATA (WS FORM: F-6)
STATION: FRANKFORT KY
MONTH: APRIL
YEAR: 2024
LATITUDE: 38 10 N
LONGITUDE: 84 54 W
TEMPERATURE IN F: :PCPN: SNOW: WIND :SUNSHINE: SKY :PK WND
================================================================================
1 2 3 4 5 6A 6B 7 8 9 10 11 12 13 14 15 16 17 18
12Z AVG MX 2MIN
DY MAX MIN AVG DEP HDD CDD WTR SNW DPTH SPD SPD DIR MIN PSBL S-S WX SPD DR
================================================================================
1 78 68 73 21 0 8 0.00 M M 11.5 18 220 M M 5 25 220
2 77 51 64 12 1 0 1.05 M M 14.7 33 170 M M 8 138 50 160
3 54 41 48 -4 17 0 0.03 M M 12.2 28 250 M M 9 18 45 260
4 46 37 42 -11 23 0 0.05 M M 9.7 20 260 M M 10 32 260
5 47 36 42 -11 23 0 0.01 M M 5.7 16 290 M M 10 26 290
6 60 29 45 -9 20 0 0.00 M M 3.5 12 360 M M 1 1 17 360
7 68 37 53 -1 12 0 T M M 8.3 16 140 M M 2 24 160
8 75 52 64 10 1 0 T M M 9.0 18 220 M M 4 26 220
9 64 57 61 7 4 0 0.02 M M 8.8 17 210 M M 7 1 24 220
10 68 55 62 7 3 0 0.81 M M 4.9 13 180 M M 9 1 16 180
11 67 52 60 5 5 0 1.76 M M 7.3 22 290 M M 10 1 36 290
12 56 47 52 -4 13 0 0.14 M M 10.1 20 260 M M 8 1 30 290
13 71 44 58 2 7 0 0.00 M M 6.6 17 290 M M 0 25 280
14 82 53 68 12 0 3 0.00 M M 12.2 25 230 M M 0 37 230
15 85 58 72 15 0 7 0.17 M M 6.7 21 310 M M 1 3 34 280
16 82 59 71 14 0 6 0.00 M M 7.2 17 160 M M 1 26 160
17 81 61 71 14 0 6 0.46 M M 12.5 30 200 M M 5 1 41 210
18 82 48 65 7 0 0 0.00 M M 3.7 26 240 M M 0 39 240
================================================================================
SM 1243 885 129 30 4.50 M 154.6 M 90
================================================================================
AV 69.1 49.2 8.6 FASTST M M 5 MAX(MPH)
MISC ----> 33 170 50 160
================================================================================
NOTES:
# LAST OF SEVERAL OCCURRENCES
COLUMN 17 PEAK WIND IN M.P.H.
PRELIMINARY LOCAL CLIMATOLOGICAL DATA (WS FORM: F-6) , PAGE 2
STATION: FRANKFORT KY
MONTH: APRIL
YEAR: 2024
LATITUDE: 38 10 N
LONGITUDE: 84 54 W
[TEMPERATURE DATA] [PRECIPITATION DATA] SYMBOLS USED IN COLUMN 16
AVERAGE MONTHLY: 59.1 TOTAL FOR MONTH: 4.50 1 = FOG OR MIST
DPTR FM NORMAL: 4.4 DPTR FM NORMAL: 1.89 2 = FOG REDUCING VISIBILITY
HIGHEST: 85 ON 15 GRTST 24HR 1.77 ON 10-11 TO 1/4 MILE OR LESS
LOWEST: 29 ON 6 3 = THUNDER
SNOW, ICE PELLETS, HAIL 4 = ICE PELLETS
TOTAL MONTH: M 5 = HAIL
GRTST 24HR M ON M 6 = FREEZING RAIN OR DRIZZLE
GRTST DEPTH: M ON M 7 = DUSTSTORM OR SANDSTORM:
VSBY 1/2 MILE OR LESS
8 = SMOKE OR HAZE
[NO. OF DAYS WITH] [WEATHER - DAYS WITH] 9 = BLOWING SNOW
X = TORNADO
MAX 32 OR BELOW: 0 0.01 INCH OR MORE: 10
MAX 90 OR ABOVE: 0 0.10 INCH OR MORE: 6
MIN 32 OR BELOW: 1 0.50 INCH OR MORE: 3
MIN 0 OR BELOW: 0 1.00 INCH OR MORE: 2
[HDD (BASE 65) ]
TOTAL THIS MO. 129 CLEAR (SCALE 0-3) 7
DPTR FM NORMAL -68 PTCLDY (SCALE 4-7) 6
TOTAL FM JUL 1 3659 CLOUDY (SCALE 8-10) 5
DPTR FM NORMAL -549
[CDD (BASE 65) ]
TOTAL THIS MO. 30
DPTR FM NORMAL 19 [PRESSURE DATA]
TOTAL FM JAN 1 30 HIGHEST SLP M ON M
DPTR FM NORMAL 15 LOWEST SLP 29.33 ON 11
[REMARKS]