000
CXUS55 KLMK 030938
CLMFFT
CLIMATE REPORT
NATIONAL WEATHER SERVICE LOUISVILLE KY
538 AM EDT MON JUL 03 2023
...................................
...THE FRANKFORT KY CLIMATE SUMMARY FOR THE MONTH OF JUNE 2023...
CLIMATE NORMAL PERIOD 1991 TO 2020
CLIMATE RECORD PERIOD 1895 TO 2023
WEATHER OBSERVED NORMAL DEPART LAST YEAR`S
VALUE DATE(S) VALUE FROM VALUE DATE(S)
NORMAL
................................................................
TEMPERATURE (F)
RECORD
HIGH 106 06/29/1936
LOW 36 06/01/1966
HIGHEST 92 06/03 MM MM 96 06/22
LOWEST 47 06/09 MM MM 51 06/04
06/10
AVG. MAXIMUM 81.8 84.7 -2.9 86.7
AVG. MINIMUM 58.0 62.8 -4.8 62.5
MEAN 69.9 73.7 -3.8 74.6
DAYS MAX >= 90 2 4.9 -2.9 9
DAYS MAX <= 32 0 0.0 0.0 0
DAYS MIN <= 32 0 0.0 0.0 0
DAYS MIN <= 0 0 0.0 0.0 0
PRECIPITATION (INCHES)
RECORD
MAXIMUM 9.58 1960
MINIMUM 0.22 1936
TOTALS 5.96 4.34 1.62 2.86
DAILY AVG. 0.20 0.14 0.06 0.10
DAYS >= .01 9 12.6 -3.6 11
DAYS >= .10 6 8.3 -2.3 5
DAYS >= .50 4 3.2 0.8 2
DAYS >= 1.00 3 1.1 1.9 0
GREATEST
24 HR. TOTAL 1.93 06/29 TO 06/30
DEGREE DAYS
HEATING TOTAL 11 7 4 0
SINCE 7/1 3985 4384 -399 MM
COOLING TOTAL 167 269 -102 295
SINCE 1/1 246 408 -162 MM
................................................................
WIND (MPH)
AVERAGE WIND SPEED 5.3
HIGHEST WIND SPEED/DIRECTION 25/310 DATE 06/25
HIGHEST GUST SPEED/DIRECTION 43/300 DATE 06/25
SKY COVER
POSSIBLE SUNSHINE (PERCENT) MM
AVERAGE SKY COVER 0.38
NUMBER OF DAYS FAIR 16
NUMBER OF DAYS PC 7
NUMBER OF DAYS CLOUDY 7
AVERAGE RH (PERCENT) 69
WEATHER CONDITIONS. NUMBER OF DAYS WITH
THUNDERSTORM 7 MIXED PRECIP 0
HEAVY RAIN 5 RAIN 6
LIGHT RAIN 10 FREEZING RAIN 0
LT FREEZING RAIN 0 HAIL 0
HEAVY SNOW 0 SNOW 0
LIGHT SNOW 0 SLEET 0
FOG 16 FOG W/VIS <= 1/4 MILE 1
HAZE 8
- INDICATES NEGATIVE NUMBERS.
R INDICATES RECORD WAS SET OR TIED.
MM INDICATES DATA IS MISSING.
T INDICATES TRACE AMOUNT.
$$