000
CXUS53 KFGF 010915
CF6FGF
PRELIMINARY LOCAL CLIMATOLOGICAL DATA (WS FORM: F-6)
STATION: GRAND FORKS UNIV. (NWS) ND
MONTH: FEBRUARY
YEAR: 2024
LATITUDE: 47 55 N
LONGITUDE: 97 6 W
TEMPERATURE IN F: :PCPN: SNOW: WIND :SUNSHINE: SKY :PK WND
================================================================================
1 2 3 4 5 6A 6B 7 8 9 10 11 12 13 14 15 16 17 18
12Z AVG MX 2MIN
DY MAX MIN AVG DEP HDD CDD WTR SNW DPTH SPD SPD DIR MIN PSBL S-S WX SPD DR
================================================================================
1 39 23 31 23 34 0 0.00 0.0 T M M M M M M M M
2 38 28 33 25 32 0 0.00 0.0 T M M M M M M M M
3 34 31 33 25 32 0 T 0.0 0 M M M M M M 1 M M
4 34 29 32 24 33 0 T 0.0 0 M M M M M M 12 M M
5 34 29 32 24 33 0 T 0.0 0 M M M M M M 12 M M
6 37 32 35 26 30 0 T 0.0 0 M M M M M M M M
7 42 31 37 28 28 0 0.03 0.0 0 M M M M M M M M
8 43 21 32 23 33 0 0.32 0.8 0 M M M M M M M M
9 24 17 21 12 44 0 0.02 0.3 1 M M M M M M M M
10 30 22 26 16 39 0 T T 1 M M M M M M M M
11 32 12 22 12 43 0 0.00 0.0 1 M M M M M M M M
12 31 20 26 16 39 0 T T 1 M M M M M M M M
13 33 25 29 18 36 0 T T T M M M M M M M M
14 31 14 23 12 42 0 0.00 0.0 T M M M M M M M M
15 19 6 13 2 52 0 T T T M M M M M M M M
16 20 2 11 -1 54 0 T T T M M M M M M M M
17 36 15 26 14 39 0 0.00 0.0 T M M M M M M M M
18 32 17 25 13 40 0 0.00 0.0 T M M M M M M M M
19 38 17 28 15 37 0 0.00 0.0 0 M M M M M M M M
20 34 21 28 15 37 0 0.00 0.0 0 M M M M M M M M
21 38 26 32 18 33 0 0.00 0.0 0 M M M M M M M M
22 46 23 35 21 30 0 0.00 0.0 0 M M M M M M M M
23 28 18 23 9 42 0 T T 0 M M M M M M M M
24 54 20 37 22 28 0 T 0.0 0 M M M M M M M M
25 35 27 31 16 34 0 0.00 0.0 0 M M M M M M M M
26 53 23 38 22 27 0 0.01 0.1 T M M M M M M M M
27 23 -8 8 -8 57 0 0.45 6.0 4 M M M M M M 9 M M
28 5 -11 -3 -20 68 0 0.00 0.0 3 M M M M M M M M
29 32 -2 15 -2 50 0 0.00 0.0 2 M M M M M M M M
================================================================================
SM 975 528 1126 0 0.83 7.2 M M M
================================================================================
AV 33.6 18.2 M FASTST M M M MAX(MPH)
MISC ----> M M M M
================================================================================
NOTES:
# LAST OF SEVERAL OCCURRENCES
COLUMN 17 PEAK WIND IN M.P.H.
PRELIMINARY LOCAL CLIMATOLOGICAL DATA (WS FORM: F-6) , PAGE 2
STATION: GRAND FORKS UNIV. (NWS) ND
MONTH: FEBRUARY
YEAR: 2024
LATITUDE: 47 55 N
LONGITUDE: 97 6 W
[TEMPERATURE DATA] [PRECIPITATION DATA] SYMBOLS USED IN COLUMN 16
AVERAGE MONTHLY: 25.9 TOTAL FOR MONTH: 0.83 1 = FOG OR MIST
DPTR FM NORMAL: 14.5 DPTR FM NORMAL: 0.27 2 = FOG REDUCING VISIBILITY
HIGHEST: 54 ON 24 GRTST 24HR 0.45 ON 27-27 TO 1/4 MILE OR LESS
LOWEST: -11 ON 28 3 = THUNDER
SNOW, ICE PELLETS, HAIL 4 = ICE PELLETS
TOTAL MONTH: 7.2 INCHES 5 = HAIL
GRTST 24HR 6.0 ON 27-27 6 = FREEZING RAIN OR DRIZZLE
GRTST DEPTH: 4 ON 27 7 = DUSTSTORM OR SANDSTORM:
VSBY 1/2 MILE OR LESS
8 = SMOKE OR HAZE
[NO. OF DAYS WITH] [WEATHER - DAYS WITH] 9 = BLOWING SNOW
X = TORNADO
MAX 32 OR BELOW: 12 0.01 INCH OR MORE: 5
MAX 90 OR ABOVE: 0 0.10 INCH OR MORE: 2
MIN 32 OR BELOW: 29 0.50 INCH OR MORE: 0
MIN 0 OR BELOW: 3 1.00 INCH OR MORE: 0
[HDD (BASE 65) ]
TOTAL THIS MO. 1126 CLEAR (SCALE 0-3) 0
DPTR FM NORMAL -373 PTCLDY (SCALE 4-7) 0
TOTAL FM JUL 1 5693 CLOUDY (SCALE 8-10) 29
DPTR FM NORMAL -1375
[CDD (BASE 65) ]
TOTAL THIS MO. 0
DPTR FM NORMAL 0 [PRESSURE DATA]
TOTAL FM JAN 1 0 HIGHEST SLP M ON M
DPTR FM NORMAL 0 LOWEST SLP M ON M
[REMARKS]
#FINAL-02-24#