000
CXUS53 KARX 010900
CF6FKA
PRELIMINARY LOCAL CLIMATOLOGICAL DATA (WS FORM: F-6)
STATION: PRESTON MN
MONTH: MARCH
YEAR: 2023
LATITUDE: 43 40 N
LONGITUDE: 92 11 W
TEMPERATURE IN F: :PCPN: SNOW: WIND :SUNSHINE: SKY :PK WND
================================================================================
1 2 3 4 5 6A 6B 7 8 9 10 11 12 13 14 15 16 17 18
12Z AVG MX 2MIN
DY MAX MIN AVG DEP HDD CDD WTR SNW DPTH SPD SPD DIR MIN PSBL S-S WX SPD DR
================================================================================
1 42 27 35 M 30 0 M M M 12.3 22 260 M M 10 1 28 260
2 32 22 27 M 38 0 M M M 5.7 15 340 M M 8 18 340
3 40 24 32 M 33 0 0.00 0.0 M 4.0 9 340 M M 0 1 M M
4 39 27 33 M 32 0 0.00 0.0 M 7.0 10 280 M M 0 1 16 280
5 40 23 32 M 33 0 M M M 7.9 15 90 M M 4 21 100
6 34 32 33 M 32 0 M M M 10.2 16 360 M M 10 12 23 360
7 39 32 36 M 29 0 M M M 8.8 13 60 M M 6 18 60
8 39 29 34 M 31 0 M M M 7.9 14 160 M M 5 21 140
9 35 27 31 M 34 0 M M M 9.7 14 80 M M 9 8 22 80
10 31 25 28 M 37 0 M M M 6.2 10 20 M M 9 16 10
11 31 28 30 M 35 0 M M M 8.4 14 140 M M 10 1 20 140
12 31 24 28 M 37 0 M M M 12.5 22 320 M M 9 1 28 320
13 29 13 21 M 44 0 M M M 11.1 16 340 M M 8 8 23 330
14 31 8 20 M 45 0 0.00 0.0 M 7.1 13 180 M M 1 1 18 170
15 44 28 36 M 29 0 0.00 0.0 M 14.7 20 190 M M 2 25 190
16 42 23 33 M 32 0 M M M 13.8 25 330 M M 8 1 35 340
17 23 4 14 M 51 0 T M M 22.0 29 290 M M 5 8 37 290
18 22 5 14 M 51 0 T M M 17.3 21 310 M M 5 18 29 320
19 38 9 24 M 41 0 0.00 M M 12.8 20 210 M M 0 30 210
20 43 28 36 M 29 0 0.00 0.0 0 8.6 21 210 M M 0 29 210
21 52 29 41 M 24 0 0.00 0.0 0 8.9 18 170 M M 5 23 170
22 40 30 35 M 30 0 0.01 0.0 0 10.6 17 180 M M 9 1 25 190
23 38 27 33 M 32 0 0.00 0.0 M 8.2 12 360 M M 3 1 16 360
24 46 22 34 M 31 0 0.00 0.0 M 3.9 12 150 M M 0 M M
25 44 29 37 M 28 0 0.00 0.0 M 9.0 16 300 M M 0 22 300
26 42 25 34 M 31 0 0.00 0.0 0 7.2 15 350 M M 0 1 20 350
27 43 24 34 M 31 0 0.00 0.0 M 8.2 12 330 M M 0 17 330
28 39 19 29 M 36 0 0.01 M M 8.5 14 260 M M 2 1 23 250
29 29 15 22 M 43 0 M M M 8.8 16 360 M M 1 21 320
30 41 17 29 M 36 0 M M M 8.2 15 130 M M 4 21 150
31 45 32 39 M 26 0 M M M 9.3 24 30 M M 10 123 31 30
================================================================================
SM 1164 707 1071 0 0.02 0.0 298.8 M 143
================================================================================
AV 37.5 22.8 9.6 FASTST M M 5 MAX(MPH)
MISC ----> 29 290 37 290
================================================================================
NOTES:
# LAST OF SEVERAL OCCURRENCES
COLUMN 17 PEAK WIND IN M.P.H.
PRELIMINARY LOCAL CLIMATOLOGICAL DATA (WS FORM: F-6) , PAGE 2
STATION: PRESTON MN
MONTH: MARCH
YEAR: 2023
LATITUDE: 43 40 N
LONGITUDE: 92 11 W
[TEMPERATURE DATA] [PRECIPITATION DATA] SYMBOLS USED IN COLUMN 16
AVERAGE MONTHLY: 30.2 TOTAL FOR MONTH: 0.02 1 = FOG OR MIST
DPTR FM NORMAL: 0.0 DPTR FM NORMAL: M 2 = FOG REDUCING VISIBILITY
HIGHEST: 52 ON 21 GRTST 24HR 0.01 ON 22-22 TO 1/4 MILE OR LESS
LOWEST: 4 ON 17 3 = THUNDER
SNOW, ICE PELLETS, HAIL 4 = ICE PELLETS
TOTAL MONTH: 0.0 INCH 5 = HAIL
GRTST 24HR 0.0 6 = FREEZING RAIN OR DRIZZLE
GRTST DEPTH: 0 7 = DUSTSTORM OR SANDSTORM:
VSBY 1/2 MILE OR LESS
8 = SMOKE OR HAZE
[NO. OF DAYS WITH] [WEATHER - DAYS WITH] 9 = BLOWING SNOW
X = TORNADO
MAX 32 OR BELOW: 9 0.01 INCH OR MORE: 2
MAX 90 OR ABOVE: 0 0.10 INCH OR MORE: 0
MIN 32 OR BELOW: 31 0.50 INCH OR MORE: 0
MIN 0 OR BELOW: 0 1.00 INCH OR MORE: 0
[HDD (BASE 65) ]
TOTAL THIS MO. 1071 CLEAR (SCALE 0-3) 13
DPTR FM NORMAL M PTCLDY (SCALE 4-7) 10
TOTAL FM JUL 1 6705 CLOUDY (SCALE 8-10) 8
DPTR FM NORMAL M
[CDD (BASE 65) ]
TOTAL THIS MO. 0
DPTR FM NORMAL M [PRESSURE DATA]
TOTAL FM JAN 1 0 HIGHEST SLP M ON M
DPTR FM NORMAL M LOWEST SLP M ON M
[REMARKS]
#FINAL-03-23#