000
CXUS53 KARX 020845
CF6FKA
PRELIMINARY LOCAL CLIMATOLOGICAL DATA (WS FORM: F-6)
STATION: PRESTON MN
MONTH: MAY
YEAR: 2022
LATITUDE: 43 40 N
LONGITUDE: 92 11 W
TEMPERATURE IN F: :PCPN: SNOW: WIND :SUNSHINE: SKY :PK WND
================================================================================
1 2 3 4 5 6A 6B 7 8 9 10 11 12 13 14 15 16 17 18
12Z AVG MX 2MIN
DY MAX MIN AVG DEP HDD CDD WTR SNW DPTH SPD SPD DIR MIN PSBL S-S WX SPD DR
================================================================================
1 46 40 43 M 22 0 0.03 0.0 0 16.0 21 270 M M 10 1 28 290
2 45 38 42 M 23 0 0.00 0.0 0 7.8 14 310 M M 8 20 310
3 53 39 46 M 19 0 M 0.0 0 7.9 14 40 M M 5 21 20
4 60 34 47 M 18 0 0.00 0.0 0 3.3 9 150 M M 1 M M
5 59 41 50 M 15 0 0.00 0.0 0 3.5 8 140 M M 7 M M
6 66 45 56 M 9 0 0.00 0.0 0 5.1 12 100 M M 0 17 50
7 70 41 56 M 9 0 0.00 0.0 0 8.7 15 150 M M 0 23 130
8 59 48 54 M 11 0 M 0.0 0 14.0 25 150 M M 6 33 150
9 84 55 70 M 0 5 M 0.0 0 18.1 29 170 M M 7 3 39 170
10 77 57 67 M 0 2 0.00 0.0 0 7.0 12 40 M M 4 16 30
11 91 64 78 M 0 13 0.00 0.0 0 9.6 18 170 M M 3 18 24 170
12 92 70 81 M 0 16 0.00 0.0 0 15.5 23 170 M M 0 32 150
13 79 61 70 M 0 5 0.00 0.0 0 8.9 15 190 M M 0 8 24 210
14 84 55 70 M 0 5 0.00 0.0 0 9.5 21 300 M M 0 27 240
15 74 50 62 M 3 0 0.00 0.0 0 8.8 17 320 M M 0 25 320
16 73 49 61 M 4 0 0.00 0.0 0 13.0 29 300 M M 0 8 35 300
17 58 50 54 M 11 0 M 0.0 0 4.4 10 170 M M 2 8 10 140
18 72 51 62 M 3 0 M 0.0 0 5.7 8 240 M M 5 M M
19 84 52 68 M 0 3 0.02 0.0 0 9.2 28 200 M M 1 3 37 200
20 70 50 60 M 5 0 M 0.0 0 11.2 24 330 M M 3 3 32 330
21 55 42 49 M 16 0 0.00 0.0 0 10.4 16 310 M M 5 23 330
22 56 40 48 M 17 0 0.00 0.0 0 10.3 21 310 M M 4 8 28 310
23 59 35 47 M 18 0 0.00 0.0 0 3.9 9 80 M M 0 8 18 50
24 63 44 54 M 11 0 M 0.0 0 7.7 14 110 M M 2 18 120
25 52 45 49 M 16 0 M 0.0 0 10.0 16 60 M M 10 1 22 50
26 52 47 50 M 15 0 0.01 0.0 0 8.9 14 350 M M 10 1 17 350
27 72 45 59 M 6 0 0.00 0.0 0 6.3 13 350 M M 0 17 10
28 80 55 68 M 0 3 M 0.0 0 14.6 31 170 M M 1 36 170
29 80 62 71 M 0 6 0.01 0.0 0 14.4 21 170 M M 1 3 32 160
30 86 61 74 M 0 9 0.06 0.0 0 19.9 33 180 M M 2 47 180
31 78 55 67 M 0 2 0.06 0.0 0 15.2 21 240 M M 2 3 43 230
================================================================================
SM 2129 1521 251 69 0.19 0.0 308.8 M 99
================================================================================
AV 68.7 49.1 10.0 FASTST M M 3 MAX(MPH)
MISC ----> 33 180 47 180
================================================================================
NOTES:
# LAST OF SEVERAL OCCURRENCES
COLUMN 17 PEAK WIND IN M.P.H.
PRELIMINARY LOCAL CLIMATOLOGICAL DATA (WS FORM: F-6) , PAGE 2
STATION: PRESTON MN
MONTH: MAY
YEAR: 2022
LATITUDE: 43 40 N
LONGITUDE: 92 11 W
[TEMPERATURE DATA] [PRECIPITATION DATA] SYMBOLS USED IN COLUMN 16
AVERAGE MONTHLY: 58.9 TOTAL FOR MONTH: 0.19 1 = FOG OR MIST
DPTR FM NORMAL: 0.0 DPTR FM NORMAL: M 2 = FOG REDUCING VISIBILITY
HIGHEST: 92 ON 12 GRTST 24HR 0.06 ON 30-30 TO 1/4 MILE OR LESS
LOWEST: 34 ON 4 3 = THUNDER
SNOW, ICE PELLETS, HAIL 4 = ICE PELLETS
TOTAL MONTH: 0.0 INCH 5 = HAIL
GRTST 24HR 0.0 6 = FREEZING RAIN OR DRIZZLE
GRTST DEPTH: 0 7 = DUSTSTORM OR SANDSTORM:
VSBY 1/2 MILE OR LESS
8 = SMOKE OR HAZE
[NO. OF DAYS WITH] [WEATHER - DAYS WITH] 9 = BLOWING SNOW
X = TORNADO
MAX 32 OR BELOW: 0 0.01 INCH OR MORE: 6
MAX 90 OR ABOVE: 2 0.10 INCH OR MORE: 0
MIN 32 OR BELOW: 0 0.50 INCH OR MORE: 0
MIN 0 OR BELOW: 0 1.00 INCH OR MORE: 0
[HDD (BASE 65) ]
TOTAL THIS MO. 251 CLEAR (SCALE 0-3) 18
DPTR FM NORMAL M PTCLDY (SCALE 4-7) 9
TOTAL FM JUL 1 7655 CLOUDY (SCALE 8-10) 4
DPTR FM NORMAL M
[CDD (BASE 65) ]
TOTAL THIS MO. 69
DPTR FM NORMAL M [PRESSURE DATA]
TOTAL FM JAN 1 69 HIGHEST SLP M ON M
DPTR FM NORMAL M LOWEST SLP M ON M
[REMARKS]
#FINAL-05-22#