000
CXUS56 KFGZ 010910
CF6FLG
PRELIMINARY LOCAL CLIMATOLOGICAL DATA (WS FORM: F-6)
STATION: FLAGSTAFF AZ AIRPORT
MONTH: JANUARY
YEAR: 2024
LATITUDE: 35 7 N
LONGITUDE: 111 40 W
TEMPERATURE IN F: :PCPN: SNOW: WIND :SUNSHINE: SKY :PK WND
================================================================================
1 2 3 4 5 6A 6B 7 8 9 10 11 12 13 14 15 16 17 18
12Z AVG MX 2MIN
DY MAX MIN AVG DEP HDD CDD WTR SNW DPTH SPD SPD DIR MIN PSBL S-S WX SPD DR
================================================================================
1 44 17 31 2 34 0 0.00 0.0 0 1.7 10 60 M M 1 16 200
2 48 12 30 0 35 0 0.00 0.0 0 2.2 15 210 M M 0 20 220
3 43 17 30 0 35 0 0.35 5.3 5 6.9 26 220 M M 4 12 41 200
4 32 22 27 -3 38 0 T T 5 5.8 12 290 M M 6 1 25 260
5 38 7 23 -7 42 0 0.00 0.0 3 3.6 14 260 M M 2 1 24 260
6 34 4 19 -11 46 0 0.00 0.0 3 8.2 28 220 M M 1 39 210
7 26 15 21 -9 44 0 0.41 10.8 3 13.8 28 210 M M 9 12 37 210
8 32 3 18 -12 47 0 0.00 0.0 10 3.7 12 320 M M 0 8 21 300
9 46 -2 22 -8 43 0 0.00 0.0 8 4.2 13 310 M M 0 26 320
10 33 11 22 -8 43 0 0.00 0.0 6 10.7 22 230 M M 0 28 220
11 27 3 15 -15 50 0 0.18 3.5 6 13.9 31 210 M M 6 12 46 210
12 42 5 24 -6 41 0 0.00 0.0 8 8.5 16 220 M M 0 30 260
13 45 11 28 -2 37 0 0.00 0.0 8 8.3 20 230 M M 1 30 230
14 45 20 33 3 32 0 0.00 0.0 7 8.1 17 190 M M 0 24 240
15 48 23 36 6 29 0 0.00 0.0 7 6.1 16 250 M M 0 24 240
16 50 11 31 0 34 0 0.00 0.0 6 2.7 15 210 M M 0 18 220
17 44 20 32 1 33 0 0.00 0.0 5 8.9 26 230 M M 7 44 230
18 52 23 38 7 27 0 0.00 0.0 4 4.5 13 220 M M 0 16 190
19 49 23 36 5 29 0 0.00 0.0 3 1.9 14 210 M M 0 16 210
20 48 26 37 6 28 0 0.04 T 2 6.1 18 210 M M 4 1 24 220
21 36 31 34 3 31 0 0.07 T T 5.6 14 220 M M 10 1 19 220
22 38 31 35 4 30 0 0.06 0.4 T 2.9 14 210 M M 10 1 17 220
23 37 33 35 4 30 0 0.24 1.4 2 2.1 8 200 M M 10 1 11 220
24 45 29 37 6 28 0 0.00 0.0 T 5.6 17 210 M M 6 1 22 210
25 39 31 35 4 30 0 0.18 0.8 0 7.9 21 230 M M 8 123 30 310
26 44 19 32 1 33 0 0.00 0.0 T 7.0 20 60 M M 0 29 40
27 47 25 36 5 29 0 0.00 0.0 T 10.5 21 70 M M 0 28 70
28 50 33 42 11 23 0 0.00 0.0 0 10.2 20 80 M M 0 28 80
29 53 28 41 10 24 0 0.00 0.0 0 5.5 13 80 M M 0 24 70
30 58 23 41 10 24 0 0.00 0.0 0 2.1 10 60 M M 0 14 130
31 54 23 39 8 26 0 0.00 0.0 0 3.9 18 210 M M 1 27 180
================================================================================
SM 1327 577 1055 0 1.53 22.2 193.1 M 86
================================================================================
AV 42.8 18.6 6.2 FASTST M M 3 MAX(MPH)
MISC ----> 31 210 46 210
================================================================================
NOTES:
# LAST OF SEVERAL OCCURRENCES
COLUMN 17 PEAK WIND IN M.P.H.
PRELIMINARY LOCAL CLIMATOLOGICAL DATA (WS FORM: F-6) , PAGE 2
STATION: FLAGSTAFF AZ AIRPORT
MONTH: JANUARY
YEAR: 2024
LATITUDE: 35 7 N
LONGITUDE: 111 40 W
[TEMPERATURE DATA] [PRECIPITATION DATA] SYMBOLS USED IN COLUMN 16
AVERAGE MONTHLY: 30.7 TOTAL FOR MONTH: 1.53 1 = FOG OR MIST
DPTR FM NORMAL: 0.2 DPTR FM NORMAL: -0.52 2 = FOG REDUCING VISIBILITY
HIGHEST: 58 ON 30 GRTST 24HR 0.41 ON 7- 7 TO 1/4 MILE OR LESS
LOWEST: -2 ON 9 3 = THUNDER
SNOW, ICE PELLETS, HAIL 4 = ICE PELLETS
TOTAL MONTH: 22.2 INCHES 5 = HAIL
GRTST 24HR 10.8 ON 7- 7 6 = FREEZING RAIN OR DRIZZLE
GRTST DEPTH: 10 ON 8 7 = DUSTSTORM OR SANDSTORM:
VSBY 1/2 MILE OR LESS
8 = SMOKE OR HAZE
[NO. OF DAYS WITH] [WEATHER - DAYS WITH] 9 = BLOWING SNOW
X = TORNADO
MAX 32 OR BELOW: 4 0.01 INCH OR MORE: 8
MAX 90 OR ABOVE: 0 0.10 INCH OR MORE: 5
MIN 32 OR BELOW: 29 0.50 INCH OR MORE: 0
MIN 0 OR BELOW: 1 1.00 INCH OR MORE: 0
[HDD (BASE 65) ]
TOTAL THIS MO. 1055 CLEAR (SCALE 0-3) 20
DPTR FM NORMAL -15 PTCLDY (SCALE 4-7) 6
TOTAL FM JUL 1 3367 CLOUDY (SCALE 8-10) 5
DPTR FM NORMAL -425
[CDD (BASE 65) ]
TOTAL THIS MO. 0
DPTR FM NORMAL 0 [PRESSURE DATA]
TOTAL FM JAN 1 0 HIGHEST SLP M ON M
DPTR FM NORMAL 0 LOWEST SLP 29.49 ON 7
[REMARKS]
#FINAL-01-24#