000
CXUS52 KMFL 011030
CF6FLL
PRELIMINARY LOCAL CLIMATOLOGICAL DATA (WS FORM: F-6)
STATION: FORT LAUDERDALE
MONTH: AUGUST
YEAR: 2021
LATITUDE: 26 4 N
LONGITUDE: 80 9 W
TEMPERATURE IN F: :PCPN: SNOW: WIND :SUNSHINE: SKY :PK WND
================================================================================
1 2 3 4 5 6A 6B 7 8 9 10 11 12 13 14 15 16 17 18
12Z AVG MX 2MIN
DY MAX MIN AVG DEP HDD CDD WTR SNW DPTH SPD SPD DIR MIN PSBL S-S WX SPD DR
================================================================================
1 91 78 85 1 0 20 1.12 0.0 0 6.4 17 130 M M 4 3 23 270
2 91 78 85 1 0 20 0.19 0.0 0 3.5 21 170 M M 7 3 28 160
3 88 73 81 -3 0 16 M 0.0 0 7.2 25 260 M M 9 13 33 260
4 90 74 82 -2 0 17 T 0.0 0 4.5 26 240 M M 7 3 36 240
5 91 79 85 1 0 20 0.00 M M 7.2 20 260 M M 6 3 23 250
6 91 79 85 1 0 20 0.10 M M 8.0 18 130 M M 3 13 24 140
7 91 81 86 2 0 21 0.09 0.0 M 7.0 17 140 M M 5 3 23 160
8 90 78 84 0 0 19 0.04 0.0 M 5.9 15 140 M M 5 13 19 140
9 90 83 87 3 0 22 0.00 0.0 0 10.5 17 110 M M 4 21 120
10 91 81 86 2 0 21 0.02 0.0 0 10.6 18 80 M M 5 23 110
11 90 82 86 2 0 21 T M M 11.8 18 130 M M 4 13 26 90
12 90 77 84 0 0 19 0.63 0.0 0 12.0 26 110 M M 6 13 35 110
13 89 76 83 -1 0 18 0.41 0.0 0 12.1 32 100 M M 7 13 42 110
14 88 75 82 -2 0 17 0.15 0.0 0 13.8 32 100 M M 8 13 39 90
15 86 77 82 -2 0 17 T 0.0 0 13.2 22 100 M M 8 27 100
16 91 80 86 2 0 21 T 0.0 0 8.9 18 140 M M 6 23 130
17 91 82 87 3 0 22 0.05 0.0 0 10.9 21 110 M M 5 1 26 110
18 91 83 87 3 0 22 0.00 0.0 0 13.1 20 90 M M 4 26 120
19 90 81 86 2 0 21 0.04 M M 8.0 15 100 M M 4 1 23 100
20 91 78 85 1 0 20 0.00 M M 6.0 15 140 M M 3 20 80
21 91 80 86 2 0 21 0.00 M M 8.1 17 120 M M 4 21 130
22 91 83 87 3 0 22 0.00 0.0 0 8.0 16 130 M M 6 3 21 140
23 91 80 86 2 0 21 0.00 0.0 0 9.7 18 130 M M 8 23 130
24 90 83 87 3 0 22 0.00 0.0 0 11.2 20 130 M M 8 23 120
25 91 76 84 0 0 19 0.24 0.0 0 14.9 31 100 M M 8 13 40 90
26 90 76 83 -1 0 18 0.01 M M 13.0 20 90 M M 7 3 26 100
27 89 79 84 0 0 19 0.11 0.0 0 14.1 20 120 M M 6 13 25 120
28 91 83 87 3 0 22 0.00 0.0 0 13.7 21 140 M M 7 26 130
29 90 82 86 3 0 21 0.00 0.0 0 9.7 16 90 M M 6 21 110
30 90 75 83 0 0 18 0.33 0.0 0 5.7 16 300 M M 5 138 21 110
31 91 75 83 0 0 18 0.21 M M 3.7 15 30 M M 6 13 23 20
================================================================================
SM 2796 2447 0 615 3.74 0.0 292.4 M 181
================================================================================
AV 90.2 78.9 9.4 FASTST M M 6 MAX(MPH)
MISC ----> # 32 100 42 110
================================================================================
NOTES:
# LAST OF SEVERAL OCCURRENCES
COLUMN 17 PEAK WIND IN M.P.H.
PRELIMINARY LOCAL CLIMATOLOGICAL DATA (WS FORM: F-6) , PAGE 2
STATION: FORT LAUDERDALE
MONTH: AUGUST
YEAR: 2021
LATITUDE: 26 4 N
LONGITUDE: 80 9 W
[TEMPERATURE DATA] [PRECIPITATION DATA] SYMBOLS USED IN COLUMN 16
AVERAGE MONTHLY: 84.6 TOTAL FOR MONTH: 3.74 1 = FOG OR MIST
DPTR FM NORMAL: 0.6 DPTR FM NORMAL: -4.15 2 = FOG REDUCING VISIBILITY
HIGHEST: 91 ON 31,28 GRTST 24HR 1.12 ON 1- 1 TO 1/4 MILE OR LESS
LOWEST: 73 ON 3 3 = THUNDER
SNOW, ICE PELLETS, HAIL 4 = ICE PELLETS
TOTAL MONTH: 0.0 INCH 5 = HAIL
GRTST 24HR 0.0 6 = FREEZING RAIN OR DRIZZLE
GRTST DEPTH: 0 7 = DUSTSTORM OR SANDSTORM:
VSBY 1/2 MILE OR LESS
8 = SMOKE OR HAZE
[NO. OF DAYS WITH] [WEATHER - DAYS WITH] 9 = BLOWING SNOW
X = TORNADO
MAX 32 OR BELOW: 0 0.01 INCH OR MORE: 16
MAX 90 OR ABOVE: 26 0.10 INCH OR MORE: 10
MIN 32 OR BELOW: 0 0.50 INCH OR MORE: 2
MIN 0 OR BELOW: 0 1.00 INCH OR MORE: 1
[HDD (BASE 65) ]
TOTAL THIS MO. 0 CLEAR (SCALE 0-3) 1
DPTR FM NORMAL 0 PTCLDY (SCALE 4-7) 29
TOTAL FM JUL 1 0 CLOUDY (SCALE 8-10) 1
DPTR FM NORMAL 0
[CDD (BASE 65) ]
TOTAL THIS MO. 615
DPTR FM NORMAL 28 [PRESSURE DATA]
TOTAL FM JAN 1 3298 HIGHEST SLP 30.15 ON 10
DPTR FM NORMAL 230 LOWEST SLP 29.87 ON 31
[REMARKS]
#FINAL-08-21#