000
CXUS52 KILM 011000
CF6FLO
PRELIMINARY LOCAL CLIMATOLOGICAL DATA (WS FORM: F-6)
STATION: FLORENCE SOUTH CAROLINA
MONTH: MAY
YEAR: 2021
LATITUDE: 34 10 N
LONGITUDE: 79 43 W
TEMPERATURE IN F: :PCPN: SNOW: WIND :SUNSHINE: SKY :PK WND
================================================================================
1 2 3 4 5 6A 6B 7 8 9 10 11 12 13 14 15 16 17 18
12Z AVG MX 2MIN
DY MAX MIN AVG DEP HDD CDD WTR SNW DPTH SPD SPD DIR MIN PSBL S-S WX SPD DR
================================================================================
1 79 52 66 -2 0 1 0.00 M M 6.7 16 50 M M 0 22 30
2 86 50 68 -1 0 3 0.00 M M 7.0 18 230 M M 1 24 220
3 87 66 77 8 0 12 0.55 M M 8.1 29 310 M M 5 13 35 300
4 90 65 78 9 0 13 0.10 M M 8.2 25 310 M M 2 33 310
5 84 68 76 6 0 11 0.00 M M 12.1 22 240 M M 2 29 250
6 78 58 68 -2 0 3 0.00 M M 6.5 18 10 M M 4 25 20
7 74 47 61 -9 4 0 0.00 M M 7.4 23 340 M M 3 1 28 340
8 80 42 61 -9 4 0 0.00 M M 7.9 22 260 M M 0 32 270
9 86 50 68 -2 0 3 0.00 M M 9.2 22 190 M M 0 30 190
10 82 69 76 5 0 11 T M M 10.1 21 250 M M 1 26 260
11 79 63 71 0 0 6 0.01 M M 6.5 13 40 M M 7 1 15 50
12 67 49 58 -13 7 0 1.00 M M 9.8 24 30 M M 10 13 33 20
13 74 45 60 -12 5 0 0.00 M M 8.5 20 50 M M 1 27 30
14 76 45 61 -11 4 0 0.00 M M 5.6 18 70 M M 0 30 360
15 79 43 61 -11 4 0 0.00 M M 4.4 15 350 M M 0 20 40
16 83 48 66 -6 0 1 0.00 M M 3.0 12 10 M M 2 14 360
17 83 54 69 -3 0 4 0.00 M M 4.2 13 210 M M 6 18 160
18 79 62 71 -2 0 6 0.00 M M 5.6 13 90 M M 3 15 90
19 83 60 72 -1 0 7 0.00 M M 6.9 17 130 M M 1 21 110
20 87 56 72 -1 0 7 0.00 M M 4.0 14 10 M M 0 21 80
21 86 56 71 -2 0 6 0.00 M M 6.4 17 70 M M 0 24 60
22 87 54 71 -3 0 6 0.00 M M 2.9 13 10 M M 0 1 16 340
23 94 61 78 4 0 13 0.00 M M 5.0 14 280 M M 1 18 280
24 96 64 80 6 0 15 0.00 M M 3.1 15 50 M M 2 19 50
25 93 69 81 7 0 16 0.00 M M 5.4 14 130 M M 1 19 110
26 96 69 83 8 0 18 0.00 M M 7.7 16 220 M M 1 20 230
27 96 70 83 8 0 18 0.00 M M 7.3 17 240 M M 2 27 240
28 95 70 83 8 0 18 T M M 11.4 25 230 M M 1 35 250
29 88 64 76 1 0 11 0.07 M M 9.4 25 320 M M 4 13 32 320
30 70 55 63 -13 2 0 0.00 M M 8.2 16 40 M M 8 18 23 10
31 80 51 66 -10 0 1 0.00 M M 4.6 14 90 M M 1 1 19 30
================================================================================
SM 2597 1775 30 210 1.73 M 213.1 M 69
================================================================================
AV 83.8 57.3 6.9 FASTST M M 2 MAX(MPH)
MISC ----> 29 310 # 35 300
================================================================================
NOTES:
# LAST OF SEVERAL OCCURRENCES
COLUMN 17 PEAK WIND IN M.P.H.
PRELIMINARY LOCAL CLIMATOLOGICAL DATA (WS FORM: F-6) , PAGE 2
STATION: FLORENCE SOUTH CAROLINA
MONTH: MAY
YEAR: 2021
LATITUDE: 34 10 N
LONGITUDE: 79 43 W
[TEMPERATURE DATA] [PRECIPITATION DATA] SYMBOLS USED IN COLUMN 16
AVERAGE MONTHLY: 70.5 TOTAL FOR MONTH: 1.73 1 = FOG OR MIST
DPTR FM NORMAL: -1.7 DPTR FM NORMAL: -1.98 2 = FOG REDUCING VISIBILITY
HIGHEST: 96 ON 27,26 GRTST 24HR 1.01 ON 11-12 TO 1/4 MILE OR LESS
LOWEST: 42 ON 8 3 = THUNDER
SNOW, ICE PELLETS, HAIL 4 = ICE PELLETS
TOTAL MONTH: M 5 = HAIL
GRTST 24HR M ON M 6 = FREEZING RAIN OR DRIZZLE
GRTST DEPTH: M ON M 7 = DUSTSTORM OR SANDSTORM:
VSBY 1/2 MILE OR LESS
8 = SMOKE OR HAZE
[NO. OF DAYS WITH] [WEATHER - DAYS WITH] 9 = BLOWING SNOW
X = TORNADO
MAX 32 OR BELOW: 0 0.01 INCH OR MORE: 5
MAX 90 OR ABOVE: 7 0.10 INCH OR MORE: 3
MIN 32 OR BELOW: 0 0.50 INCH OR MORE: 2
MIN 0 OR BELOW: 0 1.00 INCH OR MORE: 1
[HDD (BASE 65) ]
TOTAL THIS MO. 30 CLEAR (SCALE 0-3) 23
DPTR FM NORMAL 14 PTCLDY (SCALE 4-7) 7
TOTAL FM JUL 1 2250 CLOUDY (SCALE 8-10) 1
DPTR FM NORMAL -80
[CDD (BASE 65) ]
TOTAL THIS MO. 210
DPTR FM NORMAL -30 [PRESSURE DATA]
TOTAL FM JAN 1 339 HIGHEST SLP 30.45 ON 21
DPTR FM NORMAL -20 LOWEST SLP 29.69 ON 5
[REMARKS]
#FINAL-05-21#