000
CXUS54 KLZK 011230
CF6FLP
PRELIMINARY LOCAL CLIMATOLOGICAL DATA (WS FORM: F-6)
STATION: FLIPPIN
MONTH: FEBRUARY
YEAR: 2022
LATITUDE: 36 17 N
LONGITUDE: 92 28 W
TEMPERATURE IN F: :PCPN: SNOW: WIND :SUNSHINE: SKY :PK WND
================================================================================
1 2 3 4 5 6A 6B 7 8 9 10 11 12 13 14 15 16 17 18
12Z AVG MX 2MIN
DY MAX MIN AVG DEP HDD CDD WTR SNW DPTH SPD SPD DIR MIN PSBL S-S WX SPD DR
================================================================================
1 63 39 51 M 14 0 T M M 4.5 13 170 M M 8 20 150
2 54 23 39 M 26 0 0.39 M M 8.8 16 340 M M 10 1 25 340
3 23 17 20 M 45 0 T M M 10.1 14 360 M M 10 12 22 350
4 35 17 26 M 39 0 0.44 M M 6.1 13 330 M M 4 1 17 330
5 46 8 27 M 38 0 0.00 M M 2.1 6 99 M M 0 M M
6 51 16 34 M 31 0 0.00 M M 1.7 5 190 M M 0 M M
7 49 28 39 M 26 0 0.00 M M 2.3 8 240 M M 0 M M
8 63 26 45 M 20 0 0.00 M M 5.4 20 240 M M 0 26 240
9 64 34 49 M 16 0 0.00 M M 6.6 18 250 M M 0 28 280
10 60 27 44 M 21 0 0.00 M M 1.6 7 30 M M 0 M M
11 69 30 50 M 15 0 0.00 M M 6.9 18 320 M M 4 25 320
12 45 22 34 M 31 0 0.00 M M 8.6 14 350 M M 0 21 350
13 49 17 33 M 32 0 0.00 M M 5.1 14 330 M M 1 22 310
14 65 22 44 M 21 0 0.00 M M 3.2 8 50 M M 0 M M
15 67 29 48 M 17 0 0.00 M M 6.0 16 190 M M 0 24 200
16 67 54 61 M 4 0 0.10 M M 11.2 22 190 M M 5 36 190
17 63 22 43 M 22 0 0.51 M M 9.5 20 320 M M 6 1 33 290
18 47 15 31 M 34 0 0.00 M M 3.8 7 240 M M 0 M M
19 55 24 40 M 25 0 0.00 M M 2.4 7 120 M M 0 M M
20 66 29 48 M 17 0 0.00 M M 7.6 16 200 M M 0 30 220
21 71 35 53 M 12 0 0.00 M M 5.2 13 180 M M 2 21 190
22 66 25 46 M 19 0 0.95 M M 9.5 20 260 M M 9 13 31 260
23 25 21 23 M 42 0 T M M 8.4 14 330 M M 10 1 17 330
24 31 22 27 M 38 0 0.52 M M 5.3 12 290 M M 10 13 20 290
25 35 16 26 M 39 0 0.02 M M 6.7 18 310 M M 3 25 300
26 38 25 32 M 33 0 0.00 M M 3.6 8 80 M M 5 1 M M
27 52 22 37 M 28 0 0.00 M M 3.1 9 320 M M 2 12 16 350
28 66 21 44 M 21 0 0.00 M M 3.0 9 240 M M 0 M M
================================================================================
SM 1485 686 726 0 2.93 M 158.3 M 89
================================================================================
AV 53.0 24.5 5.7 FASTST M M 3 MAX(MPH)
MISC ----> 22 190 36 190
================================================================================
NOTES:
# LAST OF SEVERAL OCCURRENCES
COLUMN 17 PEAK WIND IN M.P.H.
PRELIMINARY LOCAL CLIMATOLOGICAL DATA (WS FORM: F-6) , PAGE 2
STATION: FLIPPIN
MONTH: FEBRUARY
YEAR: 2022
LATITUDE: 36 17 N
LONGITUDE: 92 28 W
[TEMPERATURE DATA] [PRECIPITATION DATA] SYMBOLS USED IN COLUMN 16
AVERAGE MONTHLY: 38.8 TOTAL FOR MONTH: 2.93 1 = FOG OR MIST
DPTR FM NORMAL: 0.0 DPTR FM NORMAL: 2.93 2 = FOG REDUCING VISIBILITY
HIGHEST: 71 ON 21 GRTST 24HR 0.95 ON 22-22 TO 1/4 MILE OR LESS
LOWEST: 8 ON 5 3 = THUNDER
SNOW, ICE PELLETS, HAIL 4 = ICE PELLETS
TOTAL MONTH: M 5 = HAIL
GRTST 24HR M ON M 6 = FREEZING RAIN OR DRIZZLE
GRTST DEPTH: M ON M 7 = DUSTSTORM OR SANDSTORM:
VSBY 1/2 MILE OR LESS
8 = SMOKE OR HAZE
[NO. OF DAYS WITH] [WEATHER - DAYS WITH] 9 = BLOWING SNOW
X = TORNADO
MAX 32 OR BELOW: 3 0.01 INCH OR MORE: 7
MAX 90 OR ABOVE: 0 0.10 INCH OR MORE: 6
MIN 32 OR BELOW: 24 0.50 INCH OR MORE: 3
MIN 0 OR BELOW: 0 1.00 INCH OR MORE: 0
[HDD (BASE 65) ]
TOTAL THIS MO. 726 CLEAR (SCALE 0-3) 17
DPTR FM NORMAL M PTCLDY (SCALE 4-7) 5
TOTAL FM JUL 1 2731 CLOUDY (SCALE 8-10) 6
DPTR FM NORMAL M
[CDD (BASE 65) ]
TOTAL THIS MO. 0
DPTR FM NORMAL M [PRESSURE DATA]
TOTAL FM JAN 1 0 HIGHEST SLP 30.63 ON 25
DPTR FM NORMAL M LOWEST SLP 29.64 ON 17
[REMARKS]
#FINAL-02-22#