000
CXUS52 KTBW 011329
CF6FMY
PRELIMINARY LOCAL CLIMATOLOGICAL DATA (WS FORM: F-6)
STATION: FORT MYERS
MONTH: JUNE
YEAR: 2023
LATITUDE: 26 34 N
LONGITUDE: 81 52 W
TEMPERATURE IN F: :PCPN: SNOW: WIND :SUNSHINE: SKY :PK WND
================================================================================
1 2 3 4 5 6A 6B 7 8 9 10 11 12 13 14 15 16 17 18
12Z AVG MX 2MIN
DY MAX MIN AVG DEP HDD CDD WTR SNW DPTH SPD SPD DIR MIN PSBL S-S WX SPD DR
================================================================================
1 90 72 81 0 0 16 0.00 0.0 0 5.5 17 60 M M 4 1 21 60
2 88 72 80 -1 0 15 M 0.0 0 M M M M M M 3 M M
3 89 74 82 0 0 17 0.21 0.0 0 7.0 18 160 M M 2 13 26 160
4 92 71 82 0 0 17 0.44 0.0 0 8.6 22 20 M M 4 13 31 30
5 90 71 81 -1 0 16 0.03 0.0 0 7.9 18 70 M M 3 28 50
6 89 72 81 -1 0 16 1.08 0.0 0 6.6 21 140 M M 3 13 30 130
7 89 73 81 -1 0 16 0.00 0.0 0 7.2 18 270 M M 2 26 260
8 88 76 82 0 0 17 0.27 0.0 0 6.8 18 250 M M 2 1 25 260
9 90 78 84 2 0 19 0.00 0.0 0 7.9 15 260 M M 1 23 280
10 91 77 84 2 0 19 0.00 0.0 0 6.0 17 240 M M 0 22 250
11 91 76 84 2 0 19 0.00 0.0 0 5.8 16 260 M M 1 23 280
12 91 77 84 2 0 19 0.14 0.0 0 6.9 17 240 M M 3 1 23 240
13 92 79 86 4 0 21 T 0.0 0 6.6 18 240 M M 2 24 240
14 92 79 86 4 0 21 0.00 0.0 0 7.1 15 250 M M 2 24 250
15 93 78 86 4 0 21 0.00 0.0 0 7.5 18 240 M M 1 1 26 240
16 92 80 86 4 0 21 0.00 0.0 0 9.5 21 240 M M 3 3 29 260
17 93 77 85 3 0 20 0.17 0.0 0 9.8 24 300 M M 2 13 33 290
18 87 74 81 -1 0 16 1.90 0.0 0 7.4 20 350 M M 5 13 27 360
19 92 78 85 2 0 20 0.00 0.0 0 7.8 17 290 M M 2 24 250
20 91 73 82 -1 0 17 0.31 0.0 0 8.3 25 310 M M 2 138 36 320
21 91 73 82 -1 0 17 0.31 0.0 0 8.3 25 10 M M 2 13 34 30
22 92 73 83 0 0 18 T 0.0 0 6.8 15 150 M M 1 3 23 200
23 96 77 87 4 0 22 T 0.0 0 5.5 14 50 M M 2 3 19 80
24 94 76 85 2 0 20 0.26 0.0 0 4.8 22 340 M M 1 3 30 350
25 92 75 84 1 0 19 0.04 0.0 0 4.7 20 110 M M 1 1 26 100
26 92 75 84 1 0 19 0.04 0.0 0 3.4 18 140 M M 2 3 26 150
27 93 78 86 3 0 21 0.00 0.0 0 5.8 14 300 M M 1 19 290
28 93 75 84 1 0 19 0.68 0.0 0 6.5 23 10 M M 2 13 32 10
29 94 77 86 3 0 21 0.00 0.0 0 7.0 17 30 M M 2 3 20 30
30 95 76 86 3 0 21 0.26 0.0 0 5.3 14 130 M M 4 38 23 160
================================================================================
SM 2742 2262 0 560 6.14 0.0 198.3 M 62
================================================================================
AV 91.4 75.4 6.8 FASTST M M 2 MAX(MPH)
MISC ----> # 25 310 36 320
================================================================================
NOTES:
# LAST OF SEVERAL OCCURRENCES
COLUMN 17 PEAK WIND IN M.P.H.
PRELIMINARY LOCAL CLIMATOLOGICAL DATA (WS FORM: F-6) , PAGE 2
STATION: FORT MYERS
MONTH: JUNE
YEAR: 2023
LATITUDE: 26 34 N
LONGITUDE: 81 52 W
[TEMPERATURE DATA] [PRECIPITATION DATA] SYMBOLS USED IN COLUMN 16
AVERAGE MONTHLY: 83.4 TOTAL FOR MONTH: 6.14 1 = FOG OR MIST
DPTR FM NORMAL: 1.1 DPTR FM NORMAL: -3.52 2 = FOG REDUCING VISIBILITY
HIGHEST: 96 ON 23 GRTST 24HR 2.20 ON 31- 1 TO 1/4 MILE OR LESS
LOWEST: 71 ON 5, 4 3 = THUNDER
SNOW, ICE PELLETS, HAIL 4 = ICE PELLETS
TOTAL MONTH: 0.0 INCH 5 = HAIL
GRTST 24HR 0.0 6 = FREEZING RAIN OR DRIZZLE
GRTST DEPTH: 0 7 = DUSTSTORM OR SANDSTORM:
VSBY 1/2 MILE OR LESS
8 = SMOKE OR HAZE
[NO. OF DAYS WITH] [WEATHER - DAYS WITH] 9 = BLOWING SNOW
X = TORNADO
MAX 32 OR BELOW: 0 0.01 INCH OR MORE: 15
MAX 90 OR ABOVE: 24 0.10 INCH OR MORE: 12
MIN 32 OR BELOW: 0 0.50 INCH OR MORE: 3
MIN 0 OR BELOW: 0 1.00 INCH OR MORE: 2
[HDD (BASE 65) ]
TOTAL THIS MO. 0 CLEAR (SCALE 0-3) 25
DPTR FM NORMAL 0 PTCLDY (SCALE 4-7) 4
TOTAL FM JUL 1 100 CLOUDY (SCALE 8-10) 1
DPTR FM NORMAL -153
[CDD (BASE 65) ]
TOTAL THIS MO. 560
DPTR FM NORMAL 41 [PRESSURE DATA]
TOTAL FM JAN 1 2246 HIGHEST SLP 30.07 ON 23
DPTR FM NORMAL 598 LOWEST SLP 29.66 ON 4
[REMARKS]
#FINAL-06-23#