000
CXUS52 KTBW 090123
CF6FMY
PRELIMINARY LOCAL CLIMATOLOGICAL DATA (WS FORM: F-6)
STATION: FORT MYERS
MONTH: OCTOBER
YEAR: 2021
LATITUDE: 26 34 N
LONGITUDE: 81 52 W
TEMPERATURE IN F: :PCPN: SNOW: WIND :SUNSHINE: SKY :PK WND
================================================================================
1 2 3 4 5 6A 6B 7 8 9 10 11 12 13 14 15 16 17 18
12Z AVG MX 2MIN
DY MAX MIN AVG DEP HDD CDD WTR SNW DPTH SPD SPD DIR MIN PSBL S-S WX SPD DR
================================================================================
1 91 74 83 2 0 18 0.00 0.0 0 8.8 22 120 M M 3 30 90
2 92 72 82 1 0 17 0.00 0.0 0 8.7 18 80 M M 1 25 90
3 93 71 82 1 0 17 0.00 0.0 0 6.7 16 120 M M 1 24 100
4 92 73 83 3 0 18 0.00 0.0 0 4.9 10 130 M M 2 16 90
5 93 75 84 4 0 19 0.29 0.0 0 5.9 17 140 M M 5 22 150
6 94 72 83 3 0 18 1.05 0.0 0 6.1 29 120 M M 2 13 34 110
7 94 76 85 5 0 20 0.04 0.0 0 4.7 14 120 M M 3 3 18 130
8 91 75 83 3 0 18 0.55 0.0 0 5.1 14 340 M M 2 13 25 240
9 92 74 83 3 0 18 0.10 0.0 0 4.9 21 290 M M 4 3 26 290
10 91 73 82 3 0 17 0.00 0.0 0 6.0 14 50 M M 0 17 30
11 91 73 82 3 0 17 T 0.0 0 5.0 10 50 M M 2 13 40
12 91 74 83 4 0 18 0.00 0.0 0 6.2 15 120 M M 2 20 80
13 92 74 83 4 0 18 0.02 0.0 0 5.9 17 120 M M 2 21 120
14 92 75 84 5 0 19 T 0.0 0 5.2 12 60 M M 2 20 80
15 93 75 84 6 0 19 0.00 0.0 0 4.9 13 50 M M 2 16 20
16 92 74 83 5 0 18 0.00 0.0 0 4.6 14 310 M M 1 25 320
17 91 73 82 4 0 17 0.00 0.0 0 6.5 15 60 M M 3 20 330
18 87 68 78 0 0 13 0.00 0.0 0 10.0 17 60 M M 0 23 60
19 87 68 78 0 0 13 0.00 0.0 0 8.2 17 90 M M 1 22 80
20 88 68 78 1 0 13 0.00 0.0 0 7.7 16 70 M M 2 22 90
21 90 67 79 2 0 14 0.00 0.0 0 5.7 14 90 M M 2 18 100
22 91 65 78 1 0 13 0.00 0.0 0 4.6 13 310 M M 2 18 320
23 86 72 79 3 0 14 T 0.0 0 6.9 14 100 M M 2 24 70
24 86 76 81 5 0 16 0.05 0.0 0 4.2 15 110 M M 2 17 110
25 88 77 83 7 0 18 0.31 0.0 0 7.8 22 250 M M 6 1 43 220
26 90 76 83 7 0 18 0.00 0.0 0 7.2 16 290 M M 2 24 300
27 88 73 81 5 0 16 0.00 0.0 0 4.4 14 250 M M 1 18 260
28 87 76 82 7 0 17 0.68 0.0 0 9.2 23 280 M M 7 13 33 210
29 85 76 81 6 0 16 T 0.0 0 13.6 28 250 M M 9 34 230
30 80 69 75 0 0 10 0.07 0.0 0 10.0 28 280 M M 6 8 39 270
31 83 67 75 1 0 10 0.03 0.0 0 6.1 15 310 M M 4 1 29 270
================================================================================
SM 2781 2251 0 507 3.19 0.0 205.7 M 83
================================================================================
AV 89.7 72.6 6.6 FASTST M M 3 MAX(MPH)
MISC ----> 29 120 43 220
================================================================================
NOTES:
# LAST OF SEVERAL OCCURRENCES
COLUMN 17 PEAK WIND IN M.P.H.
PRELIMINARY LOCAL CLIMATOLOGICAL DATA (WS FORM: F-6) , PAGE 2
STATION: FORT MYERS
MONTH: OCTOBER
YEAR: 2021
LATITUDE: 26 34 N
LONGITUDE: 81 52 W
[TEMPERATURE DATA] [PRECIPITATION DATA] SYMBOLS USED IN COLUMN 16
AVERAGE MONTHLY: 81.2 TOTAL FOR MONTH: 3.19 1 = FOG OR MIST
DPTR FM NORMAL: 3.2 DPTR FM NORMAL: 0.11 2 = FOG REDUCING VISIBILITY
HIGHEST: 94 ON 7, 6 GRTST 24HR 1.34 ON 5- 6 TO 1/4 MILE OR LESS
LOWEST: 65 ON 22 3 = THUNDER
SNOW, ICE PELLETS, HAIL 4 = ICE PELLETS
TOTAL MONTH: 0.0 INCH 5 = HAIL
GRTST 24HR 0.0 6 = FREEZING RAIN OR DRIZZLE
GRTST DEPTH: 0 7 = DUSTSTORM OR SANDSTORM:
VSBY 1/2 MILE OR LESS
8 = SMOKE OR HAZE
[NO. OF DAYS WITH] [WEATHER - DAYS WITH] 9 = BLOWING SNOW
X = TORNADO
MAX 32 OR BELOW: 0 0.01 INCH OR MORE: 11
MAX 90 OR ABOVE: 20 0.10 INCH OR MORE: 6
MIN 32 OR BELOW: 0 0.50 INCH OR MORE: 3
MIN 0 OR BELOW: 0 1.00 INCH OR MORE: 1
[HDD (BASE 65) ]
TOTAL THIS MO. 0 CLEAR (SCALE 0-3) 24
DPTR FM NORMAL -2 PTCLDY (SCALE 4-7) 6
TOTAL FM JUL 1 0 CLOUDY (SCALE 8-10) 1
DPTR FM NORMAL 0
[CDD (BASE 65) ]
TOTAL THIS MO. 507
DPTR FM NORMAL 103 [PRESSURE DATA]
TOTAL FM JAN 1 4103 HIGHEST SLP 30.19 ON 20
DPTR FM NORMAL 404 LOWEST SLP 29.69 ON 30
[REMARKS]
#FINAL-10-21#