000
CXUS52 KMLB 010725
CF6FPR
PRELIMINARY LOCAL CLIMATOLOGICAL DATA (WS FORM: F-6)
STATION: FORT PIERCE
MONTH: JANUARY
YEAR: 2022
LATITUDE: 27 30 N
LONGITUDE: 80 22 W
TEMPERATURE IN F: :PCPN: SNOW: WIND :SUNSHINE: SKY :PK WND
================================================================================
1 2 3 4 5 6A 6B 7 8 9 10 11 12 13 14 15 16 17 18
12Z AVG MX 2MIN
DY MAX MIN AVG DEP HDD CDD WTR SNW DPTH SPD SPD DIR MIN PSBL S-S WX SPD DR
================================================================================
1 84 58 71 8 0 6 0.00 0.0 0 5.4 15 160 M M 4 12 19 160
2 84 67 76 13 0 11 0.00 0.0 0 5.8 16 220 M M 3 21 200
3 73 50 62 -1 3 0 0.01 0.0 0 7.2 21 290 M M 4 1 27 290
4 76 51 64 1 1 0 T 0.0 0 5.6 17 110 M M 3 21 90
5 78 53 66 3 0 1 T 0.0 0 5.9 15 130 M M 5 20 100
6 76 55 66 4 0 1 0.00 0.0 0 3.5 10 100 M M 3 15 310
7 77 60 69 7 0 4 0.00 0.0 0 4.6 13 40 M M 3 22 60
8 78 68 73 11 0 8 0.00 0.0 0 11.1 18 100 M M 3 23 90
9 79 66 73 11 0 8 T 0.0 0 12.7 24 110 M M 4 30 110
10 83 64 74 12 0 9 0.60 0.0 0 4.6 17 320 M M 6 138 23 320
11 72 60 66 4 0 1 0.00 0.0 0 9.0 16 60 M M 7 25 40
12 72 63 68 6 0 3 0.27 0.0 0 5.5 15 60 M M 9 18 22 70
13 75 54 65 3 0 0 T 0.0 0 5.5 15 280 M M 4 18 280
14 69 43 56 -6 9 0 0.00 0.0 0 6.4 21 300 M M 0 26 300
15 73 39 56 -6 9 0 0.00 0.0 0 3.6 15 120 M M 0 19 230
16 73 57 65 3 0 0 0.76 0.0 0 11.0 24 270 M M 7 123 32 180
17 69 46 58 -4 7 0 0.00 0.0 0 10.3 24 280 M M 0 34 300
18 64 37 51 -11 14 0 0.00 0.0 0 3.9 9 40 M M 0 12 16 80
19 73 47 60 -2 5 0 T 0.0 0 M M M M M 3 M M
20 79 50 65 3 0 0 0.06 0.0 0 3.4 15 180 M M 5 1 18 190
21 78 61 70 8 0 5 0.04 0.0 0 3.1 10 40 M M 7 12 18 70
22 66 58 62 0 3 0 T 0.0 0 7.9 15 350 M M 10 22 330
23 59 44 52 -10 13 0 0.00 0.0 0 8.6 17 290 M M 10 1 21 290
24 63 34 49 -13 16 0 0.00 0.0 0 3.7 12 320 M M 0 18 16 320
25 69 42 56 -6 9 0 0.01 0.0 0 1.7 8 80 M M 4 13 60
26 71 60 66 4 0 1 0.07 0.0 0 3.5 10 40 M M 9 1 14 40
27 77 62 70 8 0 5 0.00 0.0 0 M 13 30 M M 7 1 19 10
28 73 59 66 4 0 1 0.00 0.0 0 9.8 18 280 M M 8 12 25 270
29 60 37 49 -14 16 0 0.00 0.0 0 12.4 29 290 M M 1 39 290
30 58 32 45 -18 20 0 0.00 0.0 0 4.6 12 300 M M 0 17 320
31 65 29 47 -16 18 0 0.00 0.0 0 2.4 12 70 M M 0 17 70
================================================================================
SM 2246 1606 143 64 1.82 0.0 182.7 M 129
================================================================================
AV 72.5 51.8 6.3 FASTST M M 4 MAX(MPH)
MISC ----> 29 290 39 290
================================================================================
NOTES:
# LAST OF SEVERAL OCCURRENCES
COLUMN 17 PEAK WIND IN M.P.H.
PRELIMINARY LOCAL CLIMATOLOGICAL DATA (WS FORM: F-6) , PAGE 2
STATION: FORT PIERCE
MONTH: JANUARY
YEAR: 2022
LATITUDE: 27 30 N
LONGITUDE: 80 22 W
[TEMPERATURE DATA] [PRECIPITATION DATA] SYMBOLS USED IN COLUMN 16
AVERAGE MONTHLY: 62.1 TOTAL FOR MONTH: 1.82 1 = FOG OR MIST
DPTR FM NORMAL: -0.2 DPTR FM NORMAL: -1.00 2 = FOG REDUCING VISIBILITY
HIGHEST: 84 ON 2, 1 GRTST 24HR 0.76 ON 16-16 TO 1/4 MILE OR LESS
LOWEST: 29 ON 31 3 = THUNDER
SNOW, ICE PELLETS, HAIL 4 = ICE PELLETS
TOTAL MONTH: 0.0 INCH 5 = HAIL
GRTST 24HR 0.0 6 = FREEZING RAIN OR DRIZZLE
GRTST DEPTH: 0 7 = DUSTSTORM OR SANDSTORM:
VSBY 1/2 MILE OR LESS
8 = SMOKE OR HAZE
[NO. OF DAYS WITH] [WEATHER - DAYS WITH] 9 = BLOWING SNOW
X = TORNADO
MAX 32 OR BELOW: 0 0.01 INCH OR MORE: 8
MAX 90 OR ABOVE: 0 0.10 INCH OR MORE: 3
MIN 32 OR BELOW: 2 0.50 INCH OR MORE: 2
MIN 0 OR BELOW: 0 1.00 INCH OR MORE: 0
[HDD (BASE 65) ]
TOTAL THIS MO. 143 CLEAR (SCALE 0-3) 12
DPTR FM NORMAL -2 PTCLDY (SCALE 4-7) 15
TOTAL FM JUL 1 195 CLOUDY (SCALE 8-10) 4
DPTR FM NORMAL -76
[CDD (BASE 65) ]
TOTAL THIS MO. 64
DPTR FM NORMAL 2 [PRESSURE DATA]
TOTAL FM JAN 1 64 HIGHEST SLP M ON M
DPTR FM NORMAL 2 LOWEST SLP 29.76 ON 16
[REMARKS]
#FINAL-01-22#
ON 1-19-2022, MAX TEMP FOR FPR; FPCF1 WAS USED INSTEAD WITH VALUE OF 73 DUE TO LOSS OF DATA