000
CXUS52 KMLB 010722
CF6FPR
PRELIMINARY LOCAL CLIMATOLOGICAL DATA (WS FORM: F-6)
STATION: FORT PIERCE
MONTH: JANUARY
YEAR: 2024
LATITUDE: 27 30 N
LONGITUDE: 80 22 W
TEMPERATURE IN F: :PCPN: SNOW: WIND :SUNSHINE: SKY :PK WND
================================================================================
1 2 3 4 5 6A 6B 7 8 9 10 11 12 13 14 15 16 17 18
12Z AVG MX 2MIN
DY MAX MIN AVG DEP HDD CDD WTR SNW DPTH SPD SPD DIR MIN PSBL S-S WX SPD DR
================================================================================
1 71 45 58 -5 7 0 0.00 0.0 0 3.5 15 290 M M 2 18 22 280
2 67 51 59 -4 6 0 0.00 0.0 0 5.5 12 20 M M 1 20 40
3 71 49 60 -3 5 0 0.00 0.0 0 4.9 17 130 M M 2 22 130
4 72 50 61 -2 4 0 0.00 0.0 0 6.9 16 300 M M 6 25 340
5 75 49 62 -1 3 0 0.00 0.0 0 11.6 22 120 M M 5 28 130
6 77 68 73 11 0 8 0.15 0.0 0 10.0 22 130 M M 4 1 34 210
7 68 53 61 -1 4 0 T 0.0 0 5.1 18 300 M M 7 1 26 320
8 72 52 62 0 3 0 T 0.0 0 11.0 26 120 M M 5 36 120
9 82 61 72 10 0 7 0.34 0.0 0 15.7 31 290 M M 8 138 41 280
10 69 51 60 -2 5 0 0.00 0.0 0 4.7 13 300 M M 2 18 310
11 68 50 59 -3 6 0 T 0.0 0 3.7 9 360 M M 6 16 30
12 84 63 74 12 0 9 0.09 0.0 0 8.5 18 220 M M 9 13 29 240
13 78 56 67 5 0 2 0.05 0.0 0 9.2 22 310 M M 6 13 29 300
14 72 53 63 1 2 0 0.23 0.0 0 6.4 15 100 M M 7 1 20 100
15 78 66 72 10 0 7 1.16 0.0 0 5.2 18 150 M M 9 123 23 130
16 82 66 74 12 0 9 0.01 0.0 0 7.4 20 250 M M 8 1 29 240
17 68 53 61 -1 4 0 0.00 0.0 0 7.2 15 360 M M 4 26 10
18 75 53 64 2 1 0 T 0.0 0 7.9 20 310 M M 9 18 26 310
19 74 61 68 6 0 3 0.01 0.0 0 5.1 12 280 M M 7 17 340
20 63 47 55 -7 10 0 0.00 0.0 0 6.4 14 330 M M 0 21 320
21 66 44 55 -7 10 0 0.00 0.0 0 9.1 15 70 M M 4 29 80
22 71 62 67 5 0 2 T 0.0 0 14.1 23 120 M M 8 31 120
23 77 67 72 10 0 7 0.01 0.0 0 16.0 23 110 M M 9 18 29 110
24 77 70 74 12 0 9 T 0.0 0 14.5 22 110 M M 6 1 29 120
25 82 66 74 12 0 9 0.00 0.0 0 11.2 22 130 M M 4 30 130
26 82 64 73 11 0 8 0.00 0.0 0 5.9 16 130 M M 2 1 20 130
27 82 64 73 11 0 8 0.11 0.0 0 7.5 22 140 M M 7 18 28 140
28 79 53 66 4 0 1 T 0.0 0 11.3 22 290 M M 5 31 270
29 63 45 54 -9 11 0 0.00 0.0 0 8.2 17 290 M M 1 24 320
30 71 45 58 -5 7 0 0.00 0.0 0 5.8 12 260 M M 2 1 17 310
31 74 41 58 -5 7 0 0.00 0.0 0 8.3 23 280 M M 1 1 33 280
================================================================================
SM 2290 1718 95 89 2.16 0.0 257.8 M 156
================================================================================
AV 73.9 55.4 8.3 FASTST M M 5 MAX(MPH)
MISC ----> 31 290 41 280
================================================================================
NOTES:
# LAST OF SEVERAL OCCURRENCES
COLUMN 17 PEAK WIND IN M.P.H.
PRELIMINARY LOCAL CLIMATOLOGICAL DATA (WS FORM: F-6) , PAGE 2
STATION: FORT PIERCE
MONTH: JANUARY
YEAR: 2024
LATITUDE: 27 30 N
LONGITUDE: 80 22 W
[TEMPERATURE DATA] [PRECIPITATION DATA] SYMBOLS USED IN COLUMN 16
AVERAGE MONTHLY: 64.6 TOTAL FOR MONTH: 2.16 1 = FOG OR MIST
DPTR FM NORMAL: 2.3 DPTR FM NORMAL: -0.66 2 = FOG REDUCING VISIBILITY
HIGHEST: 84 ON 12 GRTST 24HR 1.16 ON 15-15 TO 1/4 MILE OR LESS
LOWEST: 41 ON 31 3 = THUNDER
SNOW, ICE PELLETS, HAIL 4 = ICE PELLETS
TOTAL MONTH: 0.0 INCH 5 = HAIL
GRTST 24HR 0.0 6 = FREEZING RAIN OR DRIZZLE
GRTST DEPTH: 0 7 = DUSTSTORM OR SANDSTORM:
VSBY 1/2 MILE OR LESS
8 = SMOKE OR HAZE
[NO. OF DAYS WITH] [WEATHER - DAYS WITH] 9 = BLOWING SNOW
X = TORNADO
MAX 32 OR BELOW: 0 0.01 INCH OR MORE: 10
MAX 90 OR ABOVE: 0 0.10 INCH OR MORE: 5
MIN 32 OR BELOW: 0 0.50 INCH OR MORE: 1
MIN 0 OR BELOW: 0 1.00 INCH OR MORE: 1
[HDD (BASE 65) ]
TOTAL THIS MO. 95 CLEAR (SCALE 0-3) 9
DPTR FM NORMAL -50 PTCLDY (SCALE 4-7) 18
TOTAL FM JUL 1 150 CLOUDY (SCALE 8-10) 4
DPTR FM NORMAL -121
[CDD (BASE 65) ]
TOTAL THIS MO. 89
DPTR FM NORMAL 27 [PRESSURE DATA]
TOTAL FM JAN 1 89 HIGHEST SLP M ON M
DPTR FM NORMAL 27 LOWEST SLP 29.75 ON 9
[REMARKS]
#FINAL-01-24#