000
CXUS54 KTSA 011106
CF6FSM
PRELIMINARY LOCAL CLIMATOLOGICAL DATA (WS FORM: F-6)
STATION: FORT SMITH ARKANSAS
MONTH: AUGUST
YEAR: 2022
LATITUDE: 35 19 N
LONGITUDE: 94 22 W
TEMPERATURE IN F: :PCPN: SNOW: WIND :SUNSHINE: SKY :PK WND
================================================================================
1 2 3 4 5 6A 6B 7 8 9 10 11 12 13 14 15 16 17 18
12Z AVG MX 2MIN
DY MAX MIN AVG DEP HDD CDD WTR SNW DPTH SPD SPD DIR MIN PSBL S-S WX SPD DR
================================================================================
1 89 76 83 -1 0 18 0.01 0.0 0 5.8 20 250 M M 3 1 28 260
2 101 74 88 4 0 23 0.00 0.0 0 5.8 18 70 M M 0 25 80
3 101 77 89 5 0 24 0.00 0.0 0 5.5 14 210 M M 1 20 210
4 91 78 85 1 0 20 0.04 0.0 0 6.9 17 40 M M 2 1 23 50
5 100 76 88 4 0 23 0.00 0.0 0 5.5 15 150 M M 1 22 90
6 97 77 87 3 0 22 0.00 0.0 0 5.4 14 170 M M 1 21 170
7 98 78 88 4 0 23 0.00 0.0 0 5.7 14 230 M M 4 20 190
8 100 78 89 6 0 24 0.00 0.0 0 6.2 20 50 M M 1 3 23 230
9 90 77 84 1 0 19 T 0.0 0 5.1 14 260 M M 3 17 260
10 98 75 87 4 0 22 0.00 0.0 0 4.0 15 30 M M 2 20 30
11 95 74 85 2 0 20 0.00 0.0 0 6.2 15 90 M M 1 22 90
12 96 69 83 0 0 18 0.00 0.0 0 6.3 16 70 M M 0 21 60
13 96 72 84 1 0 19 0.00 0.0 0 6.6 16 50 M M 0 23 30
14 101 67 84 1 0 19 0.00 0.0 0 3.3 12 360 M M 0 16 290
15 104 73 89 6 0 24 0.00 0.0 0 4.2 14 140 M M 1 19 270
16 104 77 91 8 0 26 0.02 0.0 0 7.4 17 10 M M 1 3 30 50
17 77 70 74 -8 0 9 1.06 0.0 0 7.8 21 60 M M 9 13 27 90
18 86 70 78 -4 0 13 0.00 0.0 0 5.6 13 80 M M 9 19 60
19 91 68 80 -2 0 15 0.00 0.0 0 5.2 14 70 M M 1 19 70
20 96 69 83 1 0 18 0.00 0.0 0 4.4 10 200 M M 1 15 280
21 84 73 79 -3 0 14 0.32 0.0 0 4.6 17 30 M M 5 13 22 30
22 81 72 77 -5 0 12 T 0.0 0 7.5 17 80 M M 9 23 70
23 89 72 81 -1 0 16 0.01 0.0 0 7.1 21 90 M M 7 1 28 80
24 90 72 81 0 0 16 0.00 0.0 0 6.0 16 60 M M 3 1 25 70
25 92 69 81 0 0 16 0.00 0.0 0 4.6 12 80 M M 0 17 40
26 94 70 82 1 0 17 0.00 0.0 0 5.3 17 80 M M 0 24 70
27 96 72 84 3 0 19 0.00 0.0 0 6.1 17 80 M M 1 1 24 120
28 97 75 86 6 0 21 T 0.0 0 5.8 16 40 M M 3 3 22 140
29 98 74 86 6 0 21 0.56 0.0 0 5.6 20 100 M M 2 3 29 290
30 96 73 85 5 0 20 0.00 0.0 0 5.3 14 70 M M 1 17 70
31 94 75 85 5 0 20 0.00 0.0 0 5.7 14 70 M M 2 19 70
================================================================================
SM 2922 2272 0 591 2.02 0.0 176.5 M 74
================================================================================
AV 94.3 73.3 5.7 FASTST M M 2 MAX(MPH)
MISC ----> # 21 60 30 50
================================================================================
NOTES:
# LAST OF SEVERAL OCCURRENCES
COLUMN 17 PEAK WIND IN M.P.H.
PRELIMINARY LOCAL CLIMATOLOGICAL DATA (WS FORM: F-6) , PAGE 2
STATION: FORT SMITH ARKANSAS
MONTH: AUGUST
YEAR: 2022
LATITUDE: 35 19 N
LONGITUDE: 94 22 W
[TEMPERATURE DATA] [PRECIPITATION DATA] SYMBOLS USED IN COLUMN 16
AVERAGE MONTHLY: 83.8 TOTAL FOR MONTH: 2.02 1 = FOG OR MIST
DPTR FM NORMAL: 1.5 DPTR FM NORMAL: -1.58 2 = FOG REDUCING VISIBILITY
HIGHEST: 104 ON 16,15 GRTST 24HR 1.06 ON 17-17 TO 1/4 MILE OR LESS
LOWEST: 67 ON 14 3 = THUNDER
SNOW, ICE PELLETS, HAIL 4 = ICE PELLETS
TOTAL MONTH: 0.0 INCH 5 = HAIL
GRTST 24HR 0.0 6 = FREEZING RAIN OR DRIZZLE
GRTST DEPTH: 0 7 = DUSTSTORM OR SANDSTORM:
VSBY 1/2 MILE OR LESS
8 = SMOKE OR HAZE
[NO. OF DAYS WITH] [WEATHER - DAYS WITH] 9 = BLOWING SNOW
X = TORNADO
MAX 32 OR BELOW: 0 0.01 INCH OR MORE: 7
MAX 90 OR ABOVE: 25 0.10 INCH OR MORE: 3
MIN 32 OR BELOW: 0 0.50 INCH OR MORE: 2
MIN 0 OR BELOW: 0 1.00 INCH OR MORE: 1
[HDD (BASE 65) ]
TOTAL THIS MO. 0 CLEAR (SCALE 0-3) 24
DPTR FM NORMAL 0 PTCLDY (SCALE 4-7) 4
TOTAL FM JUL 1 0 CLOUDY (SCALE 8-10) 3
DPTR FM NORMAL 0
[CDD (BASE 65) ]
TOTAL THIS MO. 591
DPTR FM NORMAL 55 [PRESSURE DATA]
TOTAL FM JAN 1 2100 HIGHEST SLP 30.12 ON 12
DPTR FM NORMAL 319 LOWEST SLP 29.75 ON 28
[REMARKS]
#FINAL-08-22#