000
CXUS52 KFFC 011110
CF6FTY
PRELIMINARY LOCAL CLIMATOLOGICAL DATA (WS FORM: F-6)
STATION: FULTON COUNTY AIRPORT
MONTH: NOVEMBER
YEAR: 2022
LATITUDE: 33 46 N
LONGITUDE: 84 31 W
TEMPERATURE IN F: :PCPN: SNOW: WIND :SUNSHINE: SKY :PK WND
================================================================================
1 2 3 4 5 6A 6B 7 8 9 10 11 12 13 14 15 16 17 18
12Z AVG MX 2MIN
DY MAX MIN AVG DEP HDD CDD WTR SNW DPTH SPD SPD DIR MIN PSBL S-S WX SPD DR
================================================================================
1 74 47 61 4 4 0 0.00 M M 2.2 13 320 M M 1 1 17 300
2 75 53 64 8 1 0 T M M 2.6 15 110 M M 1 1 20 120
3 74 50 62 6 3 0 0.00 M M 3.0 10 120 M M 1 18 110
4 76 48 62 6 3 0 0.00 M M 4.8 14 70 M M 0 1 22 110
5 79 61 70 15 0 5 T M M 7.2 18 290 M M 6 1 27 290
6 82 64 73 18 0 8 0.00 M M 2.0 10 140 M M 6 15 150
7 83 63 73 18 0 8 0.00 M M 2.4 10 350 M M 7 1 16 320
8 81 59 70 16 0 5 0.00 M M 5.0 16 80 M M 2 26 80
9 68 51 60 6 5 0 0.00 M M 12.3 21 70 M M 1 32 60
10 70 58 64 10 1 0 0.14 M M 14.8 23 60 M M 9 18 33 80
11 70 63 67 14 0 2 1.04 M M 7.2 18 40 M M 10 1 27 50
12 68 41 55 2 10 0 T M M 9.2 20 330 M M 8 128 28 330
13 47 31 39 -14 26 0 0.00 M M 10.0 20 310 M M 4 28 310
14 54 28 41 -11 24 0 0.00 M M 7.7 17 70 M M 1 25 60
15 65 44 55 3 10 0 0.46 M M 6.6 17 110 M M 10 1 31 90
16 49 37 43 -9 22 0 0.00 M M 8.1 17 310 M M 4 24 330
17 47 31 39 -13 26 0 0.00 M M 4.9 15 280 M M 0 22 340
18 53 27 40 -12 25 0 0.00 M M 2.4 14 300 M M 0 17 300
19 52 28 40 -11 25 0 0.00 M M 3.5 15 290 M M 0 20 280
20 47 27 37 -14 28 0 0.00 M M 6.1 14 320 M M 0 21 330
21 59 24 42 -9 23 0 0.00 M M 1.3 14 70 M M 1 19 60
22 65 36 51 1 14 0 T M M 0.7 7 50 M M 4 10 100
23 72 34 53 3 12 0 0.00 M M 0.6 7 120 M M 2 10 110
24 63 47 55 5 10 0 0.02 M M 6.1 14 80 M M 10 20 80
25 66 49 58 8 7 0 0.21 0.0 M 3.6 14 310 M M 5 1 17 300
26 67 41 54 4 11 0 0.05 M M 4.8 15 150 M M 5 1 20 150
27 66 53 60 11 5 0 0.41 M M 7.5 22 260 M M 5 1 34 280
28 64 41 53 4 12 0 0.00 M M 3.6 14 260 M M 1 21 260
29 69 36 53 4 12 0 0.27 M M 4.2 15 130 M M 3 13 24 130
30 68 40 54 5 11 0 2.13 M M 8.3 22 310 M M 6 13 30 290
================================================================================
SM 1973 1312 330 28 4.73 0.0 162.7 M 113
================================================================================
AV 65.8 43.7 5.4 FASTST M M 4 MAX(MPH)
MISC ----> 23 60 34 280
================================================================================
NOTES:
# LAST OF SEVERAL OCCURRENCES
COLUMN 17 PEAK WIND IN M.P.H.
PRELIMINARY LOCAL CLIMATOLOGICAL DATA (WS FORM: F-6) , PAGE 2
STATION: FULTON COUNTY AIRPORT
MONTH: NOVEMBER
YEAR: 2022
LATITUDE: 33 46 N
LONGITUDE: 84 31 W
[TEMPERATURE DATA] [PRECIPITATION DATA] SYMBOLS USED IN COLUMN 16
AVERAGE MONTHLY: 54.8 TOTAL FOR MONTH: 4.73 1 = FOG OR MIST
DPTR FM NORMAL: 2.5 DPTR FM NORMAL: 0.96 2 = FOG REDUCING VISIBILITY
HIGHEST: 83 ON 7 GRTST 24HR 2.40 ON 29-30 TO 1/4 MILE OR LESS
LOWEST: 24 ON 21 3 = THUNDER
SNOW, ICE PELLETS, HAIL 4 = ICE PELLETS
TOTAL MONTH: 0.0 INCH 5 = HAIL
GRTST 24HR 0.0 6 = FREEZING RAIN OR DRIZZLE
GRTST DEPTH: M ON M 7 = DUSTSTORM OR SANDSTORM:
VSBY 1/2 MILE OR LESS
8 = SMOKE OR HAZE
[NO. OF DAYS WITH] [WEATHER - DAYS WITH] 9 = BLOWING SNOW
X = TORNADO
MAX 32 OR BELOW: 0 0.01 INCH OR MORE: 9
MAX 90 OR ABOVE: 0 0.10 INCH OR MORE: 7
MIN 32 OR BELOW: 7 0.50 INCH OR MORE: 2
MIN 0 OR BELOW: 0 1.00 INCH OR MORE: 2
[HDD (BASE 65) ]
TOTAL THIS MO. 330 CLEAR (SCALE 0-3) 15
DPTR FM NORMAL -55 PTCLDY (SCALE 4-7) 10
TOTAL FM JUL 1 497 CLOUDY (SCALE 8-10) 5
DPTR FM NORMAL -23
[CDD (BASE 65) ]
TOTAL THIS MO. 28
DPTR FM NORMAL 23 [PRESSURE DATA]
TOTAL FM JAN 1 1951 HIGHEST SLP 30.48 ON 21
DPTR FM NORMAL 127 LOWEST SLP 29.52 ON 11
[REMARKS]
#FINAL-11-22#