000
CXUS56 KSGX 011245
CF6FUL
PRELIMINARY LOCAL CLIMATOLOGICAL DATA (WS FORM: F-6)
STATION: FULLERTON AIRPORT CA
MONTH: OCTOBER
YEAR: 2020
LATITUDE: 33 52 N
LONGITUDE: 117 58 W
TEMPERATURE IN F: :PCPN: SNOW: WIND :SUNSHINE: SKY :PK WND
================================================================================
1 2 3 4 5 6A 6B 7 8 9 10 11 12 13 14 15 16 17 18
12Z AVG MX 2MIN
DY MAX MIN AVG DEP HDD CDD WTR SNW DPTH SPD SPD DIR MIN PSBL S-S WX SPD DR
================================================================================
1 102 66 84 13 0 19 0.00 0.0 0 2.0 10 200 M M 0 14 190
2 98 66 82 11 0 17 0.00 0.0 0 2.3 10 210 M M 0 13 200
3 95 65 80 10 0 15 0.00 0.0 0 2.3 9 190 M M 0 128 12 180
4 97 63 80 10 0 15 0.00 0.0 0 2.2 10 190 M M 2 128 13 200
5 96 64 80 10 0 15 0.00 0.0 0 1.6 10 210 M M 2 8 13 220
6 92 63 78 8 0 13 0.00 0.0 0 2.2 10 180 M M 1 8 13 200
7 82 63 73 3 0 8 0.00 0.0 0 3.4 10 180 M M 4 128 13 200
8 81 67 74 5 0 9 0.00 0.0 0 2.8 13 230 M M 5 19 220
9 79 63 71 2 0 6 0.00 0.0 0 2.1 9 190 M M 8 8 14 240
10 80 65 73 4 0 8 0.00 0.0 0 2.1 12 190 M M 6 16 180
11 81 62 72 3 0 7 0.00 0.0 0 2.2 9 210 M M 2 13 190
12 99 61 80 11 0 15 0.00 0.0 0 2.4 10 280 M M 0 14 280
13 97 63 80 12 0 15 0.00 0.0 0 1.7 9 180 M M 0 13 200
14 95 61 78 10 0 13 0.00 0.0 0 2.5 8 230 M M 0 13 190
15 98 63 81 13 0 16 0.00 0.0 0 2.1 9 210 M M 0 13 230
16 94 63 79 11 0 14 0.00 0.0 0 1.8 9 210 M M 1 128 12 190
17 87 64 76 8 0 11 0.00 0.0 0 2.2 9 200 M M 0 8 12 230
18 85 67 76 8 0 11 0.00 0.0 0 2.3 9 210 M M 4 18 13 190
19 81 66 74 7 0 9 0.00 0.0 0 2.9 10 180 M M 3 8 14 180
20 81 67 74 7 0 9 0.00 0.0 0 2.2 10 210 M M 6 8 13 200
21 78 67 73 6 0 8 0.00 0.0 0 2.4 10 200 M M 7 8 14 190
22 77 64 71 4 0 6 0.00 0.0 0 2.3 10 200 M M 7 13 210
23 76 66 71 4 0 6 0.00 0.0 0 2.6 9 180 M M 8 12 230
24 73 67 70 4 0 5 0.00 0.0 0 2.8 9 250 M M 10 11 270
25 71 60 66 0 0 1 T 0.0 0 3.1 9 250 M M 8 15 250
26 74 52 63 -3 2 0 0.00 0.0 0 6.3 26 80 M M 4 78 36 80
27 82 48 65 -1 0 0 0.00 0.0 0 2.0 10 290 M M 5 8 14 290
28 80 53 67 1 0 2 0.00 0.0 0 3.3 10 210 M M 0 8 13 210
29 88 51 70 5 0 5 0.00 0.0 0 1.6 8 200 M M 0 8 13 220
30 85 53 69 4 0 4 0.00 0.0 0 1.2 9 220 M M 0 8 12 210
31 85 52 69 4 0 4 0.00 0.0 0 1.8 10 190 M M 1 8 13 190
================================================================================
SM 2669 1915 2 286 T 0.0 74.7 M 94
================================================================================
AV 86.1 61.8 2.4 FASTST M M 3 MAX(MPH)
MISC ----> # 26 80 # 36 80
================================================================================
NOTES:
# LAST OF SEVERAL OCCURRENCES
COLUMN 17 PEAK WIND IN M.P.H.
PRELIMINARY LOCAL CLIMATOLOGICAL DATA (WS FORM: F-6) , PAGE 2
STATION: FULLERTON AIRPORT CA
MONTH: OCTOBER
YEAR: 2020
LATITUDE: 33 52 N
LONGITUDE: 117 58 W
[TEMPERATURE DATA] [PRECIPITATION DATA] SYMBOLS USED IN COLUMN 16
AVERAGE MONTHLY: 73.9 TOTAL FOR MONTH: T 1 = FOG OR MIST
DPTR FM NORMAL: 6.0 DPTR FM NORMAL: -0.75 2 = FOG REDUCING VISIBILITY
HIGHEST: 102 ON 1 GRTST 24HR T ON 25-25 TO 1/4 MILE OR LESS
LOWEST: 48 ON 27 3 = THUNDER
SNOW, ICE PELLETS, HAIL 4 = ICE PELLETS
TOTAL MONTH: 0.0 INCH 5 = HAIL
GRTST 24HR 0.0 6 = FREEZING RAIN OR DRIZZLE
GRTST DEPTH: 0 7 = DUSTSTORM OR SANDSTORM:
VSBY 1/2 MILE OR LESS
8 = SMOKE OR HAZE
[NO. OF DAYS WITH] [WEATHER - DAYS WITH] 9 = BLOWING SNOW
X = TORNADO
MAX 32 OR BELOW: 0 0.01 INCH OR MORE: 0
MAX 90 OR ABOVE: 11 0.10 INCH OR MORE: 0
MIN 32 OR BELOW: 0 0.50 INCH OR MORE: 0
MIN 0 OR BELOW: 0 1.00 INCH OR MORE: 0
[HDD (BASE 65) ]
TOTAL THIS MO. 2 CLEAR (SCALE 0-3) 17
DPTR FM NORMAL -21 PTCLDY (SCALE 4-7) 12
TOTAL FM JUL 1 2 CLOUDY (SCALE 8-10) 2
DPTR FM NORMAL -22
[CDD (BASE 65) ]
TOTAL THIS MO. 286
DPTR FM NORMAL 173 [PRESSURE DATA]
TOTAL FM JAN 1 2027 HIGHEST SLP 30.08 ON 28
DPTR FM NORMAL 796 LOWEST SLP 29.79 ON 21
[REMARKS]
#FINAL-10-20#