000
CXUS56 KSGX 011245
CF6FUL
PRELIMINARY LOCAL CLIMATOLOGICAL DATA (WS FORM: F-6)
STATION: FULLERTON AIRPORT CA
MONTH: FEBRUARY
YEAR: 2020
LATITUDE: 33 52 N
LONGITUDE: 117 58 W
TEMPERATURE IN F: :PCPN: SNOW: WIND :SUNSHINE: SKY :PK WND
================================================================================
1 2 3 4 5 6A 6B 7 8 9 10 11 12 13 14 15 16 17 18
12Z AVG MX 2MIN
DY MAX MIN AVG DEP HDD CDD WTR SNW DPTH SPD SPD DIR MIN PSBL S-S WX SPD DR
================================================================================
1 86 47 67 10 0 2 0.00 0.0 0 1.1 8 290 M M 0 11 220
2 68 49 59 2 6 0 T M 0 4.6 12 210 M M 4 8 16 220
3 65 49 57 0 8 0 T M 0 4.9 12 70 M M 3 8 19 360
4 63 43 53 -4 12 0 0.00 0.0 0 8.0 22 90 M M 0 28 90
5 63 37 50 -7 15 0 0.00 0.0 0 2.9 10 210 M M 0 8 15 190
6 67 43 55 -2 10 0 0.00 0.0 0 3.3 9 200 M M 0 8 13 230
7 71 43 57 0 8 0 0.00 0.0 0 1.6 9 220 M M 0 8 12 220
8 71 47 59 2 6 0 0.00 0.0 0 2.6 10 200 M M 2 18 14 220
9 59 53 56 -1 9 0 0.06 0.0 0 5.6 15 70 M M 10 18 20 80
10 74 51 63 6 2 0 T 0.0 0 2.8 9 190 M M 4 8 14 230
11 75 46 61 3 4 0 0.00 0.0 0 4.4 16 90 M M 0 8 20 90
12 67 46 57 -1 8 0 0.00 0.0 0 3.5 10 220 M M 0 8 15 240
13 72 44 58 0 7 0 0.00 0.0 0 1.9 12 210 M M 0 8 14 190
14 70 45 58 0 7 0 0.00 0.0 0 2.4 10 180 M M 0 13 190
15 71 45 58 0 7 0 0.00 0.0 0 2.1 9 190 M M 2 18 12 200
16 71 46 59 1 6 0 0.00 0.0 0 2.4 10 200 M M 0 8 13 200
17 71 49 60 2 5 0 0.00 0.0 0 2.3 10 210 M M 2 18 13 200
18 72 51 62 4 3 0 0.00 0.0 0 3.1 10 200 M M 5 18 15 210
19 70 53 62 4 3 0 0.00 0.0 0 2.3 9 180 M M 4 8 15 230
20 81 49 65 7 0 0 0.00 0.0 0 1.7 9 190 M M 0 18 12 190
21 78 52 65 7 0 0 0.01 0.0 0 4.6 13 180 M M 4 8 17 180
22 64 56 60 1 5 0 0.22 0.0 0 4.4 12 200 M M 8 3 16 160
23 68 53 61 2 4 0 0.00 0.0 0 2.6 10 210 M M 6 8 14 230
24 74 48 61 2 4 0 0.00 0.0 0 2.3 10 200 M M 1 18 13 210
25 86 48 67 8 0 2 0.00 0.0 0 3.0 10 220 M M 0 18 13 210
26 84 49 67 8 0 2 0.00 0.0 0 2.7 10 290 M M 0 8 15 60
27 88 51 70 11 0 5 0.00 0.0 0 2.8 13 80 M M 0 8 17 90
28 90 55 73 14 0 8 0.00 0.0 0 2.3 13 200 M M 1 8 16 210
29 74 55 65 6 0 0 0.00 0.0 0 5.2 13 190 M M 2 19 200
================================================================================
SM 2113 1403 139 19 0.29 0.0 93.4 M 58
================================================================================
AV 72.9 48.4 3.2 FASTST M M 2 MAX(MPH)
MISC ----> # 22 90 # 28 90
================================================================================
NOTES:
# LAST OF SEVERAL OCCURRENCES
COLUMN 17 PEAK WIND IN M.P.H.
PRELIMINARY LOCAL CLIMATOLOGICAL DATA (WS FORM: F-6) , PAGE 2
STATION: FULLERTON AIRPORT CA
MONTH: FEBRUARY
YEAR: 2020
LATITUDE: 33 52 N
LONGITUDE: 117 58 W
[TEMPERATURE DATA] [PRECIPITATION DATA] SYMBOLS USED IN COLUMN 16
AVERAGE MONTHLY: 60.6 TOTAL FOR MONTH: 0.29 1 = FOG OR MIST
DPTR FM NORMAL: 2.7 DPTR FM NORMAL: -2.96 2 = FOG REDUCING VISIBILITY
HIGHEST: 90 ON 28 GRTST 24HR 0.22 ON 22-22 TO 1/4 MILE OR LESS
LOWEST: 37 ON 5 3 = THUNDER
SNOW, ICE PELLETS, HAIL 4 = ICE PELLETS
TOTAL MONTH: 0.0 INCH 5 = HAIL
GRTST 24HR 0.0 6 = FREEZING RAIN OR DRIZZLE
GRTST DEPTH: 0 7 = DUSTSTORM OR SANDSTORM:
VSBY 1/2 MILE OR LESS
8 = SMOKE OR HAZE
[NO. OF DAYS WITH] [WEATHER - DAYS WITH] 9 = BLOWING SNOW
X = TORNADO
MAX 32 OR BELOW: 0 0.01 INCH OR MORE: 3
MAX 90 OR ABOVE: 1 0.10 INCH OR MORE: 1
MIN 32 OR BELOW: 0 0.50 INCH OR MORE: 0
MIN 0 OR BELOW: 0 1.00 INCH OR MORE: 0
[HDD (BASE 65) ]
TOTAL THIS MO. 139 CLEAR (SCALE 0-3) 20
DPTR FM NORMAL -66 PTCLDY (SCALE 4-7) 7
TOTAL FM JUL 1 664 CLOUDY (SCALE 8-10) 2
DPTR FM NORMAL -264
[CDD (BASE 65) ]
TOTAL THIS MO. 19
DPTR FM NORMAL 14 [PRESSURE DATA]
TOTAL FM JAN 1 19 HIGHEST SLP 30.30 ON 26
DPTR FM NORMAL 10 LOWEST SLP 29.76 ON 9
[REMARKS]
#FINAL-02-20#