000
CXUS52 KMFL 011000
CF6FXE
PRELIMINARY LOCAL CLIMATOLOGICAL DATA (WS FORM: F-6)
STATION: FORT LAUDERDALE EXEC ARPT
MONTH: OCTOBER
YEAR: 2020
LATITUDE: 26 12 N
LONGITUDE: 80 11 W
TEMPERATURE IN F: :PCPN: SNOW: WIND :SUNSHINE: SKY :PK WND
================================================================================
1 2 3 4 5 6A 6B 7 8 9 10 11 12 13 14 15 16 17 18
12Z AVG MX 2MIN
DY MAX MIN AVG DEP HDD CDD WTR SNW DPTH SPD SPD DIR MIN PSBL S-S WX SPD DR
================================================================================
1 89 76 83 2 0 18 0.04 0.0 0 3.9 15 110 M M 4 3 19 110
2 83 75 79 -2 0 14 0.67 0.0 0 3.9 10 70 M M 6 1 14 360
3 85 75 80 -1 0 15 1.30 0.0 0 5.2 21 90 M M 5 1 26 80
4 90 78 84 3 0 19 0.03 0.0 0 10.5 24 80 M M 3 31 80
5 89 80 85 4 0 20 0.04 0.0 0 13.3 23 90 M M 3 1 27 90
6 90 80 85 4 0 20 0.25 0.0 0 12.5 26 110 M M 5 18 32 120
7 89 80 85 5 0 20 0.04 0.0 0 12.6 21 120 M M 3 8 26 120
8 89 78 84 4 0 19 T 0.0 0 8.0 20 90 M M 3 23 90
9 89 78 84 4 0 19 T 0.0 0 12.7 20 90 M M 3 25 100
10 90 77 84 4 0 19 0.40 0.0 0 8.5 20 180 M M 4 1 25 120
11 93 78 86 6 0 21 0.22 0.0 0 4.2 14 250 M M 3 1 18 260
12 92 77 85 5 0 20 0.02 0.0 0 3.8 16 260 M M 3 20 260
13 89 74 82 2 0 17 0.00 0.0 0 5.2 13 70 M M 2 16 60
14 88 74 81 2 0 16 0.00 0.0 0 7.7 20 80 M M 3 25 90
15 88 76 82 3 0 17 0.16 0.0 0 7.1 22 80 M M 5 1 26 80
16 87 74 81 2 0 16 1.14 0.0 0 3.8 14 100 M M 4 13 18 270
17 87 76 82 3 0 17 0.14 0.0 0 9.8 24 70 M M 4 1 30 70
18 88 80 84 5 0 19 0.02 0.0 0 12.5 21 90 M M 4 27 70
19 83 74 79 1 0 14 0.11 0.0 0 13.1 29 110 M M 5 1 35 110
20 84 74 79 1 0 14 1.25 0.0 0 14.8 32 80 M M 6 138 39 80
21 79 73 76 -2 0 11 1.93 0.0 0 12.0 32 100 M M 7 1 44 100
22 86 72 79 1 0 14 0.44 0.0 0 10.1 26 110 M M 7 1 32 110
23 86 75 81 3 0 16 0.16 0.0 0 12.3 21 90 M M 6 1 26 90
24 86 73 80 2 0 15 3.27 0.0 0 9.8 21 100 M M 5 12 25 100
25 84 73 79 2 0 14 1.64 0.0 0 6.3 18 160 M M 7 123 25 160
26 87 75 81 4 0 16 0.02 0.0 0 9.3 18 100 M M 4 1 24 120
27 88 79 84 7 0 19 0.00 0.0 0 11.4 20 80 M M 2 23 100
28 87 79 83 6 0 18 0.01 0.0 0 11.6 21 120 M M 4 26 110
29 89 79 84 8 0 19 T 0.0 0 8.6 16 130 M M 4 20 140
30 89 76 83 7 0 18 T 0.0 0 4.9 15 30 M M 4 20 30
31 82 75 79 3 0 14 3.57 0.0 0 9.7 18 80 M M 6 13 27 100
================================================================================
SM 2705 2363 0 528 16.87 0.0 279.1 M 134
================================================================================
AV 87.3 76.2 9.0 FASTST M M 4 MAX(MPH)
MISC ----> # 32 80 # 44 100
================================================================================
NOTES:
# LAST OF SEVERAL OCCURRENCES
COLUMN 17 PEAK WIND IN M.P.H.
PRELIMINARY LOCAL CLIMATOLOGICAL DATA (WS FORM: F-6) , PAGE 2
STATION: FORT LAUDERDALE EXEC ARPT
MONTH: OCTOBER
YEAR: 2020
LATITUDE: 26 12 N
LONGITUDE: 80 11 W
[TEMPERATURE DATA] [PRECIPITATION DATA] SYMBOLS USED IN COLUMN 16
AVERAGE MONTHLY: 81.7 TOTAL FOR MONTH: 16.87 1 = FOG OR MIST
DPTR FM NORMAL: 2.8 DPTR FM NORMAL: 11.37 2 = FOG REDUCING VISIBILITY
HIGHEST: 93 ON 11 GRTST 24HR 3.57 ON 31-31 TO 1/4 MILE OR LESS
LOWEST: 72 ON 22 3 = THUNDER
SNOW, ICE PELLETS, HAIL 4 = ICE PELLETS
TOTAL MONTH: 0.0 INCH 5 = HAIL
GRTST 24HR 0.0 6 = FREEZING RAIN OR DRIZZLE
GRTST DEPTH: 0 7 = DUSTSTORM OR SANDSTORM:
VSBY 1/2 MILE OR LESS
8 = SMOKE OR HAZE
[NO. OF DAYS WITH] [WEATHER - DAYS WITH] 9 = BLOWING SNOW
X = TORNADO
MAX 32 OR BELOW: 0 0.01 INCH OR MORE: 24
MAX 90 OR ABOVE: 5 0.10 INCH OR MORE: 16
MIN 32 OR BELOW: 0 0.50 INCH OR MORE: 8
MIN 0 OR BELOW: 0 1.00 INCH OR MORE: 7
[HDD (BASE 65) ]
TOTAL THIS MO. 0 CLEAR (SCALE 0-3) 5
DPTR FM NORMAL 0 PTCLDY (SCALE 4-7) 26
TOTAL FM JUL 1 0 CLOUDY (SCALE 8-10) 0
DPTR FM NORMAL 0
[CDD (BASE 65) ]
TOTAL THIS MO. 528
DPTR FM NORMAL 97 [PRESSURE DATA]
TOTAL FM JAN 1 4418 HIGHEST SLP 30.11 ON 31
DPTR FM NORMAL 643 LOWEST SLP 29.84 ON 24
[REMARKS]
#FINAL-10-20#