000
CXUS54 KTSA 010840
CF6FYV
PRELIMINARY LOCAL CLIMATOLOGICAL DATA (WS FORM: F-6)
STATION: FAYETTEVILLE ARKANSAS
MONTH: APRIL
YEAR: 2020
LATITUDE: 36 0 N
LONGITUDE: 94 10 W
TEMPERATURE IN F: :PCPN: SNOW: WIND :SUNSHINE: SKY :PK WND
================================================================================
1 2 3 4 5 6A 6B 7 8 9 10 11 12 13 14 15 16 17 18
12Z AVG MX 2MIN
DY MAX MIN AVG DEP HDD CDD WTR SNW DPTH SPD SPD DIR MIN PSBL S-S WX SPD DR
================================================================================
1 72 41 57 4 8 0 0.00 0.0 0 6.0 18 170 M M 0 8 26 140
2 75 59 67 14 0 2 T 0.0 0 12.3 31 170 M M 2 46 170
3 65 40 53 0 12 0 0.92 0.0 0 5.6 18 310 M M 10 13 25 300
4 47 40 44 -10 21 0 0.01 0.0 0 4.4 9 60 M M 9 1 15 60
5 64 47 56 2 9 0 0.00 0.0 0 2.5 10 200 M M 9 12 15 200
6 73 45 59 5 6 0 0.00 0.0 0 7.1 22 200 M M 7 12 33 190
7 83 65 74 20 0 9 0.00 0.0 0 9.0 20 170 M M 4 26 170
8 91 60 76 21 0 11 0.00 0.0 0 8.2 17 20 M M 0 1 32 20
9 70 46 58 3 7 0 0.00 0.0 0 7.8 17 340 M M 1 26 350
10 65 38 52 -3 13 0 0.00 0.0 0 4.2 12 190 M M 0 19 30
11 69 50 60 4 5 0 0.16 0.0 0 10.7 26 180 M M 6 13 37 160
12 72 37 55 -1 10 0 1.20 0.0 0 10.1 32 280 M M 9 13 44 290
13 46 33 40 -16 25 0 T 0.0 0 9.5 24 310 M M 6 1 36 340
14 52 33 43 -13 22 0 0.01 T 0 3.7 14 90 M M 7 1 20 80
15 61 29 45 -12 20 0 0.00 0.0 0 4.4 16 300 M M 1 24 270
16 71 34 53 -4 12 0 0.00 0.0 0 11.1 25 180 M M 0 35 170
17 61 39 50 -7 15 0 T 0.0 0 8.9 21 300 M M 8 18 30 220
18 70 29 50 -8 15 0 0.00 0.0 0 5.4 16 180 M M 1 1 22 180
19 65 46 56 -2 9 0 0.17 0.0 0 3.6 14 60 M M 8 13 21 80
20 76 40 58 0 7 0 0.00 0.0 0 5.4 15 240 M M 0 1 27 270
21 79 45 62 4 3 0 0.00 0.0 0 2.3 12 320 M M 1 1 18 310
22 67 56 62 3 3 0 0.57 0.0 0 7.7 23 140 M M 7 13 38 140
23 73 52 63 4 2 0 0.05 0.0 0 7.4 16 310 M M 6 1 23 330
24 76 50 63 4 2 0 0.47 0.0 0 5.8 33 300 M M 4 13 46 290
25 70 47 59 -1 6 0 0.02 0.0 0 11.6 22 320 M M 6 1 32 330
26 75 43 59 -1 6 0 0.00 0.0 0 2.8 14 330 M M 1 22 340
27 71 49 60 0 5 0 0.06 0.0 0 5.7 22 180 M M 5 3 31 170
28 80 59 70 10 0 5 0.36 0.0 0 9.4 28 260 M M 6 13 38 260
29 67 51 59 -2 6 0 T 0.0 0 11.5 24 330 M M 3 34 330
30 75 42 59 -2 6 0 0.00 0.0 0 4.9 16 300 M M 0 22 310
================================================================================
SM 2081 1345 255 27 4.00 T 209.0 M 127
================================================================================
AV 69.4 44.8 7.0 FASTST M M 4 MAX(MPH)
MISC ----> # 33 300 # 46 170
================================================================================
NOTES:
# LAST OF SEVERAL OCCURRENCES
COLUMN 17 PEAK WIND IN M.P.H.
PRELIMINARY LOCAL CLIMATOLOGICAL DATA (WS FORM: F-6) , PAGE 2
STATION: FAYETTEVILLE ARKANSAS
MONTH: APRIL
YEAR: 2020
LATITUDE: 36 0 N
LONGITUDE: 94 10 W
[TEMPERATURE DATA] [PRECIPITATION DATA] SYMBOLS USED IN COLUMN 16
AVERAGE MONTHLY: 57.1 TOTAL FOR MONTH: 4.00 1 = FOG OR MIST
DPTR FM NORMAL: 0.3 DPTR FM NORMAL: -0.57 2 = FOG REDUCING VISIBILITY
HIGHEST: 91 ON 8 GRTST 24HR 1.20 ON 12-12 TO 1/4 MILE OR LESS
LOWEST: 29 ON 18,15 3 = THUNDER
SNOW, ICE PELLETS, HAIL 4 = ICE PELLETS
TOTAL MONTH: T 5 = HAIL
GRTST 24HR T ON 14-14 6 = FREEZING RAIN OR DRIZZLE
GRTST DEPTH: 0 7 = DUSTSTORM OR SANDSTORM:
VSBY 1/2 MILE OR LESS
8 = SMOKE OR HAZE
[NO. OF DAYS WITH] [WEATHER - DAYS WITH] 9 = BLOWING SNOW
X = TORNADO
MAX 32 OR BELOW: 0 0.01 INCH OR MORE: 12
MAX 90 OR ABOVE: 1 0.10 INCH OR MORE: 7
MIN 32 OR BELOW: 2 0.50 INCH OR MORE: 3
MIN 0 OR BELOW: 0 1.00 INCH OR MORE: 1
[HDD (BASE 65) ]
TOTAL THIS MO. 255 CLEAR (SCALE 0-3) 12
DPTR FM NORMAL -14 PTCLDY (SCALE 4-7) 13
TOTAL FM JUL 1 3500 CLOUDY (SCALE 8-10) 5
DPTR FM NORMAL -598
[CDD (BASE 65) ]
TOTAL THIS MO. 27
DPTR FM NORMAL 3 [PRESSURE DATA]
TOTAL FM JAN 1 56 HIGHEST SLP 30.36 ON 14
DPTR FM NORMAL 28 LOWEST SLP 29.41 ON 12
[REMARKS]
#FINAL-04-20#