000
CXUS54 KOUN 010910
CF6GAG
PRELIMINARY LOCAL CLIMATOLOGICAL DATA (WS FORM: F-6)
STATION: GAGE
MONTH: JANUARY
YEAR: 2022
LATITUDE: 36 17 N
LONGITUDE: 99 46 W
TEMPERATURE IN F: :PCPN: SNOW: WIND :SUNSHINE: SKY :PK WND
================================================================================
1 2 3 4 5 6A 6B 7 8 9 10 11 12 13 14 15 16 17 18
12Z AVG MX 2MIN
DY MAX MIN AVG DEP HDD CDD WTR SNW DPTH SPD SPD DIR MIN PSBL S-S WX SPD DR
================================================================================
1 31 10 21 -15 44 0 0.04 M M 17.5 26 360 M M 9 18 34 350
2 42 2 22 -14 43 0 0.00 0.0 0 7.5 20 350 M M 1 23 360
3 58 13 36 0 29 0 0.00 0.0 0 10.9 24 190 M M 0 30 200
4 68 32 50 14 15 0 0.00 0.0 0 11.7 28 190 M M 0 37 200
5 43 19 31 -5 34 0 0.00 0.0 0 8.6 22 50 M M 0 26 50
6 22 9 16 -20 49 0 T T 0 12.3 25 350 M M 4 31 20
7 36 8 22 -14 43 0 0.00 0.0 0 12.9 26 190 M M 0 33 190
8 74 31 53 17 12 0 0.00 0.0 0 18.7 32 180 M M 0 40 180
9 44 15 30 -6 35 0 0.00 0.0 0 11.0 25 20 M M 0 34 20
10 59 12 36 0 29 0 0.00 0.0 0 5.0 14 180 M M 0 16 260
11 65 20 43 7 22 0 0.00 0.0 0 11.9 28 220 M M 0 34 210
12 67 18 43 7 22 0 0.00 0.0 0 7.3 14 330 M M 0 18 340
13 70 28 49 13 16 0 0.00 0.0 0 5.4 13 250 M M 0 15 250
14 63 32 48 12 17 0 T 0.0 0 19.7 43 10 M M 2 8 53 10
15 37 11 24 -12 41 0 0.00 0.0 0 20.0 36 340 M M 4 50 350
16 65 6 36 0 29 0 0.00 0.0 0 5.8 17 330 M M 0 23 330
17 64 17 41 4 24 0 0.00 0.0 0 12.6 29 210 M M 0 35 210
18 64 26 45 8 20 0 0.00 0.0 0 3.5 20 170 M M 0 24 170
19 38 18 28 -9 37 0 0.00 0.0 0 20.4 32 20 M M 5 39 20
20 29 9 19 -18 46 0 0.00 0.0 0 8.3 21 20 M M 5 26 20
21 39 8 24 -13 41 0 0.00 0.0 0 12.4 26 180 M M 0 32 170
22 52 15 34 -3 31 0 0.00 0.0 0 5.8 12 240 M M 1 13 240
23 60 21 41 4 24 0 0.00 0.0 0 6.1 12 330 M M 0 14 330
24 63 19 41 4 24 0 0.00 0.0 0 9.1 21 20 M M 0 27 20
25 42 20 31 -6 34 0 0.00 M M 12.2 18 30 M M 7 22 30
26 28 19 24 -13 41 0 T M M 9.2 18 190 M M 9 8 22 190
27 49 17 33 -4 32 0 0.00 M M 10.1 23 20 M M 5 12 32 10
28 54 18 36 -1 29 0 0.00 M M 9.4 23 300 M M 0 29 290
29 68 17 43 6 22 0 0.00 M M 8.4 21 260 M M 0 25 260
30 67 14 41 4 24 0 0.00 M M 7.1 14 180 M M 0 19 180
31 72 18 45 8 20 0 0.00 0.0 M 11.8 23 170 M M 0 31 220
================================================================================
SM 1633 522 929 0 0.04 T 332.6 M 52
================================================================================
AV 52.7 16.8 10.7 FASTST M M 2 MAX(MPH)
MISC ----> 43 10 53 10
================================================================================
NOTES:
# LAST OF SEVERAL OCCURRENCES
COLUMN 17 PEAK WIND IN M.P.H.
PRELIMINARY LOCAL CLIMATOLOGICAL DATA (WS FORM: F-6) , PAGE 2
STATION: GAGE
MONTH: JANUARY
YEAR: 2022
LATITUDE: 36 17 N
LONGITUDE: 99 46 W
[TEMPERATURE DATA] [PRECIPITATION DATA] SYMBOLS USED IN COLUMN 16
AVERAGE MONTHLY: 34.8 TOTAL FOR MONTH: 0.04 1 = FOG OR MIST
DPTR FM NORMAL: -1.8 DPTR FM NORMAL: -0.52 2 = FOG REDUCING VISIBILITY
HIGHEST: 74 ON 8 GRTST 24HR 0.37 ON 1- 1 TO 1/4 MILE OR LESS
LOWEST: 2 ON 2 3 = THUNDER
SNOW, ICE PELLETS, HAIL 4 = ICE PELLETS
TOTAL MONTH: T 5 = HAIL
GRTST 24HR T ON 6- 6 6 = FREEZING RAIN OR DRIZZLE
GRTST DEPTH: 0 7 = DUSTSTORM OR SANDSTORM:
VSBY 1/2 MILE OR LESS
8 = SMOKE OR HAZE
[NO. OF DAYS WITH] [WEATHER - DAYS WITH] 9 = BLOWING SNOW
X = TORNADO
MAX 32 OR BELOW: 4 0.01 INCH OR MORE: 1
MAX 90 OR ABOVE: 0 0.10 INCH OR MORE: 0
MIN 32 OR BELOW: 31 0.50 INCH OR MORE: 0
MIN 0 OR BELOW: 0 1.00 INCH OR MORE: 0
[HDD (BASE 65) ]
TOTAL THIS MO. 929 CLEAR (SCALE 0-3) 23
DPTR FM NORMAL 47 PTCLDY (SCALE 4-7) 6
TOTAL FM JUL 1 2071 CLOUDY (SCALE 8-10) 2
DPTR FM NORMAL -450
[CDD (BASE 65) ]
TOTAL THIS MO. 0
DPTR FM NORMAL 0 [PRESSURE DATA]
TOTAL FM JAN 1 0 HIGHEST SLP 30.74 ON 10
DPTR FM NORMAL 0 LOWEST SLP 29.60 ON 1
[REMARKS]
#FINAL-01-22#