000
CXUS53 KDDC 011656
CF6GCK
PRELIMINARY LOCAL CLIMATOLOGICAL DATA (WS FORM: F-6)
STATION: GARDEN CITY REGIONAL ARPT KS
MONTH: MARCH
YEAR: 2021
LATITUDE: 37 55 N
LONGITUDE: 100 43 W
TEMPERATURE IN F: :PCPN: SNOW: WIND :SUNSHINE: SKY :PK WND
================================================================================
1 2 3 4 5 6A 6B 7 8 9 10 11 12 13 14 15 16 17 18
12Z AVG MX 2MIN
DY MAX MIN AVG DEP HDD CDD WTR SNW DPTH SPD SPD DIR MIN PSBL S-S WX SPD DR
================================================================================
1 52 13 33 -6 32 0 0.00 M M 6.9 15 330 M M 0 20 350
2 69 18 44 5 21 0 0.00 M M 11.7 24 210 M M 0 33 230
3 70 18 44 4 21 0 0.00 M M 8.6 16 130 M M 0 22 110
4 64 23 44 4 21 0 T M M 16.2 35 150 M M 3 3 45 150
5 62 37 50 10 15 0 0.12 M M 13.2 28 50 M M 5 13 39 40
6 67 30 49 8 16 0 0.00 M M 13.8 26 190 M M 0 36 180
7 71 40 56 15 9 0 0.00 M M 19.2 31 200 M M 0 42 210
8 71 34 53 12 12 0 0.00 M M 18.0 35 180 M M 0 47 190
9 79 42 61 19 4 0 0.00 M M 20.4 32 190 M M 0 44 190
10 69 36 53 11 12 0 0.00 M M 19.4 35 260 M M 0 49 240
11 55 22 39 -3 26 0 0.00 M M 10.3 20 100 M M 0 25 80
12 41 35 38 -4 27 0 0.04 M M 13.9 21 70 M M 9 13 28 80
13 48 36 42 -1 23 0 1.49 M M 17.5 35 70 M M 10 123 44 70
14 58 36 47 4 18 0 0.02 M M 11.4 30 80 M M 7 1 38 80
15 51 30 41 -2 24 0 T M M 12.7 30 340 M M 4 1 40 340
16 50 34 42 -2 23 0 0.00 M M 16.1 36 30 M M 5 46 20
17 41 31 36 -8 29 0 0.07 M M 24.7 40 10 M M 10 1 50 10
18 49 27 38 -6 27 0 0.00 M M 14.3 24 360 M M 1 36 350
19 57 22 40 -4 25 0 0.00 M M 10.3 21 180 M M 0 29 180
20 69 34 52 7 13 0 0.00 M M 21.9 39 180 M M 0 52 180
21 64 44 54 9 11 0 0.00 M M 16.0 25 170 M M 1 40 180
22 48 35 42 -3 23 0 0.12 M M 21.3 30 360 M M 10 13 39 350
23 50 34 42 -4 23 0 M M M 24.7 35 350 M M 7 1 46 340
24 44 31 38 -8 27 0 0.02 M M 11.0 23 360 M M 5 1 30 360
25 52 33 43 -3 22 0 0.00 M M 6.9 16 140 M M 6 1 20 140
26 67 36 52 6 13 0 0.00 M M 12.8 23 10 M M 3 38 210
27 59 32 46 -1 19 0 0.00 M M 13.1 26 360 M M 2 35 360
28 69 26 48 1 17 0 0.00 M M 12.1 26 220 M M 0 34 220
29 88 38 63 16 2 0 0.00 M M 20.8 39 360 M M 0 8 52 10
30 53 28 41 -7 24 0 0.00 M M 16.2 31 10 M M 1 40 10
31 59 25 42 -6 23 0 0.00 M M 10.2 21 320 M M 3 29 270
================================================================================
SM 1846 960 602 0 1.88 M 465.6 M 92
================================================================================
AV 59.5 31.0 15.0 FASTST M M 3 MAX(MPH)
MISC ----> 40 10 # 52 180
================================================================================
NOTES:
# LAST OF SEVERAL OCCURRENCES
COLUMN 17 PEAK WIND IN M.P.H.
PRELIMINARY LOCAL CLIMATOLOGICAL DATA (WS FORM: F-6) , PAGE 2
STATION: GARDEN CITY REGIONAL ARPT KS
MONTH: MARCH
YEAR: 2021
LATITUDE: 37 55 N
LONGITUDE: 100 43 W
[TEMPERATURE DATA] [PRECIPITATION DATA] SYMBOLS USED IN COLUMN 16
AVERAGE MONTHLY: 45.3 TOTAL FOR MONTH: 1.88 1 = FOG OR MIST
DPTR FM NORMAL: 1.7 DPTR FM NORMAL: 0.42 2 = FOG REDUCING VISIBILITY
HIGHEST: 88 ON 29 GRTST 24HR 1.51 ON 13-14 TO 1/4 MILE OR LESS
LOWEST: 13 ON 1 3 = THUNDER
4 = ICE PELLETS
5 = HAIL
6 = FREEZING RAIN OR DRIZZLE
7 = DUSTSTORM OR SANDSTORM:
VSBY 1/2 MILE OR LESS
8 = SMOKE OR HAZE
[NO. OF DAYS WITH] [WEATHER - DAYS WITH] 9 = BLOWING SNOW
X = TORNADO
MAX 32 OR BELOW: 0 0.01 INCH OR MORE: 7
MAX 90 OR ABOVE: 0 0.10 INCH OR MORE: 3
MIN 32 OR BELOW: 15 0.50 INCH OR MORE: 1
MIN 0 OR BELOW: 0 1.00 INCH OR MORE: 1
[HDD (BASE 65) ]
TOTAL THIS MO. 602 CLEAR (SCALE 0-3) 20
DPTR FM NORMAL -62 PTCLDY (SCALE 4-7) 7
TOTAL FM JUL 1 4751 CLOUDY (SCALE 8-10) 4
DPTR FM NORMAL 64
[CDD (BASE 65) ]
TOTAL THIS MO. 0
DPTR FM NORMAL 0 [PRESSURE DATA]
TOTAL FM JAN 1 0 HIGHEST SLP 30.51 ON 31
DPTR FM NORMAL 0 LOWEST SLP 29.35 ON 29
[REMARKS]
The precipitation was way underdone on the 22nd. The actual amount may be closer to between 0.30"
and 0.40".
#FINAL-03-21#