000
CXUS54 KFWD 010730
CF6GDJ
PRELIMINARY LOCAL CLIMATOLOGICAL DATA (WS FORM: F-6)
STATION: GRANBURY
MONTH: JUNE
YEAR: 2023
LATITUDE: 32 26 N
LONGITUDE: 97 48 W
TEMPERATURE IN F: :PCPN: SNOW: WIND :SUNSHINE: SKY :PK WND
================================================================================
1 2 3 4 5 6A 6B 7 8 9 10 11 12 13 14 15 16 17 18
12Z AVG MX 2MIN
DY MAX MIN AVG DEP HDD CDD WTR SNW DPTH SPD SPD DIR MIN PSBL S-S WX SPD DR
================================================================================
1 87 68 78 2 0 13 0.00 M M 6.5 14 120 M M 1 22 140
2 90 65 78 2 0 13 0.01 M M 7.0 20 300 M M 3 37 0
3 89 63 76 -1 0 11 0.02 M M 3.9 16 60 M M 1 25 60
4 85 64 75 -2 0 10 0.05 M M 3.3 10 250 M M 4 M M
5 85 64 75 -2 0 10 0.00 M M 5.3 18 320 M M 4 22 40
6 86 63 75 -3 0 10 0.00 M M 3.9 16 130 M M 2 22 130
7 90 64 77 -1 0 12 0.00 M M 3.5 15 230 M M 1 18 230
8 91 65 78 0 0 13 0.00 M M 3.5 16 130 M M 2 24 20
9 97 65 81 3 0 16 0.00 M M 3.6 9 150 M M 1 M M
10 100 71 86 7 0 21 M M M 9.5 20 240 M M 0 35 290
11 100 70 85 6 0 20 0.00 M M 6.9 16 40 M M 2 3 24 0
12 86 69 78 -1 0 13 0.00 M M 8.9 18 100 M M 4 25 30
13 85 71 78 -1 0 13 0.00 M M 5.6 9 170 M M 6 18 M M
14 96 72 84 4 0 19 0.00 M M 4.4 10 210 M M 6 18 M M
15 95 72 84 4 0 19 0.00 M M 7.7 15 130 M M 1 18 22 140
16 98 73 86 6 0 21 0.00 M M 9.6 17 120 M M 4 22 110
17 94 71 83 3 0 18 0.00 M M 7.3 15 200 M M 2 3 20 120
18 95 78 87 7 0 22 0.00 M M 6.4 18 190 M M 2 27 190
19 102 74 88 7 0 23 0.00 M M 9.0 16 130 M M 1 23 120
20 104 78 91 10 0 26 0.00 M M 8.6 14 100 M M 1 22 100
21 95 79 87 6 0 22 0.00 M M 10.1 23 90 M M 3 28 90
22 91 75 83 2 0 18 0.00 M M 9.1 17 170 M M 2 29 140
23 95 76 86 4 0 21 0.00 M M 9.6 18 160 M M 3 8 28 160
24 104 78 91 9 0 26 0.00 M M 10.3 15 170 M M 0 26 180
25 104 81 93 11 0 28 0.00 M M 11.2 22 180 M M 0 28 200
26 106 79 93 11 0 28 0.00 M M 7.6 15 160 M M 0 24 160
27 106 78 92 10 0 27 0.00 M M 9.2 16 150 M M 0 22 210
28 105 79 92 10 0 27 0.00 M M 9.4 16 160 M M 0 23 140
29 103 78 91 9 0 26 0.00 M M 10.3 15 210 M M 0 21 200
30 99 76 88 5 0 23 0.00 M M 10.2 18 140 M M 0 22 200
================================================================================
SM 2863 2159 0 569 0.08 M 221.4 M 56
================================================================================
AV 95.4 72.0 7.4 FASTST M M 2 MAX(MPH)
MISC ----> 23 90 37 0
================================================================================
NOTES:
# LAST OF SEVERAL OCCURRENCES
COLUMN 17 PEAK WIND IN M.P.H.
PRELIMINARY LOCAL CLIMATOLOGICAL DATA (WS FORM: F-6) , PAGE 2
STATION: GRANBURY
MONTH: JUNE
YEAR: 2023
LATITUDE: 32 26 N
LONGITUDE: 97 48 W
[TEMPERATURE DATA] [PRECIPITATION DATA] SYMBOLS USED IN COLUMN 16
AVERAGE MONTHLY: 83.7 TOTAL FOR MONTH: 0.08 1 = FOG OR MIST
DPTR FM NORMAL: 3.9 DPTR FM NORMAL: M 2 = FOG REDUCING VISIBILITY
HIGHEST: 106 ON 27,26 GRTST 24HR 0.05 ON 4- 4 TO 1/4 MILE OR LESS
LOWEST: 63 ON 6, 3 3 = THUNDER
SNOW, ICE PELLETS, HAIL 4 = ICE PELLETS
TOTAL MONTH: M 5 = HAIL
GRTST 24HR M ON M 6 = FREEZING RAIN OR DRIZZLE
GRTST DEPTH: M ON M 7 = DUSTSTORM OR SANDSTORM:
VSBY 1/2 MILE OR LESS
8 = SMOKE OR HAZE
[NO. OF DAYS WITH] [WEATHER - DAYS WITH] 9 = BLOWING SNOW
X = TORNADO
MAX 32 OR BELOW: 0 0.01 INCH OR MORE: 3
MAX 90 OR ABOVE: 23 0.10 INCH OR MORE: 0
MIN 32 OR BELOW: 0 0.50 INCH OR MORE: 0
MIN 0 OR BELOW: 0 1.00 INCH OR MORE: 0
[HDD (BASE 65) ]
TOTAL THIS MO. 0 CLEAR (SCALE 0-3) 24
DPTR FM NORMAL 0 PTCLDY (SCALE 4-7) 6
TOTAL FM JUL 1 1824 CLOUDY (SCALE 8-10) 0
DPTR FM NORMAL -841
[CDD (BASE 65) ]
TOTAL THIS MO. 569
DPTR FM NORMAL 127 [PRESSURE DATA]
TOTAL FM JAN 1 938 HIGHEST SLP M ON M
DPTR FM NORMAL 162 LOWEST SLP M ON M
[REMARKS]
#FINAL-06-23#