000
CXUS54 KMAF 011110
CF6GDP
PRELIMINARY LOCAL CLIMATOLOGICAL DATA (WS FORM: F-6)
STATION: GUADALUPE PASS
MONTH: JUNE
YEAR: 2021
LATITUDE: 31 49 N
LONGITUDE: 104 48 W
TEMPERATURE IN F: :PCPN: SNOW: WIND :SUNSHINE: SKY :PK WND
================================================================================
1 2 3 4 5 6A 6B 7 8 9 10 11 12 13 14 15 16 17 18
12Z AVG MX 2MIN
DY MAX MIN AVG DEP HDD CDD WTR SNW DPTH SPD SPD DIR MIN PSBL S-S WX SPD DR
================================================================================
1 74 54 64 -12 1 0 0.02 M M 22.5 47 40 M M 5 128 54 40
2 85 58 72 -4 0 7 T M M 15.0 30 110 M M 2 37 110
3 75 58 67 -10 0 2 0.02 M M 15.0 31 50 M M 2 34 50
4 78 57 68 -9 0 3 T M M 10.2 23 40 M M 2 27 40
5 92 62 77 0 0 12 M M M 15.8 44 250 M M 1 57 10
6 97 69 83 6 0 18 0.00 M M 18.0 38 240 M M 0 8 44 290
7 95 68 82 4 0 17 0.00 M M 20.5 41 250 M M 0 53 240
8 95 71 83 5 0 18 0.00 M M 17.9 37 230 M M 0 46 230
9 100 72 86 8 0 21 0.00 M M 12.5 28 250 M M 0 35 260
10 103 76 90 12 0 25 0.00 M M 13.0 31 230 M M 0 41 240
11 104 76 90 12 0 25 0.00 M M 11.7 23 240 M M 0 29 240
12 93 76 85 7 0 20 0.00 M M 12.8 30 70 M M 0 18 37 70
13 94 68 81 2 0 16 0.00 M M 19.8 41 40 M M 0 45 40
14 94 66 80 1 0 15 T M M 16.7 38 80 M M 1 8 43 90
15 88 61 75 -4 0 10 0.00 M M 22.4 37 50 M M 0 18 38 50
16 89 68 79 0 0 14 0.00 M M 16.6 31 70 M M 0 18 37 80
17 90 68 79 0 0 14 0.00 M M 14.4 30 50 M M 0 35 60
18 94 68 81 2 0 16 0.00 M M 14.1 35 50 M M 0 39 50
19 95 69 82 3 0 17 0.00 M M 15.5 33 50 M M 0 36 40
20 103 72 88 9 0 23 T M M 15.0 28 240 M M 0 35 250
21 89 65 77 -2 0 12 0.00 M M 25.6 49 50 M M 0 18 54 60
22 95 60 78 -1 0 13 0.00 M M 17.3 37 60 M M 2 40 50
23 101 72 87 8 0 22 T M M 17.6 28 40 M M 1 8 32 240
24 96 72 84 5 0 19 0.04 M M 12.2 37 40 M M 2 8 41 30
25 99 72 86 7 0 21 T M M 18.9 39 240 M M 3 8 50 250
26 97 68 83 4 0 18 0.00 M M 14.7 48 40 M M 2 57 40
27 74 62 68 -11 0 3 0.00 M M 30.5 45 70 M M 5 18 48 70
28 65 59 62 -17 3 0 0.02 M M 10.4 35 40 M M 10 18 36 40
29 69 59 64 -15 1 0 3.09 M M 19.4 37 40 M M 9 128 40 40
30 73 62 68 -10 0 3 0.00 M M 25.2 33 50 M M 6 128 40 50
================================================================================
SM 2696 1988 5 404 3.19 M 511.2 M 53
================================================================================
AV 89.9 66.3 17.0 FASTST M M 2 MAX(MPH)
MISC ----> 49 50 # 57 10
================================================================================
NOTES:
# LAST OF SEVERAL OCCURRENCES
COLUMN 17 PEAK WIND IN M.P.H.
PRELIMINARY LOCAL CLIMATOLOGICAL DATA (WS FORM: F-6) , PAGE 2
STATION: GUADALUPE PASS
MONTH: JUNE
YEAR: 2021
LATITUDE: 31 49 N
LONGITUDE: 104 48 W
[TEMPERATURE DATA] [PRECIPITATION DATA] SYMBOLS USED IN COLUMN 16
AVERAGE MONTHLY: 78.1 TOTAL FOR MONTH: 3.19 1 = FOG OR MIST
DPTR FM NORMAL: -0.1 DPTR FM NORMAL: 2.33 2 = FOG REDUCING VISIBILITY
HIGHEST: 104 ON 11 GRTST 24HR 3.09 ON 29-29 TO 1/4 MILE OR LESS
LOWEST: 54 ON 1 3 = THUNDER
SNOW, ICE PELLETS, HAIL 4 = ICE PELLETS
TOTAL MONTH: M 5 = HAIL
GRTST 24HR M ON M 6 = FREEZING RAIN OR DRIZZLE
GRTST DEPTH: M ON M 7 = DUSTSTORM OR SANDSTORM:
VSBY 1/2 MILE OR LESS
8 = SMOKE OR HAZE
[NO. OF DAYS WITH] [WEATHER - DAYS WITH] 9 = BLOWING SNOW
X = TORNADO
MAX 32 OR BELOW: 0 0.01 INCH OR MORE: 5
MAX 90 OR ABOVE: 19 0.10 INCH OR MORE: 1
MIN 32 OR BELOW: 0 0.50 INCH OR MORE: 1
MIN 0 OR BELOW: 0 1.00 INCH OR MORE: 1
[HDD (BASE 65) ]
TOTAL THIS MO. 5 CLEAR (SCALE 0-3) 24
DPTR FM NORMAL 4 PTCLDY (SCALE 4-7) 4
TOTAL FM JUL 1 2714 CLOUDY (SCALE 8-10) 2
DPTR FM NORMAL -295
[CDD (BASE 65) ]
TOTAL THIS MO. 404
DPTR FM NORMAL 6 [PRESSURE DATA]
TOTAL FM JAN 1 606 HIGHEST SLP 30.13 ON 1
DPTR FM NORMAL -49 LOWEST SLP 29.56 ON 6
[REMARKS]
#FINAL-06-21#