000
CXUS51 KPHI 010915
CF6GED
PRELIMINARY LOCAL CLIMATOLOGICAL DATA (WS FORM: F-6)
STATION: GEORGETOWN DE
MONTH: DECEMBER
YEAR: 2022
LATITUDE: 38 41 N
LONGITUDE: 75 22 W
TEMPERATURE IN F: :PCPN: SNOW: WIND :SUNSHINE: SKY :PK WND
================================================================================
1 2 3 4 5 6A 6B 7 8 9 10 11 12 13 14 15 16 17 18
12Z AVG MX 2MIN
DY MAX MIN AVG DEP HDD CDD WTR SNW DPTH SPD SPD DIR MIN PSBL S-S WX SPD DR
================================================================================
1 45 28 37 -8 28 0 0.00 M M 5.5 17 280 M M 0 25 300
2 52 23 38 -7 27 0 0.00 M M 3.9 13 190 M M 0 15 190
3 61 45 53 9 12 0 0.38 M M 12.7 26 220 M M 9 1 36 220
4 48 28 38 -6 27 0 0.00 M M 2.8 10 360 M M 0 16 350
5 52 25 39 -5 26 0 0.00 M M 1.9 12 130 M M 1 15 120
6 63 36 50 6 15 0 0.29 M M 7.6 16 160 M M 10 1 22 150
7 64 58 61 18 4 0 0.04 M M 7.1 17 220 M M 10 1 22 230
8 59 47 53 10 12 0 T M M 5.8 17 40 M M 3 1 22 40
9 49 30 40 -3 25 0 0.00 M M 5.8 15 20 M M 1 20 50
10 50 29 40 -3 25 0 0.00 M M 6.9 14 60 M M 3 17 60
11 52 41 47 5 18 0 0.02 M M 5.0 16 40 M M 10 1 20 30
12 44 37 41 -1 24 0 0.00 M M 5.0 16 10 M M 7 1 22 10
13 43 24 34 -8 31 0 0.00 M M 3.1 10 310 M M 1 16 290
14 41 23 32 -10 33 0 0.00 M M 3.2 10 20 M M 0 14 30
15 56 35 46 5 19 0 1.89 M M 12.1 25 120 M M 9 1 39 110
16 56 41 49 8 16 0 0.00 M M 8.8 18 290 M M 8 1 30 280
17 49 32 41 0 24 0 0.00 M M 4.0 17 300 M M 4 23 290
18 45 31 38 -3 27 0 0.00 M M 4.6 18 290 M M 6 28 290
19 41 25 33 -7 32 0 0.00 M M 4.6 16 280 M M 0 26 280
20 42 26 34 -6 31 0 0.00 M M 3.4 12 20 M M 0 18 350
21 44 24 34 -6 31 0 0.00 M M 2.4 10 50 M M 0 13 30
22 59 29 44 4 21 0 0.80 M M 10.9 24 170 M M 9 1 34 170
23 59 16 38 -2 27 0 0.10 M M 16.3 29 210 M M 8 1 39 220
24 20 11 16 -23 49 0 0.00 M M 7.7 17 280 M M 0 27 260
25 33 10 22 -17 43 0 0.00 M M 3.1 15 290 M M 0 20 290
26 35 13 24 -15 41 0 0.00 M M 2.1 10 220 M M 0 14 240
27 43 23 33 -6 32 0 0.00 M M 1.5 10 350 M M 4 14 340
28 51 22 37 -2 28 0 0.00 M M 2.3 14 230 M M 0 18 230
29 58 29 44 6 21 0 0.00 M M 4.1 16 230 M M 0 21 230
30 67 30 49 11 16 0 0.00 M M 6.3 18 210 M M 0 1 23 210
31 63 54 59 21 6 0 0.56 M M 6.0 13 230 M M 10 12 21 290
================================================================================
SM 1544 925 771 0 4.08 M 176.5 M 113
================================================================================
AV 49.8 29.8 5.7 FASTST M M 4 MAX(MPH)
MISC ----> 29 210 # 39 110
================================================================================
NOTES:
# LAST OF SEVERAL OCCURRENCES
COLUMN 17 PEAK WIND IN M.P.H.
PRELIMINARY LOCAL CLIMATOLOGICAL DATA (WS FORM: F-6) , PAGE 2
STATION: GEORGETOWN DE
MONTH: DECEMBER
YEAR: 2022
LATITUDE: 38 41 N
LONGITUDE: 75 22 W
[TEMPERATURE DATA] [PRECIPITATION DATA] SYMBOLS USED IN COLUMN 16
AVERAGE MONTHLY: 39.8 TOTAL FOR MONTH: 4.08 1 = FOG OR MIST
DPTR FM NORMAL: -1.5 DPTR FM NORMAL: 0.61 2 = FOG REDUCING VISIBILITY
HIGHEST: 67 ON 30 GRTST 24HR 1.90 ON 15-16 TO 1/4 MILE OR LESS
LOWEST: 10 ON 25 3 = THUNDER
SNOW, ICE PELLETS, HAIL 4 = ICE PELLETS
TOTAL MONTH: M 5 = HAIL
GRTST 24HR M ON M 6 = FREEZING RAIN OR DRIZZLE
GRTST DEPTH: M ON M 7 = DUSTSTORM OR SANDSTORM:
VSBY 1/2 MILE OR LESS
8 = SMOKE OR HAZE
[NO. OF DAYS WITH] [WEATHER - DAYS WITH] 9 = BLOWING SNOW
X = TORNADO
MAX 32 OR BELOW: 1 0.01 INCH OR MORE: 8
MAX 90 OR ABOVE: 0 0.10 INCH OR MORE: 6
MIN 32 OR BELOW: 22 0.50 INCH OR MORE: 3
MIN 0 OR BELOW: 0 1.00 INCH OR MORE: 1
[HDD (BASE 65) ]
TOTAL THIS MO. 771 CLEAR (SCALE 0-3) 18
DPTR FM NORMAL 36 PTCLDY (SCALE 4-7) 6
TOTAL FM JUL 1 1437 CLOUDY (SCALE 8-10) 7
DPTR FM NORMAL -13
[CDD (BASE 65) ]
TOTAL THIS MO. 0
DPTR FM NORMAL -1 [PRESSURE DATA]
TOTAL FM JAN 1 1542 HIGHEST SLP 30.59 ON 2
DPTR FM NORMAL 147 LOWEST SLP 29.19 ON 23
[REMARKS]
#FINAL-12-22#