000
CXUS51 KPHI 010915
CF6GED
PRELIMINARY LOCAL CLIMATOLOGICAL DATA (WS FORM: F-6)
STATION: GEORGETOWN DE
MONTH: FEBRUARY
YEAR: 2022
LATITUDE: 38 41 N
LONGITUDE: 75 22 W
TEMPERATURE IN F: :PCPN: SNOW: WIND :SUNSHINE: SKY :PK WND
================================================================================
1 2 3 4 5 6A 6B 7 8 9 10 11 12 13 14 15 16 17 18
12Z AVG MX 2MIN
DY MAX MIN AVG DEP HDD CDD WTR SNW DPTH SPD SPD DIR MIN PSBL S-S WX SPD DR
================================================================================
1 39 23 31 -6 34 0 0.00 M M 6.1 15 80 M M 0 1 18 80
2 48 21 35 -2 30 0 0.00 M M 1.7 10 120 M M 6 12 12 120
3 58 35 47 10 18 0 0.05 M M 5.7 20 200 M M 8 1 26 190
4 65 32 49 12 16 0 0.45 M M 12.7 28 220 M M 10 16 40 220
5 34 24 29 -9 36 0 0.00 M M 8.2 21 290 M M 4 29 300
6 38 19 29 -9 36 0 T M M 4.8 12 100 M M 4 15 100
7 41 36 39 1 26 0 0.60 M M 6.3 12 10 M M 10 1 15 10
8 47 27 37 -1 28 0 0.04 M M 5.6 17 290 M M 3 18 23 280
9 54 24 39 1 26 0 0.00 M M 6.2 17 160 M M 0 20 150
10 60 34 47 9 18 0 0.00 M M 6.8 22 230 M M 1 32 230
11 66 28 47 9 18 0 0.00 M M 8.2 23 210 M M 0 29 210
12 64 44 54 16 11 0 0.00 M M 8.5 20 220 M M 1 27 210
13 46 30 38 0 27 0 0.01 M M 8.1 17 20 M M 9 1 24 20
14 30 18 24 -15 41 0 0.00 M M 5.8 16 300 M M 2 23 350
15 37 15 26 -13 39 0 0.00 M M 4.2 14 130 M M 0 17 250
16 57 21 39 0 26 0 0.00 M M 7.8 18 200 M M 0 26 220
17 71 51 61 22 4 0 T M M 15.7 30 200 M M 5 40 200
18 68 30 49 10 16 0 0.20 M M 14.4 39 210 M M 4 1 50 230
19 50 20 35 -5 30 0 T M M 9.2 25 220 M M 1 44 300
20 44 17 31 -9 34 0 0.00 M M 6.2 17 160 M M 0 22 200
21 64 29 47 7 18 0 0.00 M M 7.5 14 220 M M 0 20 210
22 67 44 56 16 9 0 T M M 14.0 30 220 M M 7 46 220
23 70 45 58 18 7 0 0.01 M M 13.0 31 220 M M 2 41 210
24 45 34 40 0 25 0 0.11 M M 10.9 20 60 M M 8 1 26 50
25 53 35 44 3 21 0 0.06 M M 7.9 15 290 M M 6 1 24 320
26 41 32 37 -4 28 0 0.00 M M 5.4 13 320 M M 0 22 10
27 52 31 42 1 23 0 0.00 M M 6.0 17 260 M M 0 26 250
28 44 29 37 -4 28 0 0.00 M M 6.2 17 50 M M 0 22 30
================================================================================
SM 1453 828 673 0 1.53 M 223.1 M 91
================================================================================
AV 51.9 29.6 8.0 FASTST M M 3 MAX(MPH)
MISC ----> 39 210 50 230
================================================================================
NOTES:
# LAST OF SEVERAL OCCURRENCES
COLUMN 17 PEAK WIND IN M.P.H.
PRELIMINARY LOCAL CLIMATOLOGICAL DATA (WS FORM: F-6) , PAGE 2
STATION: GEORGETOWN DE
MONTH: FEBRUARY
YEAR: 2022
LATITUDE: 38 41 N
LONGITUDE: 75 22 W
[TEMPERATURE DATA] [PRECIPITATION DATA] SYMBOLS USED IN COLUMN 16
AVERAGE MONTHLY: 40.7 TOTAL FOR MONTH: 1.53 1 = FOG OR MIST
DPTR FM NORMAL: 1.8 DPTR FM NORMAL: -1.05 2 = FOG REDUCING VISIBILITY
HIGHEST: 71 ON 17 GRTST 24HR 0.64 ON 7- 8 TO 1/4 MILE OR LESS
LOWEST: 15 ON 15 3 = THUNDER
SNOW, ICE PELLETS, HAIL 4 = ICE PELLETS
TOTAL MONTH: M 5 = HAIL
GRTST 24HR M ON M 6 = FREEZING RAIN OR DRIZZLE
GRTST DEPTH: M ON M 7 = DUSTSTORM OR SANDSTORM:
VSBY 1/2 MILE OR LESS
8 = SMOKE OR HAZE
[NO. OF DAYS WITH] [WEATHER - DAYS WITH] 9 = BLOWING SNOW
X = TORNADO
MAX 32 OR BELOW: 1 0.01 INCH OR MORE: 9
MAX 90 OR ABOVE: 0 0.10 INCH OR MORE: 4
MIN 32 OR BELOW: 19 0.50 INCH OR MORE: 1
MIN 0 OR BELOW: 0 1.00 INCH OR MORE: 0
[HDD (BASE 65) ]
TOTAL THIS MO. 673 CLEAR (SCALE 0-3) 16
DPTR FM NORMAL -58 PTCLDY (SCALE 4-7) 8
TOTAL FM JUL 1 2902 CLOUDY (SCALE 8-10) 4
DPTR FM NORMAL -152
[CDD (BASE 65) ]
TOTAL THIS MO. 0
DPTR FM NORMAL 0 [PRESSURE DATA]
TOTAL FM JAN 1 0 HIGHEST SLP 30.74 ON 15
DPTR FM NORMAL 0 LOWEST SLP 29.49 ON 18
[REMARKS]
#FINAL-02-22#