000
CXUS51 KPHI 010815
CF6GED
PRELIMINARY LOCAL CLIMATOLOGICAL DATA (WS FORM: F-6)
STATION: GEORGETOWN DE
MONTH: SEPTEMBER
YEAR: 2021
LATITUDE: 38 41 N
LONGITUDE: 75 22 W
TEMPERATURE IN F: :PCPN: SNOW: WIND :SUNSHINE: SKY :PK WND
================================================================================
1 2 3 4 5 6A 6B 7 8 9 10 11 12 13 14 15 16 17 18
12Z AVG MX 2MIN
DY MAX MIN AVG DEP HDD CDD WTR SNW DPTH SPD SPD DIR MIN PSBL S-S WX SPD DR
================================================================================
1 89 67 78 4 0 13 0.83 M M 11.0 29 230 M M 4 138 41 170
2 79 62 71 -3 0 6 0.02 M M 5.5 15 20 M M 3 1 26 360
3 77 56 67 -7 0 2 0.00 M M 3.0 13 360 M M 1 22 10
4 78 57 68 -6 0 3 0.00 M M 2.5 10 10 M M 0 13 10
5 85 62 74 1 0 9 0.05 M M 7.5 22 220 M M 4 1 26 220
6 84 67 76 3 0 11 0.05 M M 4.3 12 270 M M 4 1 18 260
7 85 60 73 0 0 8 0.00 M M 4.2 13 230 M M 1 1 18 220
8 88 65 77 4 0 12 T M M 9.2 21 210 M M 2 26 210
9 73 65 69 -3 0 4 1.15 M M 3.6 12 70 M M 7 13 15 30
10 76 57 67 -5 0 2 0.00 M M 4.7 14 340 M M 1 23 10
11 80 54 67 -5 0 2 0.00 M M 4.8 13 230 M M 1 18 220
12 84 62 73 1 0 8 0.00 M M 9.2 17 210 M M 0 23 210
13 88 68 78 7 0 13 0.00 M M 5.0 10 300 M M 0 16 310
14 88 68 78 7 0 13 0.00 M M 4.8 14 170 M M 1 1 17 200
15 88 71 80 9 0 15 0.00 M M 9.1 21 210 M M 1 25 210
16 85 72 79 9 0 14 T M M 5.4 14 100 M M 5 17 100
17 80 71 76 6 0 11 T M M 10.7 20 60 M M 8 1 24 50
18 84 68 76 6 0 11 0.00 M M 4.2 10 260 M M 3 1 15 290
19 81 58 70 0 0 5 0.00 M M 5.3 15 30 M M 0 1 20 40
20 79 55 67 -2 0 2 0.00 M M 5.5 17 110 M M 3 24 120
21 82 61 72 3 0 7 0.00 M M 6.0 16 100 M M 3 19 70
22 86 69 78 10 0 13 0.00 M M 11.1 25 160 M M 3 33 150
23 81 63 72 4 0 7 1.00 M M 10.6 31 160 M M 9 1 44 160
24 76 54 65 -3 0 0 0.00 M M 3.4 13 20 M M 3 19 350
25 76 50 63 -4 2 0 0.00 M M 2.7 13 50 M M 0 15 40
26 74 54 64 -3 1 0 0.00 M M 5.6 15 290 M M 0 24 290
27 81 52 67 0 0 2 0.00 M M 7.1 18 220 M M 0 23 210
28 85 62 74 8 0 9 T M M 4.9 12 230 M M 1 17 270
29 71 50 61 -5 4 0 0.01 M M 4.9 15 10 M M 2 3 20 40
30 75 49 62 -4 3 0 0.00 M M 3.4 12 20 M M 4 17 10
================================================================================
SM 2438 1829 10 202 3.11 M 179.2 M 74
================================================================================
AV 81.3 61.0 6.0 FASTST M M 2 MAX(MPH)
MISC ----> 31 160 44 160
================================================================================
NOTES:
# LAST OF SEVERAL OCCURRENCES
COLUMN 17 PEAK WIND IN M.P.H.
PRELIMINARY LOCAL CLIMATOLOGICAL DATA (WS FORM: F-6) , PAGE 2
STATION: GEORGETOWN DE
MONTH: SEPTEMBER
YEAR: 2021
LATITUDE: 38 41 N
LONGITUDE: 75 22 W
[TEMPERATURE DATA] [PRECIPITATION DATA] SYMBOLS USED IN COLUMN 16
AVERAGE MONTHLY: 71.1 TOTAL FOR MONTH: 3.11 1 = FOG OR MIST
DPTR FM NORMAL: 0.8 DPTR FM NORMAL: -1.43 2 = FOG REDUCING VISIBILITY
HIGHEST: 89 ON 1 GRTST 24HR 1.15 ON 8- 9 TO 1/4 MILE OR LESS
LOWEST: 49 ON 30 3 = THUNDER
SNOW, ICE PELLETS, HAIL 4 = ICE PELLETS
TOTAL MONTH: M 5 = HAIL
GRTST 24HR M ON M 6 = FREEZING RAIN OR DRIZZLE
GRTST DEPTH: M ON M 7 = DUSTSTORM OR SANDSTORM:
VSBY 1/2 MILE OR LESS
8 = SMOKE OR HAZE
[NO. OF DAYS WITH] [WEATHER - DAYS WITH] 9 = BLOWING SNOW
X = TORNADO
MAX 32 OR BELOW: 0 0.01 INCH OR MORE: 7
MAX 90 OR ABOVE: 0 0.10 INCH OR MORE: 3
MIN 32 OR BELOW: 0 0.50 INCH OR MORE: 3
MIN 0 OR BELOW: 0 1.00 INCH OR MORE: 2
[HDD (BASE 65) ]
TOTAL THIS MO. 10 CLEAR (SCALE 0-3) 21
DPTR FM NORMAL -14 PTCLDY (SCALE 4-7) 8
TOTAL FM JUL 1 10 CLOUDY (SCALE 8-10) 1
DPTR FM NORMAL -12
[CDD (BASE 65) ]
TOTAL THIS MO. 202
DPTR FM NORMAL 18 [PRESSURE DATA]
TOTAL FM JAN 1 1559 HIGHEST SLP 30.32 ON 20
DPTR FM NORMAL 205 LOWEST SLP 29.51 ON 1
[REMARKS]
#FINAL-09-21#