000
CXUS56 KOTX 290911
CF6GEG
PRELIMINARY LOCAL CLIMATOLOGICAL DATA (WS FORM: F-6)
STATION: SPOKANE WA AIRPORT
MONTH: MARCH
YEAR: 2024
LATITUDE: 47 37 N
LONGITUDE: 117 32 W
TEMPERATURE IN F: :PCPN: SNOW: WIND :SUNSHINE: SKY :PK WND
================================================================================
1 2 3 4 5 6A 6B 7 8 9 10 11 12 13 14 15 16 17 18
12Z AVG MX 2MIN
DY MAX MIN AVG DEP HDD CDD WTR SNW DPTH SPD SPD DIR MIN PSBL S-S WX SPD DR
================================================================================
1 42 32 37 1 28 0 0.04 T T 11.1 20 190 M M 6 1 27 200
2 37 28 33 -3 32 0 0.23 2.6 T 10.5 24 220 M M 8 1 31 220
3 39 23 31 -5 34 0 T 0.1 2 8.2 17 210 M M 5 1 23 210
4 38 27 33 -4 32 0 0.04 0.7 1 12.8 25 240 M M 9 1 34 240
5 40 23 32 -5 33 0 0.00 0.0 1 3.4 16 280 M M 5 12 24 270
6 40 22 31 -6 34 0 0.00 0.0 T 1.5 10 260 M M 1 14 240
7 41 22 32 -6 33 0 0.00 0.0 T 4.8 13 240 M M 3 17 230
8 47 25 36 -2 29 0 0.00 0.0 T 6.1 12 60 M M 5 16 80
9 52 32 42 4 23 0 0.03 0.0 0 10.5 29 240 M M 6 37 230
10 49 35 42 3 23 0 0.05 T 0 11.5 23 200 M M 9 5 36 200
11 49 35 42 3 23 0 0.05 0.0 0 9.8 21 200 M M 8 29 210
12 50 34 42 3 23 0 T T 0 14.7 35 250 M M 6 46 260
13 48 29 39 0 26 0 T 0.0 T 8.1 17 220 M M 6 23 220
14 53 28 41 1 24 0 0.00 0.0 0 3.1 8 60 M M 4 12 11 40
15 58 32 45 5 20 0 0.00 0.0 0 4.3 12 50 M M 2 19 70
16 68 37 53 13 12 0 0.00 0.0 0 6.1 12 60 M M 2 16 50
17 70 41 56 16 9 0 0.00 0.0 0 5.6 12 60 M M 2 14 60
18 69 39 54 13 11 0 0.00 0.0 0 4.6 10 160 M M 1 15 270
19 69 40 55 14 10 0 0.00 0.0 0 5.5 16 230 M M 3 21 240
20 64 43 54 13 11 0 0.00 0.0 0 10.8 22 210 M M 6 30 210
21 56 41 49 7 16 0 0.00 0.0 0 15.0 29 230 M M 7 37 220
22 61 40 51 9 14 0 0.01 0.0 0 6.1 14 290 M M 8 19 290
23 49 39 44 2 21 0 T 0.0 0 7.3 20 220 M M 9 26 230
24 44 33 39 -3 26 0 0.07 T 0 7.2 15 30 M M 7 1 19 60
25 49 30 40 -2 25 0 T T 0 4.1 12 150 M M 7 1 15 160
26 50 35 43 0 22 0 0.02 0.0 0 8.4 24 240 M M 7 1 30 250
27 45 33 39 -4 26 0 0.42 0.0 0 8.6 20 280 M M 8 1 26 270
28 49 35 42 -1 23 0 0.02 0.0 0 8.4 28 260 M M 7 5 32 260
================================================================================
SM 1426 913 643 0 0.98 3.4 218.1 M 157
================================================================================
AV 50.9 32.6 7.8 FASTST M M 6 MAX(MPH)
MISC ----> 35 250 46 260
================================================================================
NOTES:
# LAST OF SEVERAL OCCURRENCES
COLUMN 17 PEAK WIND IN M.P.H.
PRELIMINARY LOCAL CLIMATOLOGICAL DATA (WS FORM: F-6) , PAGE 2
STATION: SPOKANE WA AIRPORT
MONTH: MARCH
YEAR: 2024
LATITUDE: 47 37 N
LONGITUDE: 117 32 W
[TEMPERATURE DATA] [PRECIPITATION DATA] SYMBOLS USED IN COLUMN 16
AVERAGE MONTHLY: 41.8 TOTAL FOR MONTH: 0.98 1 = FOG OR MIST
DPTR FM NORMAL: 2.1 DPTR FM NORMAL: -0.69 2 = FOG REDUCING VISIBILITY
HIGHEST: 70 ON 17 GRTST 24HR 0.42 ON 27-27 TO 1/4 MILE OR LESS
LOWEST: 22 ON 7, 6 3 = THUNDER
SNOW, ICE PELLETS, HAIL 4 = ICE PELLETS
TOTAL MONTH: 3.5 INCHES 5 = HAIL
GRTST 24HR 2.6 ON 2- 2 6 = FREEZING RAIN OR DRIZZLE
GRTST DEPTH: 2 ON 3 7 = DUSTSTORM OR SANDSTORM:
VSBY 1/2 MILE OR LESS
8 = SMOKE OR HAZE
[NO. OF DAYS WITH] [WEATHER - DAYS WITH] 9 = BLOWING SNOW
X = TORNADO
MAX 32 OR BELOW: 0 0.01 INCH OR MORE: 11
MAX 90 OR ABOVE: 0 0.10 INCH OR MORE: 2
MIN 32 OR BELOW: 13 0.50 INCH OR MORE: 0
MIN 0 OR BELOW: 0 1.00 INCH OR MORE: 0
[HDD (BASE 65) ]
TOTAL THIS MO. 643 CLEAR (SCALE 0-3) 7
DPTR FM NORMAL -65 PTCLDY (SCALE 4-7) 16
TOTAL FM JUL 1 4978 CLOUDY (SCALE 8-10) 5
DPTR FM NORMAL -449
[CDD (BASE 65) ]
TOTAL THIS MO. 0
DPTR FM NORMAL 0 [PRESSURE DATA]
TOTAL FM JAN 1 0 HIGHEST SLP M ON M
DPTR FM NORMAL 0 LOWEST SLP 29.25 ON 2
[REMARKS]