000
CXUS53 KFGF 010815
CF6GFK
PRELIMINARY LOCAL CLIMATOLOGICAL DATA (WS FORM: F-6)
STATION: GRAND FORKS INTL AP ND
MONTH: APRIL
YEAR: 2023
LATITUDE: 47 57 N
LONGITUDE: 97 11 W
TEMPERATURE IN F: :PCPN: SNOW: WIND :SUNSHINE: SKY :PK WND
================================================================================
1 2 3 4 5 6A 6B 7 8 9 10 11 12 13 14 15 16 17 18
12Z AVG MX 2MIN
DY MAX MIN AVG DEP HDD CDD WTR SNW DPTH SPD SPD DIR MIN PSBL S-S WX SPD DR
================================================================================
1 30 4 17 -17 48 0 0.00 0.0 11 12.6 23 180 M M 3 30 170
2 40 19 30 -4 35 0 0.07 T 11 12.6 26 300 M M 8 1 34 300
3 34 19 27 -7 38 0 T T 10 19.5 31 350 M M 10 168 41 340
4 27 20 24 -11 41 0 0.53 6.9 10 17.3 28 30 M M 10 129 35 20
5 25 20 23 -13 42 0 0.11 1.1 16 21.3 28 310 M M 9 19 35 320
6 32 -1 16 -20 49 0 T 0.5 16 7.6 18 310 M M 5 1 26 300
7 34 -2 16 -21 49 0 0.02 0.1 15 6.4 14 120 M M 7 128 17 130
8 43 0 22 -15 43 0 0.00 0.0 15 3.5 9 140 M M 3 128 11 140
9 40 16 28 -10 37 0 0.00 0.0 13 9.5 16 190 M M 2 18 20 180
10 40 26 33 -5 32 0 0.00 0.0 10 9.9 17 180 M M 5 20 180
11 43 32 38 -1 27 0 0.00 0.0 8 9.8 18 160 M M 1 8 24 160
12 47 30 39 0 26 0 0.00 0.0 5 9.9 21 330 M M 3 18 25 330
13 47 34 41 1 24 0 T 0.0 3 12.3 24 350 M M 7 30 350
14 40 34 37 -3 28 0 0.24 0.0 0 12.9 24 310 M M 8 13 29 310
15 35 32 34 -7 31 0 0.00 0.0 0 19.4 28 350 M M M 36 360
16 45 30 38 -3 27 0 0.00 0.0 0 21.7 32 350 M M 5 41 340
17 45 30 38 -4 27 0 0.00 0.0 0 10.7 17 340 M M 1 22 340
18 52 28 40 -2 25 0 0.00 0.0 0 9.7 20 80 M M 6 28 80
19 43 33 38 -4 27 0 0.18 1.3 0 13.9 30 90 M M 9 12 40 80
20 40 30 35 -8 30 0 0.54 3.4 0 12.8 24 30 M M 10 128 35 30
21 35 30 33 -10 32 0 0.01 1.4 4 18.9 32 350 M M 10 9 39 350
22 38 26 32 -12 33 0 0.00 0.0 3 13.8 18 360 M M 6 25 340
23 44 24 34 -10 31 0 0.00 0.0 2 6.8 15 340 M M 4 20 360
24 43 25 34 -11 31 0 0.00 0.0 1 6.2 12 50 M M 4 15 30
25 51 26 39 -6 26 0 0.00 0.0 T 3.0 13 180 M M 3 16 190
26 48 32 40 -6 25 0 0.04 0.0 0 12.3 29 180 M M 6 18 39 180
27 54 31 43 -3 22 0 0.07 0.0 0 7.0 17 350 M M 8 1 22 350
28 56 33 45 -1 20 0 T 0.0 0 8.6 15 330 M M 7 22 350
29 54 34 44 -3 21 0 0.02 T 0 12.1 31 350 M M 7 5 38 350
30 56 34 45 -2 20 0 0.00 0.0 0 19.6 33 360 M M 3 44 350
================================================================================
SM 1261 729 947 0 1.83 14.7 361.6 M 170
================================================================================
AV 42.0 24.3 12.1 FASTST M M 6 MAX(MPH)
MISC ----> 33 360 44 350
================================================================================
NOTES:
# LAST OF SEVERAL OCCURRENCES
COLUMN 17 PEAK WIND IN M.P.H.
PRELIMINARY LOCAL CLIMATOLOGICAL DATA (WS FORM: F-6) , PAGE 2
STATION: GRAND FORKS INTL AP ND
MONTH: APRIL
YEAR: 2023
LATITUDE: 47 57 N
LONGITUDE: 97 11 W
[TEMPERATURE DATA] [PRECIPITATION DATA] SYMBOLS USED IN COLUMN 16
AVERAGE MONTHLY: 33.2 TOTAL FOR MONTH: 1.83 1 = FOG OR MIST
DPTR FM NORMAL: -7.5 DPTR FM NORMAL: 0.62 2 = FOG REDUCING VISIBILITY
HIGHEST: 56 ON 30,28 GRTST 24HR 0.54 ON 20-20 TO 1/4 MILE OR LESS
LOWEST: -2 ON 7 3 = THUNDER
SNOW, ICE PELLETS, HAIL 4 = ICE PELLETS
TOTAL MONTH: 14.7 INCHES 5 = HAIL
GRTST 24HR 6.9 ON 4- 4 6 = FREEZING RAIN OR DRIZZLE
GRTST DEPTH: 16 ON 6, 5 7 = DUSTSTORM OR SANDSTORM:
VSBY 1/2 MILE OR LESS
8 = SMOKE OR HAZE
[NO. OF DAYS WITH] [WEATHER - DAYS WITH] 9 = BLOWING SNOW
X = TORNADO
MAX 32 OR BELOW: 4 0.01 INCH OR MORE: 11
MAX 90 OR ABOVE: 0 0.10 INCH OR MORE: 5
MIN 32 OR BELOW: 24 0.50 INCH OR MORE: 2
MIN 0 OR BELOW: 3 1.00 INCH OR MORE: 0
[HDD (BASE 65) ]
TOTAL THIS MO. 947 CLEAR (SCALE 0-3) 7
DPTR FM NORMAL 216 PTCLDY (SCALE 4-7) 16
TOTAL FM JUL 1 9490 CLOUDY (SCALE 8-10) 7
DPTR FM NORMAL 397
[CDD (BASE 65) ]
TOTAL THIS MO. 0
DPTR FM NORMAL 0 [PRESSURE DATA]
TOTAL FM JAN 1 0 HIGHEST SLP M ON M
DPTR FM NORMAL 0 LOWEST SLP 29.49 ON 2
[REMARKS]
#FINAL-04-23#