000
CXUS51 KALY 011542
CLMGFL
CLIMATE REPORT
NATIONAL WEATHER SERVICE ALBANY NY
1142 AM EDT MON MAY 01 2023
...................................
...THE GLENS FALLS NY CLIMATE SUMMARY FOR THE MONTH OF APRIL 2023...
CLIMATE NORMAL PERIOD: 1991 TO 2020
CLIMATE RECORD PERIOD: 1893 TO 2023
WEATHER OBSERVED NORMAL DEPART LAST YEAR`S
VALUE DATE(S) VALUE FROM VALUE DATE(S)
NORMAL
................................................................
TEMPERATURE (F)
RECORD
HIGH 92 04/26/1915
LOW 3 04/01/1923
HIGHEST 88 04/13 78 04/14
LOWEST 19 04/03 23 04/18
AVG. MAXIMUM 61.4 56.6 4.8 56.1
AVG. MINIMUM 36.3 32.7 3.6 32.3
MEAN 48.8 44.6 4.2 44.2
DAYS MAX >= 90 0 0.0 0.0 0
DAYS MAX <= 32 0 0.0 0.0 0
DAYS MIN <= 32 10 14.4 -4.4 17
DAYS MIN <= 0 0 0.0 0.0 0
PRECIPITATION (INCHES)
RECORD
MAXIMUM 6.64 1924
MINIMUM 0.02 1941
TOTALS 3.50 3.10 0.40 4.75
DAILY AVG. 0.12 0.16
DAYS >= .01 13 11.7 1.3 13
DAYS >= .10 8 6.7 1.3 8
DAYS >= .50 2 2.0 0.0 2
DAYS >= 1.00 1 0.5 0.5 1
GREATEST
24 HR. TOTAL 1.23 04/22 TO 04/23
DEGREE DAYS
HEATING TOTAL 476 612 -136 618
SINCE 7/1 6213 7048 -835 6697
COOLING TOTAL 1 1 0 0
SINCE 1/1 1 1 0 0
................................................................
WIND (MPH)
AVERAGE WIND SPEED 6.1
HIGHEST WIND SPEED/DIRECTION 29/320 DATE 04/02
HIGHEST GUST SPEED/DIRECTION 37/340 DATE 04/02
SKY COVER
AVERAGE SKY COVER 0.48
AVERAGE RH (PERCENT) 64
WEATHER CONDITIONS. NUMBER OF DAYS WITH
THUNDERSTORM 1 MIXED PRECIP 0
HEAVY RAIN 1 RAIN 6
LIGHT RAIN 16 FREEZING RAIN 0
LT FREEZING RAIN 0 HAIL 0
HEAVY SNOW 0 SNOW 0
LIGHT SNOW 0 SLEET 0
FOG 14 FOG W/VIS <= 1/4 MILE 4
HAZE 0
- INDICATES NEGATIVE NUMBERS.
R INDICATES RECORD WAS SET OR TIED.
MM INDICATES DATA IS MISSING.
T INDICATES TRACE AMOUNT.
$$