000
CXUS51 KALY 010909
CLMGFL
CLIMATE REPORT
NATIONAL WEATHER SERVICE ALBANY NY
409 AM EST FRI DEC 01 2023
...................................
...THE GLENS FALLS NY CLIMATE SUMMARY FOR THE MONTH OF NOVEMBER 2023...
CLIMATE NORMAL PERIOD: 1991 TO 2020
CLIMATE RECORD PERIOD: 1893 TO 2023
WEATHER OBSERVED NORMAL DEPART LAST YEAR`S
VALUE DATE(S) VALUE FROM VALUE DATE(S)
NORMAL
................................................................
TEMPERATURE (F)
RECORD
HIGH 78 11/02/1982
11/01/1974
LOW -7 11/24/1914
HIGHEST 62 11/17 74 11/05
LOWEST 15 11/21 17 11/15
11/25
11/21
AVG. MAXIMUM 44.4 46.7 -2.3 51.5
AVG. MINIMUM 25.9 27.6 -1.7 30.3
MEAN 35.2 37.2 -2.0 40.4
DAYS MAX >= 90 0 0.0 0.0 0
DAYS MAX <= 32 2 1.9 0.1 1
DAYS MIN <= 32 28 20.9 7.1 22
DAYS MIN <= 0 0 0.0 0.0 0
PRECIPITATION (INCHES)
RECORD
MAXIMUM 9.91 1897
MINIMUM 0.46 2012
TOTALS 2.62 3.01 -0.39 3.60
DAILY AVG. 0.09 0.12
DAYS >= .01 11 10.7 0.3 9
DAYS >= .10 6 6.2 -0.2 7
DAYS >= .50 2 2.4 -0.4 4
DAYS >= 1.00 0 0.4 -0.4 0
GREATEST
24 HR. TOTAL 0.81 11/21 TO 11/22
DEGREE DAYS
HEATING TOTAL 888 836 52 733
SINCE 7/1 1435 1603 -168 MM
COOLING TOTAL 0 0 0 4
SINCE 1/1 439 408 31 MM
................................................................
WIND (MPH)
AVERAGE WIND SPEED 4.9
HIGHEST WIND SPEED/DIRECTION 21/260 DATE 11/27
HIGHEST GUST SPEED/DIRECTION 31/240 DATE 11/27
SKY COVER
AVERAGE SKY COVER 0.55
AVERAGE RH (PERCENT) 73
WEATHER CONDITIONS. NUMBER OF DAYS WITH
THUNDERSTORM 0 MIXED PRECIP 0
HEAVY RAIN 0 RAIN 2
LIGHT RAIN 7 FREEZING RAIN 1
LT FREEZING RAIN 3 HAIL 0
HEAVY SNOW 1 SNOW 3
LIGHT SNOW 6 SLEET 0
FOG 16 FOG W/VIS <= 1/4 MILE 5
HAZE 2
- INDICATES NEGATIVE NUMBERS.
R INDICATES RECORD WAS SET OR TIED.
MM INDICATES DATA IS MISSING.
T INDICATES TRACE AMOUNT.
$$