000
CXUS51 KALY 010715
CLSGFL
CLIMATE REPORT
NATIONAL WEATHER SERVICE ALBANY NY
315 AM EDT WED SEP 01 2021
...................................
...THE GLENS FALLS NY CLIMATE SUMMARY FOR THE SEASON, FROM
6/1/2021 TO 8/31/2021...
CLIMATE NORMAL PERIOD: 1991 TO 2020
CLIMATE RECORD PERIOD: 1893 TO 2021
WEATHER OBSERVED NORMAL DEPART LAST YEAR`S
VALUE DATE(S) VALUE FROM VALUE DATE(S)
NORMAL
................................................................
TEMPERATURE (F)
RECORD
HIGH 101 08/07/1918
07/04/1911
07/03/1911
LOW 31 08/29/1982
HIGHEST 93 06/28 93 07/19
07/27
LOWEST 40 06/01 33 06/01
06/02
AVG. MAXIMUM 79.4 79.4 -0.0 81.6
AVG. MINIMUM 58.2 55.5 2.7 56.1
MEAN 68.8 67.5 1.3 68.8
DAYS MAX >= 90 4 5.3 -1.3 5
DAYS MAX <= 32 0 0.0 0.0 0
DAYS MIN <= 32 0 0.0 0.0 0
DAYS MIN <= 0 0 0.0 0.0 0
PRECIPITATION (INCHES)
RECORD
MAXIMUM 17.74 1915
MINIMUM 4.56 1913
TOTALS 12.49 11.46 1.03 10.44
DAILY AVG. 0.19 0.11
DAYS >= .01 37 34.5 2.5 34
DAYS >= .10 24 20.9 3.1 18
DAYS >= .50 7 7.9 -0.9 7
DAYS >= 1.00 3 2.7 0.3 1
GREATEST
24 HR. TOTAL 2.00 07/29 TO 07/30
DEGREE DAYS
HEATING TOTAL 91 124 -33 120
SINCE 7/1 34 45 -11 34
COOLING TOTAL 464 353 111 498
SINCE 1/1 496 372 124 543
................................................................
WIND (MPH)
AVERAGE WIND SPEED 4.8
HIGHEST WIND SPEED/DIRECTION 29/330 DATE 06/21
HIGHEST GUST SPEED/DIRECTION 37/340 DATE 06/21
WEATHER CONDITIONS. NUMBER OF DAYS WITH
THUNDERSTORM 15 MIXED PRECIP 0
HEAVY RAIN 16 RAIN 21
LIGHT RAIN 49 FREEZING RAIN 0
LT FREEZING RAIN 0 HAIL 0
HEAVY SNOW 0 SNOW 0
LIGHT SNOW 0 SLEET 0
FOG 69 FOG W/VIS <= 1/4 MILE 19
HAZE 2
- INDICATES NEGATIVE NUMBERS.
R INDICATES RECORD WAS SET OR TIED.
MM INDICATES DATA IS MISSING.
T INDICATES TRACE AMOUNT.
$$