000
CXUS55 KGGW 010910
CF6GGW
PRELIMINARY LOCAL CLIMATOLOGICAL DATA (WS FORM: F-6)
STATION: GLASGOW MT
MONTH: JANUARY
YEAR: 2024
LATITUDE: 48 13 N
LONGITUDE: 106 37 W
TEMPERATURE IN F: :PCPN: SNOW: WIND :SUNSHINE: SKY :PK WND
================================================================================
1 2 3 4 5 6A 6B 7 8 9 10 11 12 13 14 15 16 17 18
12Z AVG MX 2MIN
DY MAX MIN AVG DEP HDD CDD WTR SNW DPTH SPD SPD DIR MIN PSBL S-S WX SPD DR
================================================================================
1 40 18 29 14 36 0 T 0.0 0 8.1 25 300 M M 4 12 32 310
2 32 15 24 9 41 0 0.00 0.0 0 6.3 15 320 M M 6 12 18 320
3 26 20 23 8 42 0 T T 0 12.6 17 120 M M 10 1 23 120
4 27 24 26 12 39 0 0.00 0.0 0 5.1 12 140 M M 10 12 15 140
5 30 17 24 10 41 0 0.00 0.0 0 8.3 28 320 M M 9 12 34 320
6 32 11 22 8 43 0 0.00 0.0 0 9.3 14 110 M M 7 12 16 120
7 27 11 19 5 46 0 0.07 1.0 0 8.6 20 320 M M 10 18 25 310
8 15 -4 6 -8 59 0 0.00 0.0 1 6.2 13 110 M M 1 16 320
9 34 2 18 4 47 0 T T 1 10.8 18 130 M M 3 1 24 250
10 27 -2 13 -1 52 0 T T 1 17.4 33 330 M M 6 8 41 330
11 -1 -13 -7 -21 72 0 0.05 0.6 1 9.5 15 340 M M 7 8 19 340
12 -13 -35 -24 -38 89 0 0.01 0.5 2 14.2 22 320 M M 7 8 27 320
13 -21 -35 -28 -42 93 0 0.00 0.0 2 8.8 17 300 M M 1 128 20 300
14 -17 -37 -27 -41 92 0 0.00 0.0 2 8.2 14 310 M M 1 18 17 320
15 -7 -27 -17 -31 82 0 0.00 0.0 2 10.1 18 300 M M 0 24 300
16 15 -28 -6 -20 71 0 0.02 0.4 2 5.6 15 330 M M 7 1 19 340
17 13 2 8 -6 57 0 0.08 1.3 2 9.5 17 320 M M 10 18 20 330
18 2 -9 -3 -17 68 0 0.06 1.2 4 15.2 26 310 M M 7 18 34 310
19 2 -13 -5 -19 70 0 0.00 0.0 4 8.6 18 110 M M 4 18 23 110
20 22 -7 8 -7 57 0 0.00 0.0 3 12.9 25 120 M M 5 31 120
21 26 9 18 3 47 0 0.01 0.0 3 5.7 13 100 M M 8 6 15 90
22 25 19 22 7 43 0 T T 3 12.8 21 110 M M 10 12 25 120
23 30 14 22 7 43 0 0.00 0.0 3 6.3 17 110 M M 10 12 22 110
24 29 10 20 5 45 0 0.00 0.0 3 3.7 12 100 M M 6 128 13 110
25 31 10 21 6 44 0 0.00 0.0 3 4.2 13 120 M M 4 128 16 120
26 38 17 28 13 37 0 0.00 0.0 3 5.3 9 130 M M 0 11 300
27 33 9 21 6 44 0 0.00 0.0 2 7.3 14 110 M M 0 18 15 120
28 50 19 35 20 30 0 0.00 0.0 2 2.7 8 120 M M 0 18 9 120
29 48 26 37 22 28 0 0.00 0.0 1 6.7 13 110 M M 1 12 15 330
30 54 29 42 27 23 0 0.00 0.0 T 3.5 13 20 M M 0 1 14 20
31 51 28 40 24 25 0 0.00 0.0 T 8.4 16 120 M M 0 18 120
================================================================================
SM 700 100 1606 0 0.30 5.0 261.9 M 154
================================================================================
AV 22.6 3.2 8.4 FASTST M M 5 MAX(MPH)
MISC ----> 33 330 41 330
================================================================================
NOTES:
# LAST OF SEVERAL OCCURRENCES
COLUMN 17 PEAK WIND IN M.P.H.
PRELIMINARY LOCAL CLIMATOLOGICAL DATA (WS FORM: F-6) , PAGE 2
STATION: GLASGOW MT
MONTH: JANUARY
YEAR: 2024
LATITUDE: 48 13 N
LONGITUDE: 106 37 W
[TEMPERATURE DATA] [PRECIPITATION DATA] SYMBOLS USED IN COLUMN 16
AVERAGE MONTHLY: 12.9 TOTAL FOR MONTH: 0.30 1 = FOG OR MIST
DPTR FM NORMAL: -1.7 DPTR FM NORMAL: -0.14 2 = FOG REDUCING VISIBILITY
HIGHEST: 54 ON 30 GRTST 24HR 0.11 ON 17-17 TO 1/4 MILE OR LESS
LOWEST: -37 ON 14 3 = THUNDER
SNOW, ICE PELLETS, HAIL 4 = ICE PELLETS
TOTAL MONTH: 5.0 INCHES 5 = HAIL
GRTST 24HR 1.3 ON 17-17 6 = FREEZING RAIN OR DRIZZLE
GRTST DEPTH: 4 ON 19,18 7 = DUSTSTORM OR SANDSTORM:
VSBY 1/2 MILE OR LESS
8 = SMOKE OR HAZE
[NO. OF DAYS WITH] [WEATHER - DAYS WITH] 9 = BLOWING SNOW
X = TORNADO
MAX 32 OR BELOW: 23 0.01 INCH OR MORE: 7
MAX 90 OR ABOVE: 0 0.10 INCH OR MORE: 0
MIN 32 OR BELOW: 31 0.50 INCH OR MORE: 0
MIN 0 OR BELOW: 11 1.00 INCH OR MORE: 0
[HDD (BASE 65) ]
TOTAL THIS MO. 1606 CLEAR (SCALE 0-3) 10
DPTR FM NORMAL 45 PTCLDY (SCALE 4-7) 13
TOTAL FM JUL 1 4231 CLOUDY (SCALE 8-10) 8
DPTR FM NORMAL -679
[CDD (BASE 65) ]
TOTAL THIS MO. 0
DPTR FM NORMAL 0 [PRESSURE DATA]
TOTAL FM JAN 1 0 HIGHEST SLP M ON M
DPTR FM NORMAL 0 LOWEST SLP 29.26 ON 9
[REMARKS]
#FINAL-01-24#