000
CXUS53 KGLD 020944
CLMGLD
CLIMATE REPORT
NATIONAL WEATHER SERVICE
244 AM MST FRI FEB 02 2024
...................................
...THE GOODLAND KS CLIMATE SUMMARY FOR THE MONTH OF JANUARY 2024...
CLIMATE NORMAL PERIOD: 1991 TO 2020
CLIMATE RECORD PERIOD: 1895 TO 2024
WEATHER OBSERVED NORMAL DEPART LAST YEAR`S
VALUE DATE(S) VALUE FROM VALUE DATE(S)
NORMAL
................................................................
TEMPERATURE (F)
RECORD
HIGH 79 01/27/2015
01/26/1951
LOW -26 01/03/1959
HIGHEST 67 01/31 66 1 54 01/13
LOWEST -16 01/15 -2 -14 -6 01/31
AVG. MAXIMUM 35.5 43.4 -7.9 34.2
AVG. MINIMUM 13.5 16.9 -3.4 16.2
MEAN 24.5 30.2 -5.7 25.2
DAYS MAX >= 90 0 0.0 0.0 0
DAYS MAX <= 32 13 7.6 5.4 15
DAYS MIN <= 32 30 30.3 -0.3 31
DAYS MIN <= 0 5 2.0 3.0 3
PRECIPITATION (INCHES)
RECORD
MAXIMUM 1.59 1988
MINIMUM 0.00 1986
TOTALS 0.69 0.32 0.37 0.87
DAILY AVG. 0.02 0.01 0.01 0.03
DAYS >= .01 5 4.1 0.9 9
DAYS >= .10 3 1.1 1.9 4
DAYS >= .50 0 0.0 0.0 0
DAYS >= 1.00 0 0.0 0.0 0
GREATEST
24 HR. TOTAL 0.27 01/08 TO 01/08 0.38
STORM TOTAL 0.27
(MM/DD(HH))
SNOWFALL (INCHES)
RECORDS
TOTAL 19.4 1988
TOTALS 12.4 4.7 7.7 16.4
SINCE 7/1 24.9 15.4 9.5 25.5
SNOWDEPTH AVG. 3 3
DAYS >= 1.0 4 1.2 2.8 5
GREATEST
SNOW DEPTH 9 01/08 9 01/22
01/09
01/10
DEGREE DAYS
HEATING TOTAL 1246 1080 166 1226
SINCE 7/1 3255 3435 -180 3591
COOLING TOTAL 0 0 0 0
SINCE 1/1 0 0 0 0
................................................................
WIND (MPH)
AVERAGE WIND SPEED 10.4
HIGHEST WIND SPEED/DIRECTION 41/360 DATE 01/18
HIGHEST GUST SPEED/DIRECTION 60/350 DATE 01/08
SKY COVER
AVERAGE SKY COVER 0.28
AVERAGE RH (PERCENT) 71
WEATHER CONDITIONS. NUMBER OF DAYS WITH
THUNDERSTORM 0 MIXED PRECIP 0
HEAVY RAIN 0 RAIN 0
LIGHT RAIN 0 FREEZING RAIN 0
LT FREEZING RAIN 0 HAIL 0
HEAVY SNOW 1 SNOW 4
LIGHT SNOW 8 SLEET 0
FOG 9 FOG W/VIS <= 1/4 MILE 6
HAZE 3
- INDICATES NEGATIVE NUMBERS.
R INDICATES RECORD WAS SET OR TIED.
MM INDICATES DATA IS MISSING.
T INDICATES TRACE AMOUNT.
$$