000
CXUS53 KAPX 010730
CF6GLR
PRELIMINARY LOCAL CLIMATOLOGICAL DATA (WS FORM: F-6)
STATION: GAYLORD
MONTH: JULY
YEAR: 2023
LATITUDE: 45 0 N
LONGITUDE: 84 42 W
TEMPERATURE IN F: :PCPN: SNOW: WIND :SUNSHINE: SKY :PK WND
================================================================================
1 2 3 4 5 6A 6B 7 8 9 10 11 12 13 14 15 16 17 18
12Z AVG MX 2MIN
DY MAX MIN AVG DEP HDD CDD WTR SNW DPTH SPD SPD DIR MIN PSBL S-S WX SPD DR
================================================================================
1 86 58 72 6 0 7 0.00 M M 4.0 13 230 M M 2 18 18 260
2 84 61 73 7 0 8 0.00 M M 3.7 10 50 M M 2 14 350
3 87 59 73 7 0 8 0.00 M M 2.4 12 300 M M 1 18 19 290
4 90 55 73 7 0 8 0.37 M M 4.2 22 250 M M 2 38 31 250
5 88 67 78 12 0 13 0.68 M M 6.3 24 210 M M 3 13 36 200
6 76 56 66 0 0 1 0.08 M M 5.7 13 310 M M 6 1 21 340
7 75 48 62 -4 3 0 0.00 M M 4.1 14 260 M M 0 20 250
8 71 56 64 -2 1 0 0.01 M M 3.2 9 120 M M 4 13 110
9 77 54 66 0 0 1 0.00 M M 3.8 16 250 M M 3 12 22 250
10 88 60 74 7 0 9 0.00 M M 13.4 26 240 M M 1 36 250
11 74 56 65 -2 0 0 T M M 6.2 14 270 M M 3 23 280
12 71 53 62 -5 3 0 T M M 3.0 10 50 M M 6 15 60
13 75 51 63 -4 2 0 T M M 3.7 12 280 M M 2 19 280
14 80 55 68 1 0 3 0.16 M M 4.9 16 190 M M 2 13 20 190
15 81 63 72 5 0 7 0.03 M M 5.4 14 240 M M 5 138 19 250
16 77 60 69 2 0 4 0.09 M M 5.4 16 250 M M 5 18 23 280
17 73 58 66 -1 0 1 0.14 M M 10.1 21 250 M M 5 18 31 250
18 75 50 63 -4 2 0 0.00 M M 4.0 14 280 M M 4 1 22 250
19 80 57 69 2 0 4 0.07 M M 3.2 13 270 M M 6 1 18 270
20 74 62 68 1 0 3 0.20 M M 5.7 13 40 M M 7 138 21 20
21 79 57 68 1 0 3 0.00 M M 4.9 13 290 M M 2 1 21 330
22 81 51 66 -1 0 1 0.00 M M 2.6 10 30 M M 0 15 40
23 80 57 69 2 0 4 0.19 M M 3.3 23 210 M M 3 3 30 210
24 80 58 69 2 0 4 0.00 M M 3.3 12 270 M M 2 1 17 300
25 83 56 70 3 0 5 0.00 M M 3.3 18 250 M M 1 18 26 290
26 81 67 74 7 0 9 0.08 M M 6.1 16 180 M M 4 18 24 170
27 87 67 77 10 0 12 0.00 M M 4.9 16 240 M M 5 128 24 210
28 86 67 77 10 0 12 T M M 6.1 15 280 M M 3 27 270
29 78 60 69 2 0 4 0.06 M M 4.9 12 320 M M 6 20 310
30 75 48 62 -5 3 0 0.00 M M 4.8 15 270 M M 0 23 300
31 75 55 65 -1 0 0 0.00 M M 3.9 9 280 M M 2 18 280
================================================================================
SM 2467 1782 14 131 2.16 M 150.5 M 97
================================================================================
AV 79.6 57.5 4.9 FASTST M M 3 MAX(MPH)
MISC ----> 26 240 # 36 200
================================================================================
NOTES:
# LAST OF SEVERAL OCCURRENCES
COLUMN 17 PEAK WIND IN M.P.H.
PRELIMINARY LOCAL CLIMATOLOGICAL DATA (WS FORM: F-6) , PAGE 2
STATION: GAYLORD
MONTH: JULY
YEAR: 2023
LATITUDE: 45 0 N
LONGITUDE: 84 42 W
[TEMPERATURE DATA] [PRECIPITATION DATA] SYMBOLS USED IN COLUMN 16
AVERAGE MONTHLY: 68.5 TOTAL FOR MONTH: 2.16 1 = FOG OR MIST
DPTR FM NORMAL: 1.9 DPTR FM NORMAL: -0.65 2 = FOG REDUCING VISIBILITY
HIGHEST: 90 ON 4 GRTST 24HR 0.94 ON 4- 5 TO 1/4 MILE OR LESS
LOWEST: 48 ON 30, 7 3 = THUNDER
SNOW, ICE PELLETS, HAIL 4 = ICE PELLETS
TOTAL MONTH: M 5 = HAIL
GRTST 24HR M ON M 6 = FREEZING RAIN OR DRIZZLE
GRTST DEPTH: M ON M 7 = DUSTSTORM OR SANDSTORM:
VSBY 1/2 MILE OR LESS
8 = SMOKE OR HAZE
[NO. OF DAYS WITH] [WEATHER - DAYS WITH] 9 = BLOWING SNOW
X = TORNADO
MAX 32 OR BELOW: 0 0.01 INCH OR MORE: 13
MAX 90 OR ABOVE: 1 0.10 INCH OR MORE: 6
MIN 32 OR BELOW: 0 0.50 INCH OR MORE: 1
MIN 0 OR BELOW: 0 1.00 INCH OR MORE: 0
[HDD (BASE 65) ]
TOTAL THIS MO. 14 CLEAR (SCALE 0-3) 18
DPTR FM NORMAL -41 PTCLDY (SCALE 4-7) 13
TOTAL FM JUL 1 14 CLOUDY (SCALE 8-10) 0
DPTR FM NORMAL -48
[CDD (BASE 65) ]
TOTAL THIS MO. 131
DPTR FM NORMAL 26 [PRESSURE DATA]
TOTAL FM JAN 1 248 HIGHEST SLP M ON M
DPTR FM NORMAL 70 LOWEST SLP 29.72 ON 11
[REMARKS]
#FINAL-07-23#