000
CXUS53 KAPX 010830
CF6GLR
PRELIMINARY LOCAL CLIMATOLOGICAL DATA (WS FORM: F-6)
STATION: GAYLORD
MONTH: DECEMBER
YEAR: 2022
LATITUDE: 45 0 N
LONGITUDE: 84 42 W
TEMPERATURE IN F: :PCPN: SNOW: WIND :SUNSHINE: SKY :PK WND
================================================================================
1 2 3 4 5 6A 6B 7 8 9 10 11 12 13 14 15 16 17 18
12Z AVG MX 2MIN
DY MAX MIN AVG DEP HDD CDD WTR SNW DPTH SPD SPD DIR MIN PSBL S-S WX SPD DR
================================================================================
1 29 23 26 -3 39 0 T M M 12.7 20 270 M M 10 38 280
2 43 29 36 8 29 0 0.00 M M 12.4 20 180 M M M 28 180
3 43 19 31 3 34 0 0.23 M M 11.1 20 290 M M M 18 38 300
4 32 17 25 -3 40 0 0.00 M M 16.2 25 230 M M 4 38 230
5 38 30 34 7 31 0 T M M 10.3 23 240 M M 3 1 31 230
6 34 28 31 4 34 0 0.02 M M 3.4 9 50 M M 10 1 13 60
7 38 26 32 5 33 0 0.02 M M 3.4 8 20 M M 10 1 17 10
8 26 14 20 -6 45 0 0.00 M M 2.7 8 250 M M 8 13 320
9 29 14 22 -4 43 0 T M M 6.0 12 70 M M 7 18 22 70
10 30 28 29 3 36 0 T M M 5.6 14 160 M M 10 1 22 90
11 33 27 30 5 35 0 0.05 M M 1.8 7 330 M M 10 18 11 340
12 30 27 29 4 36 0 0.00 M M 2.8 9 140 M M 10 12 140
13 32 25 29 4 36 0 0.00 M M 6.5 13 130 M M 7 20 50
14 33 28 31 7 34 0 0.00 M M 10.8 21 120 M M 4 31 120
15 35 33 34 10 31 0 0.33 M M 10.5 23 120 M M 9 16 38 60
16 33 24 29 5 36 0 0.02 M M 8.4 16 210 M M 10 18 24 210
17 29 23 26 2 39 0 T M M 9.1 15 250 M M 10 18 20 220
18 31 25 28 5 37 0 0.10 M M 10.4 21 260 M M 10 12 31 260
19 25 24 25 2 40 0 0.04 M M 6.2 13 260 M M 10 18 20 280
20 29 20 25 2 40 0 T M M 13.2 25 250 M M 9 18 34 260
21 20 13 17 -6 48 0 T M M 6.5 23 250 M M 9 8 31 270
22 34 15 25 3 40 0 0.17 M M 7.2 14 260 M M 10 18 23 140
23 29 15 22 0 43 0 0.06 M M 17.8 29 260 M M 10 18 46 250
24 19 16 18 -4 47 0 0.13 M M 18.1 28 260 M M 10 128 49 250
25 20 14 17 -5 48 0 T M M 12.7 22 240 M M 10 37 280
26 22 14 18 -3 47 0 T M M 6.2 13 240 M M 10 1 17 330
27 24 17 21 0 44 0 T M M 11.5 21 190 M M 8 29 180
28 39 22 31 10 34 0 0.00 M M 12.3 22 200 M M 5 18 35 190
29 48 37 43 22 22 0 0.00 M M 11.2 20 200 M M 6 128 29 210
30 49 34 42 22 23 0 T M M 11.0 24 240 M M 9 18 35 230
31 35 31 33 13 32 0 M M M 2.9 7 220 M M 10 18 11 260
================================================================================
SM 991 712 1156 0 1.17 M 280.9 M 248
================================================================================
AV 32.0 23.0 9.1 FASTST M M 9 MAX(MPH)
MISC ----> 29 260 49 250
================================================================================
NOTES:
# LAST OF SEVERAL OCCURRENCES
COLUMN 17 PEAK WIND IN M.P.H.
PRELIMINARY LOCAL CLIMATOLOGICAL DATA (WS FORM: F-6) , PAGE 2
STATION: GAYLORD
MONTH: DECEMBER
YEAR: 2022
LATITUDE: 45 0 N
LONGITUDE: 84 42 W
[TEMPERATURE DATA] [PRECIPITATION DATA] SYMBOLS USED IN COLUMN 16
AVERAGE MONTHLY: 27.5 TOTAL FOR MONTH: 1.17 1 = FOG OR MIST
DPTR FM NORMAL: 3.4 DPTR FM NORMAL: -0.45 2 = FOG REDUCING VISIBILITY
HIGHEST: 49 ON 30 GRTST 24HR 0.33 ON 15-15 TO 1/4 MILE OR LESS
LOWEST: 13 ON 21 3 = THUNDER
SNOW, ICE PELLETS, HAIL 4 = ICE PELLETS
TOTAL MONTH: M 5 = HAIL
GRTST 24HR M ON M 6 = FREEZING RAIN OR DRIZZLE
GRTST DEPTH: M ON M 7 = DUSTSTORM OR SANDSTORM:
VSBY 1/2 MILE OR LESS
8 = SMOKE OR HAZE
[NO. OF DAYS WITH] [WEATHER - DAYS WITH] 9 = BLOWING SNOW
X = TORNADO
MAX 32 OR BELOW: 17 0.01 INCH OR MORE: 11
MAX 90 OR ABOVE: 0 0.10 INCH OR MORE: 5
MIN 32 OR BELOW: 28 0.50 INCH OR MORE: 0
MIN 0 OR BELOW: 0 1.00 INCH OR MORE: 0
[HDD (BASE 65) ]
TOTAL THIS MO. 1156 CLEAR (SCALE 0-3) 0
DPTR FM NORMAL -112 PTCLDY (SCALE 4-7) 7
TOTAL FM JUL 1 2634 CLOUDY (SCALE 8-10) 24
DPTR FM NORMAL -539
[CDD (BASE 65) ]
TOTAL THIS MO. 0
DPTR FM NORMAL 0 [PRESSURE DATA]
TOTAL FM JAN 1 455 HIGHEST SLP 30.48 ON 8
DPTR FM NORMAL 180 LOWEST SLP 29.16 ON 23
[REMARKS]
#FINAL-12-22#