000
CXUS54 KHGX 011414
CLMGLS
CLIMATE REPORT
NATIONAL WEATHER SERVICE HOUSTON/GALVESTON TX
914 AM CDT SUN OCT 01 2023
...................................
...THE GALVESTON CLIMATE SUMMARY FOR THE MONTH OF SEPTEMBER 2023...
CLIMATE NORMAL PERIOD: 1991 TO 2020
CLIMATE RECORD PERIOD: 1874 TO 2023
WEATHER OBSERVED NORMAL DEPART LAST YEAR`S
VALUE DATE(S) VALUE FROM VALUE DATE(S)
NORMAL
................................................................
TEMPERATURE (F)
RECORD
HIGH 104 09/05/2000
LOW 52 09/27/1942
HIGHEST 96 09/08 MM MM 95 09/22
LOWEST 75 09/15 MM MM 65 09/30
09/18
AVG. MAXIMUM 91.5 88.7 2.8 89.1
AVG. MINIMUM 79.9 3.8
MEAN 85.7 82.4 3.3 83.5
DAYS MAX >= 90 26 10.7 15.3 15
DAYS MAX <= 32 0 0.0 0.0 0
DAYS MIN <= 32 0 0.0 0.0 0
DAYS MIN <= 0 0 0.0 0.0 0
PRECIPITATION (INCHES)
RECORD
MAXIMUM 26.01 1885
TOTALS 2.01 6.65 -4.64 2.80
DAILY AVG. 0.07 0.22 -0.15 0.09
DAYS >= .01 9 9.6 -0.6 3
DAYS >= .10 6 6.9 -0.9 1
DAYS >= .50 2 3.5 -1.5 1
DAYS >= 1.00 0 1.9 -1.9 1
GREATEST
24 HR. TOTAL 0.71 09/15 TO 09/15 2.68 09/03 TO 09/03
SNOWFALL (INCHES)
RECORDS
TOTAL 0.0 2002
TOTALS 0.0
SINCE 7/1 0.0
LIQUID 7/1 0.00
DAYS >= TRACE 0
GREATEST
24 HR TOTAL MM
DEGREE DAYS
HEATING TOTAL 0 0 0
SINCE 7/1 0 0 0
COOLING TOTAL 628 522 106
SINCE 1/1 3517 3107 410
................................................................
WIND (MPH)
AVERAGE WIND SPEED 9.2
HIGHEST WIND SPEED/DIRECTION 36/360 DATE 09/15
HIGHEST GUST SPEED/DIRECTION 46/360 DATE 09/15
SKY COVER
AVERAGE SKY COVER 0.14
AVERAGE RH (PERCENT) 71
WEATHER CONDITIONS. NUMBER OF DAYS WITH
THUNDERSTORM 10 MIXED PRECIP 0
HEAVY RAIN 3 RAIN 7
LIGHT RAIN 10 FREEZING RAIN 0
LT FREEZING RAIN 0 HAIL 0
HEAVY SNOW 0 SNOW 0
LIGHT SNOW 0 SLEET 0
FOG 6 FOG W/VIS <= 1/4 MILE 0
HAZE 3
- INDICATES NEGATIVE NUMBERS.
R INDICATES RECORD WAS SET OR TIED.
MM INDICATES DATA IS MISSING.
T INDICATES TRACE AMOUNT.
$$