000
CXUS52 KJAX 022212
CF6GNV
PRELIMINARY LOCAL CLIMATOLOGICAL DATA (WS FORM: F-6)
STATION: GAINESVILLE
MONTH: JANUARY
YEAR: 2022
LATITUDE: 29 40 N
LONGITUDE: 82 16 W
TEMPERATURE IN F: :PCPN: SNOW: WIND :SUNSHINE: SKY :PK WND
================================================================================
1 2 3 4 5 6A 6B 7 8 9 10 11 12 13 14 15 16 17 18
12Z AVG MX 2MIN
DY MAX MIN AVG DEP HDD CDD WTR SNW DPTH SPD SPD DIR MIN PSBL S-S WX SPD DR
================================================================================
1 83 63 73 18 0 8 0.00 0.0 0 6.6 16 210 M M 5 12 23 210
2 84 68 76 21 0 11 0.00 0.0 0 10.2 22 240 M M 5 1 30 240
3 75 41 58 3 7 0 0.11 0.0 0 11.4 30 260 M M 3 1 44 260
4 71 39 55 0 10 0 0.00 0.0 0 7.1 15 40 M M 1 25 40
5 68 44 56 1 9 0 0.00 0.0 0 2.6 13 320 M M 7 12 16 310
6 70 41 56 1 9 0 0.00 0.0 0 2.8 14 200 M M 1 12 19 190
7 67 42 55 0 10 0 0.00 0.0 0 5.7 14 340 M M 2 20 340
8 75 39 57 3 8 0 0.00 0.0 0 4.8 17 60 M M 1 25 60
9 81 50 66 12 0 1 0.00 0.0 0 3.4 17 140 M M 2 1 24 150
10 72 51 62 8 3 0 T 0.0 0 7.1 20 310 M M 6 31 290
11 64 40 52 -2 13 0 0.00 0.0 0 9.3 20 40 M M 0 27 30
12 72 45 59 5 6 0 0.00 0.0 0 6.5 15 80 M M 2 21 90
13 68 46 57 3 8 0 0.00 0.0 0 5.9 15 250 M M 1 22 270
14 66 41 54 0 11 0 0.00 0.0 0 6.4 13 290 M M 0 21 290
15 70 35 53 -1 12 0 0.00 0.0 0 3.6 14 120 M M 1 19 120
16 63 45 54 -1 11 0 0.62 0.0 0 16.1 32 240 M M 9 1 52 240
17 59 38 49 -6 16 0 0.00 0.0 0 11.4 23 280 M M 1 35 290
18 63 32 48 -7 17 0 0.00 0.0 0 3.6 14 10 M M 0 19 10
19 70 33 52 -3 13 0 0.00 0.0 0 2.1 12 200 M M 1 17 220
20 77 42 60 5 5 0 0.00 0.0 0 4.6 18 240 M M 2 12 23 190
21 63 46 55 0 10 0 0.06 0.0 0 6.7 14 30 M M 9 1 20 30
22 46 38 42 -13 23 0 0.01 0.0 0 8.9 16 10 M M 10 1 24 360
23 52 32 42 -13 23 0 0.00 0.0 0 5.6 13 270 M M 6 1 17 280
24 60 27 44 -11 21 0 0.00 0.0 0 2.7 9 250 M M 0 14 360
25 59 45 52 -3 13 0 0.06 0.0 0 3.3 9 150 M M 8 1 12 110
26 60 49 55 0 10 0 0.02 0.0 0 7.4 16 40 M M 10 1 22 30
27 63 49 56 0 9 0 0.00 0.0 0 9.9 17 50 M M 9 1 24 40
28 62 47 55 -1 10 0 T 0.0 0 6.7 23 300 M M 6 44 340
29 47 26 37 -19 28 0 0.00 0.0 0 10.2 23 340 M M 0 37 340
30 58 22 40 -16 25 0 0.00 0.0 0 5.7 16 230 M M 0 23 250
31 70 33 52 -4 13 0 0.00 0.0 0 4.6 15 240 M M 0 26 250
================================================================================
SM 2058 1289 353 20 0.88 0.0 202.9 M 108
================================================================================
AV 66.4 41.6 6.5 FASTST M M 3 MAX(MPH)
MISC ----> 32 240 52 240
================================================================================
NOTES:
# LAST OF SEVERAL OCCURRENCES
COLUMN 17 PEAK WIND IN M.P.H.
PRELIMINARY LOCAL CLIMATOLOGICAL DATA (WS FORM: F-6) , PAGE 2
STATION: GAINESVILLE
MONTH: JANUARY
YEAR: 2022
LATITUDE: 29 40 N
LONGITUDE: 82 16 W
[TEMPERATURE DATA] [PRECIPITATION DATA] SYMBOLS USED IN COLUMN 16
AVERAGE MONTHLY: 54.0 TOTAL FOR MONTH: 0.88 1 = FOG OR MIST
DPTR FM NORMAL: -0.8 DPTR FM NORMAL: -2.41 2 = FOG REDUCING VISIBILITY
HIGHEST: 84 ON 2 GRTST 24HR 0.62 ON 16-16 TO 1/4 MILE OR LESS
LOWEST: 22 ON 30 3 = THUNDER
SNOW, ICE PELLETS, HAIL 4 = ICE PELLETS
TOTAL MONTH: 0.0 INCH 5 = HAIL
GRTST 24HR 0.0 6 = FREEZING RAIN OR DRIZZLE
GRTST DEPTH: 0 7 = DUSTSTORM OR SANDSTORM:
VSBY 1/2 MILE OR LESS
8 = SMOKE OR HAZE
[NO. OF DAYS WITH] [WEATHER - DAYS WITH] 9 = BLOWING SNOW
X = TORNADO
MAX 32 OR BELOW: 0 0.01 INCH OR MORE: 6
MAX 90 OR ABOVE: 0 0.10 INCH OR MORE: 2
MIN 32 OR BELOW: 5 0.50 INCH OR MORE: 1
MIN 0 OR BELOW: 0 1.00 INCH OR MORE: 0
[HDD (BASE 65) ]
TOTAL THIS MO. 353 CLEAR (SCALE 0-3) 19
DPTR FM NORMAL 23 PTCLDY (SCALE 4-7) 7
TOTAL FM JUL 1 626 CLOUDY (SCALE 8-10) 5
DPTR FM NORMAL -131
[CDD (BASE 65) ]
TOTAL THIS MO. 20
DPTR FM NORMAL 4 [PRESSURE DATA]
TOTAL FM JAN 1 20 HIGHEST SLP 30.46 ON 8
DPTR FM NORMAL 4 LOWEST SLP 29.62 ON 16
[REMARKS]
#FINAL-01-22#