000
CXUS52 KJAX 010800
CF6GNV
PRELIMINARY LOCAL CLIMATOLOGICAL DATA (WS FORM: F-6)
STATION: GAINESVILLE
MONTH: OCTOBER
YEAR: 2023
LATITUDE: 29 40 N
LONGITUDE: 82 16 W
TEMPERATURE IN F: :PCPN: SNOW: WIND :SUNSHINE: SKY :PK WND
================================================================================
1 2 3 4 5 6A 6B 7 8 9 10 11 12 13 14 15 16 17 18
12Z AVG MX 2MIN
DY MAX MIN AVG DEP HDD CDD WTR SNW DPTH SPD SPD DIR MIN PSBL S-S WX SPD DR
================================================================================
1 87 70 79 3 0 14 T 0.0 0 11.0 22 60 M M 5 29 60
2 88 69 79 3 0 14 T 0.0 0 9.3 22 60 M M 5 18 29 60
3 87 65 76 1 0 11 T 0.0 0 9.6 23 50 M M 2 18 32 40
4 88 70 79 4 0 14 T 0.0 0 10.4 22 60 M M 2 18 30 50
5 89 69 79 4 0 14 0.00 0.0 0 6.4 15 80 M M 3 1 20 60
6 89 68 79 4 0 14 0.00 0.0 0 4.2 10 20 M M 4 12 16 310
7 87 65 76 2 0 11 0.00 0.0 0 4.4 13 340 M M 5 18 320
8 76 53 65 -9 0 0 0.00 0.0 0 5.1 12 340 M M 0 17 350
9 77 48 63 -11 2 0 0.00 0.0 0 2.1 9 150 M M 0 15 60
10 83 46 65 -8 0 0 0.00 0.0 0 2.1 10 330 M M 0 13 340
11 80 64 72 -1 0 7 0.62 0.0 0 5.5 18 70 M M 6 1 24 60
12 86 70 78 5 0 13 3.11 0.0 0 8.8 22 250 M M 10 13 35 210
13 88 70 79 7 0 14 0.00 0.0 0 3.4 14 270 M M 6 12 18 270
14 80 68 74 2 0 9 0.00 0.0 0 7.8 14 280 M M 6 22 310
15 76 61 69 -3 0 4 0.00 0.0 0 8.1 18 260 M M 3 27 300
16 70 52 61 -10 4 0 0.00 0.0 0 8.3 16 330 M M 6 26 330
17 72 47 60 -11 5 0 0.00 0.0 0 4.0 14 360 M M 0 18 360
18 76 44 60 -11 5 0 0.00 0.0 0 3.1 12 60 M M 0 15 110
19 81 50 66 -4 0 1 0.00 0.0 0 0.8 8 310 M M 0 12 320
20 82 53 68 -2 0 3 0.00 0.0 0 7.4 21 260 M M 1 1 28 230
21 82 54 68 -2 0 3 0.00 0.0 0 4.7 14 300 M M 0 18 270
22 85 51 68 -1 0 3 0.00 0.0 0 3.9 10 280 M M 0 16 260
23 84 57 71 2 0 6 0.00 0.0 0 5.8 18 50 M M 0 1 25 50
24 84 63 74 5 0 9 0.00 0.0 0 8.3 20 70 M M 1 28 80
25 86 62 74 6 0 9 0.00 0.0 0 6.6 20 60 M M 4 1 26 60
26 84 61 73 5 0 8 0.00 0.0 0 6.4 17 80 M M 6 27 60
27 85 62 74 6 0 9 0.00 0.0 0 4.8 16 120 M M 4 23 80
28 86 60 73 6 0 8 0.00 0.0 0 4.3 15 90 M M 1 12 20 100
29 86 62 74 7 0 9 0.00 0.0 0 4.9 14 80 M M 4 12 20 100
30 86 58 72 5 0 7 0.00 0.0 0 1.2 8 60 M M 4 12 13 80
31 86 63 75 9 0 10 0.00 0.0 0 4.6 14 340 M M 5 12 20 340
================================================================================
SM 2576 1855 16 224 3.73 0.0 177.3 M 93
================================================================================
AV 83.1 59.8 5.7 FASTST M M 3 MAX(MPH)
MISC ----> 23 50 35 210
================================================================================
NOTES:
# LAST OF SEVERAL OCCURRENCES
COLUMN 17 PEAK WIND IN M.P.H.
PRELIMINARY LOCAL CLIMATOLOGICAL DATA (WS FORM: F-6) , PAGE 2
STATION: GAINESVILLE
MONTH: OCTOBER
YEAR: 2023
LATITUDE: 29 40 N
LONGITUDE: 82 16 W
[TEMPERATURE DATA] [PRECIPITATION DATA] SYMBOLS USED IN COLUMN 16
AVERAGE MONTHLY: 71.5 TOTAL FOR MONTH: 3.73 1 = FOG OR MIST
DPTR FM NORMAL: 0.1 DPTR FM NORMAL: 1.05 2 = FOG REDUCING VISIBILITY
HIGHEST: 89 ON 6, 5 GRTST 24HR 3.73 ON 11-12 TO 1/4 MILE OR LESS
LOWEST: 44 ON 18 3 = THUNDER
SNOW, ICE PELLETS, HAIL 4 = ICE PELLETS
TOTAL MONTH: 0.0 INCH 5 = HAIL
GRTST 24HR 0.0 6 = FREEZING RAIN OR DRIZZLE
GRTST DEPTH: 0 7 = DUSTSTORM OR SANDSTORM:
VSBY 1/2 MILE OR LESS
8 = SMOKE OR HAZE
[NO. OF DAYS WITH] [WEATHER - DAYS WITH] 9 = BLOWING SNOW
X = TORNADO
MAX 32 OR BELOW: 0 0.01 INCH OR MORE: 2
MAX 90 OR ABOVE: 0 0.10 INCH OR MORE: 2
MIN 32 OR BELOW: 0 0.50 INCH OR MORE: 2
MIN 0 OR BELOW: 0 1.00 INCH OR MORE: 1
[HDD (BASE 65) ]
TOTAL THIS MO. 16 CLEAR (SCALE 0-3) 16
DPTR FM NORMAL -9 PTCLDY (SCALE 4-7) 14
TOTAL FM JUL 1 16 CLOUDY (SCALE 8-10) 1
DPTR FM NORMAL -6
[CDD (BASE 65) ]
TOTAL THIS MO. 224
DPTR FM NORMAL 2 [PRESSURE DATA]
TOTAL FM JAN 1 3062 HIGHEST SLP 30.27 ON 25
DPTR FM NORMAL 411 LOWEST SLP 29.62 ON 12
[REMARKS]
#FINAL-10-23#